000
CXUS51 KCLE 041950
CLMYNG


CLIMATE REPORT
NATIONAL WEATHER SERVICE CLEVELAND OH
350 PM EDT MON MAY 4 2015

...................................

...THE YOUNGSTOWN OH CLIMATE SUMMARY FOR THE MONTH OF APRIL 2015...

CLIMATE NORMAL PERIOD 1981 TO 2010
CLIMATE RECORD PERIOD 1897 TO 2015

WEATHER         OBSERVED          NORMAL  DEPART  LAST YEAR`S
                 VALUE   DATE(S)  VALUE   FROM    VALUE
                                          NORMAL
.............................................................
TEMPERATURE (F)
RECORD
 HIGH              88   04/27/1990
                        04/10/1945
 LOW               11   04/14/1950
HIGHEST            80   04/13
LOWEST             25   04/01
AVG. MAXIMUM     60.4              59.0     1.4     60.5
AVG. MINIMUM     39.5              38.0     1.5     37.2
MEAN             50.0              48.5     1.5     48.9
DAYS MAX >= 90      0               0.0     0.0        0
DAYS MAX <= 32      0               0.3    -0.3        0
DAYS MIN <= 32      6               8.6    -2.6        7
DAYS MIN <= 0       0               0.0     0.0        0

PRECIPITATION (INCHES)
RECORD
 MAXIMUM         7.29   1998
 MINIMUM         1.01
TOTALS           2.88              3.36   -0.48     4.91
DAYS >= .01        17              14.5     2.5       13
DAYS >= .10        10               7.8     2.2       10
DAYS >= .50         0               2.0    -2.0        5
DAYS >= 1.00        0               0.6    -0.6        0
GREATEST
 24 HR. TOTAL    0.65   04/19 TO 04/20              1.07

SNOWFALL (INCHES)
RECORDS
 TOTAL           14.8   5
                        0
                        -26215
TOTALS            0.9               3.0    -2.1      1.2
SINCE 7/1        79.0              62.7    16.3     90.1
DAYS >= 1.0         0               0.6    -0.6        1
GREATEST
 24 HR TOTAL      0.7   MM

DEGREE_DAYS
HEATING TOTAL     443               503     -60      476
 SINCE 7/1       6549              6027     522     6622
COOLING TOTAL       0                 8      -8        0
 SINCE 1/1          0                 9      -9        0
..............................................................

WIND (MPH)
AVERAGE WIND SPEED              9.7
HIGHEST WIND SPEED/DIRECTION    37/240    DATE  04/21
HIGHEST GUST SPEED/DIRECTION    49/240    DATE  04/21

SKY COVER
AVERAGE SKY COVER           0.70

AVERAGE RH (PERCENT)     65

WEATHER CONDITIONS. NUMBER OF DAYS WITH
THUNDERSTORM              0     MIXED PRECIP               0
HEAVY RAIN                3     RAIN                       8
LIGHT RAIN               17     FREEZING RAIN              0
LT FREEZING RAIN          0     HAIL                       0
HEAVY SNOW                0     SNOW                       1
LIGHT SNOW                3     SLEET                      2
FOG                      16     FOG W/VIS <= 1/4 MILE      1
HAZE                      2

-  INDICATES NEGATIVE NUMBERS.
R  INDICATES RECORD WAS SET OR TIED.
MM INDICATES DATA IS MISSING.
T  INDICATES TRACE AMOUNT.

$$
