650
CXUS51 KCLE 022020
CLMYNG


CLIMATE REPORT
NATIONAL WEATHER SERVICE CLEVELAND OH
314 PM EST MON JAN 2 2017

...................................

...THE YOUNGSTOWN OH CLIMATE SUMMARY FOR THE MONTH OF DECEMBER 2016...

CLIMATE NORMAL PERIOD 1981 TO 2010
CLIMATE RECORD PERIOD 1897 TO 2017

WEATHER         OBSERVED          NORMAL  DEPART  LAST YEAR`S
                 VALUE   DATE(S)  VALUE   FROM    VALUE
                                          NORMAL
.............................................................
TEMPERATURE (F)
RECORD
 HIGH              76   12/03/1982
 LOW              -12   12/22/1989
                        12/25/1983
                        12/24/1983
HIGHEST            64   12/26
LOWEST              2   12/16
AVG. MAXIMUM     35.8              36.5    -0.7     49.6
AVG. MINIMUM     24.1              24.0     0.1     35.3
MEAN             30.0              30.3    -0.3     42.5
DAYS MAX >= 90      0               0.0     0.0        0
DAYS MAX <= 32      8              10.9    -2.9        1
DAYS MIN <= 32     24              24.7    -0.7       10
DAYS MIN <= 0       0               0.6    -0.6        0

PRECIPITATION (INCHES)
RECORD
 MAXIMUM         6.53   1990
 MINIMUM         0.88
TOTALS           3.57              2.99    0.58     4.19
DAYS >= .01        20              17.2     2.8       16
DAYS >= .10        10               7.9     2.1        8
DAYS >= .50         2               1.4     0.6        3
DAYS >= 1.00        0               0.3    -0.3        1
GREATEST
 24 HR. TOTAL    0.82   12/17 TO 12/18              2.08

SNOWFALL (INCHES)
RECORDS
 TOTAL           53.1   2010
TOTALS           23.3              15.0     8.3      0.8
SINCE 7/1        27.7              19.4     8.3      1.2
DAYS >= 1.0         8               4.8     3.2        0
GREATEST
 24 HR TOTAL      7.5   12/11 TO 12/11

DEGREE_DAYS
HEATING TOTAL    1079              1077       2      690
 SINCE 7/1       2051              2406    -355     1692
COOLING TOTAL       0                 0       0        0
 SINCE 1/1        879               544     335      681
..............................................................

WIND (MPH)
AVERAGE WIND SPEED              10.3
HIGHEST WIND SPEED/DIRECTION    33/230    DATE  12/31
HIGHEST GUST SPEED/DIRECTION    43/210    DATE  12/31

SKY COVER
AVERAGE SKY COVER           0.90

AVERAGE RH (PERCENT)     74

WEATHER CONDITIONS. NUMBER OF DAYS WITH
THUNDERSTORM              0     MIXED PRECIP               0
HEAVY RAIN                2     RAIN                       3
LIGHT RAIN               15     FREEZING RAIN              0
LT FREEZING RAIN          2     HAIL                       0
HEAVY SNOW                3     SNOW                      12
LIGHT SNOW               22     SLEET                      7
FOG                      21     FOG W/VIS <= 1/4 MILE      3
HAZE                      0

-  INDICATES NEGATIVE NUMBERS.
R  INDICATES RECORD WAS SET OR TIED.
MM INDICATES DATA IS MISSING.
T  INDICATES TRACE AMOUNT.

$$
