000
CXUS55 KBYZ 221000
CF6BIL
PRELIMINARY LOCAL CLIMATOLOGICAL DATA (WS FORM: F-6)
STATION: BILLINGS MT
MONTH: APRIL
YEAR: 2024
LATITUDE: 45 47 N
LONGITUDE: 108 32 W
TEMPERATURE IN F: :PCPN: SNOW: WIND :SUNSHINE: SKY :PK WND
================================================================================
1 2 3 4 5 6A 6B 7 8 9 10 11 12 13 14 15 16 17 18
12Z AVG MX 2MIN
DY MAX MIN AVG DEP HDD CDD WTR SNW DPTH SPD SPD DIR MIN PSBL S-S WX SPD DR
================================================================================
1 59 27 43 0 22 0 0.00 0.0 T 9.5 21 240 M M 5 12 25 240
2 69 37 53 10 12 0 0.00 0.0 0 13.8 24 240 M M 3 34 260
3 75 44 60 17 5 0 0.00 0.0 0 13.1 22 260 M M 3 32 230
4 67 42 55 12 10 0 0.00 0.0 0 8.5 18 60 M M 5 24 40
5 59 37 48 5 17 0 0.00 0.0 0 11.9 29 40 M M 4 36 40
6 44 32 38 -6 27 0 0.66 4.3 0 13.7 28 310 M M 10 125 36 320
7 42 35 39 -5 26 0 0.22 T 1 15.9 24 300 M M 10 1 32 310
8 53 37 45 1 20 0 T 0.0 0 11.2 25 300 M M 7 34 290
9 59 35 47 3 18 0 T 0.0 0 15.3 31 300 M M 6 41 300
10 54 38 46 2 19 0 0.00 0.0 0 13.7 29 330 M M 5 39 300
11 62 31 47 2 18 0 0.00 0.0 0 5.6 14 120 M M 3 18 140
12 78 39 59 14 6 0 0.00 0.0 0 10.1 24 240 M M 4 35 250
13 77 50 64 19 1 0 0.00 0.0 0 8.9 21 240 M M 4 29 310
14 80 45 63 18 2 0 0.00 0.0 0 7.4 15 220 M M 3 19 220
15 68 50 59 13 6 0 0.00 0.0 0 16.2 31 340 M M 8 41 330
16 64 34 49 3 16 0 0.17 T 0 17.3 31 310 M M 7 1 42 350
17 47 29 38 -8 27 0 0.11 0.1 T 13.8 30 340 M M 7 18 39 330
18 46 23 35 -11 30 0 0.00 0.0 0 12.7 25 320 M M 4 33 320
19 41 26 34 -12 31 0 0.00 0.0 0 6.8 20 70 M M 6 27 50
20 48 22 35 -12 30 0 0.00 0.0 0 5.7 12 70 M M 3 17 120
21 68 29 49 2 16 0 T 0.0 0 8.6 24 230 M M 6 36 220
================================================================================
SM 1260 742 359 0 1.16 4.4 239.7 M 113
================================================================================
AV 60.0 35.3 11.4 FASTST M M 5 MAX(MPH)
MISC ----> # 31 300 42 350
================================================================================
NOTES:
# LAST OF SEVERAL OCCURRENCES
COLUMN 17 PEAK WIND IN M.P.H.
PRELIMINARY LOCAL CLIMATOLOGICAL DATA (WS FORM: F-6) , PAGE 2
STATION: BILLINGS MT
MONTH: APRIL
YEAR: 2024
LATITUDE: 45 47 N
LONGITUDE: 108 32 W
[TEMPERATURE DATA] [PRECIPITATION DATA] SYMBOLS USED IN COLUMN 16
AVERAGE MONTHLY: 47.7 TOTAL FOR MONTH: 1.16 1 = FOG OR MIST
DPTR FM NORMAL: 3.0 DPTR FM NORMAL: -0.04 2 = FOG REDUCING VISIBILITY
HIGHEST: 80 ON 14 GRTST 24HR 0.66 ON 6- 6 TO 1/4 MILE OR LESS
LOWEST: 22 ON 20 3 = THUNDER
SNOW, ICE PELLETS, HAIL 4 = ICE PELLETS
TOTAL MONTH: 4.7 INCHES 5 = HAIL
GRTST 24HR 4.3 ON 6- 6 6 = FREEZING RAIN OR DRIZZLE
GRTST DEPTH: 1 ON 7 7 = DUSTSTORM OR SANDSTORM:
VSBY 1/2 MILE OR LESS
8 = SMOKE OR HAZE
[NO. OF DAYS WITH] [WEATHER - DAYS WITH] 9 = BLOWING SNOW
X = TORNADO
MAX 32 OR BELOW: 0 0.01 INCH OR MORE: 4
MAX 90 OR ABOVE: 0 0.10 INCH OR MORE: 4
MIN 32 OR BELOW: 8 0.50 INCH OR MORE: 1
MIN 0 OR BELOW: 0 1.00 INCH OR MORE: 0
[HDD (BASE 65) ]
TOTAL THIS MO. 359 CLEAR (SCALE 0-3) 3
DPTR FM NORMAL -68 PTCLDY (SCALE 4-7) 16
TOTAL FM JUL 1 5602 CLOUDY (SCALE 8-10) 2
DPTR FM NORMAL -599
[CDD (BASE 65) ]
TOTAL THIS MO. 0
DPTR FM NORMAL 0 [PRESSURE DATA]
TOTAL FM JAN 1 0 HIGHEST SLP M ON M
DPTR FM NORMAL 0 LOWEST SLP 29.42 ON 5
[REMARKS]