000
CXUS55 KOHX 261110
CF6CKV
PRELIMINARY LOCAL CLIMATOLOGICAL DATA (WS FORM: F-6)
STATION: CLARKSVILLE
MONTH: APRIL
YEAR: 2024
LATITUDE: 36 37 N
LONGITUDE: 87 25 W
TEMPERATURE IN F: :PCPN: SNOW: WIND :SUNSHINE: SKY :PK WND
================================================================================
1 2 3 4 5 6A 6B 7 8 9 10 11 12 13 14 15 16 17 18
12Z AVG MX 2MIN
DY MAX MIN AVG DEP HDD CDD WTR SNW DPTH SPD SPD DIR MIN PSBL S-S WX SPD DR
================================================================================
1 77 69 73 19 0 8 0.00 M M 11.7 25 200 M M 9 33 210
2 77 49 63 9 2 0 1.18 M M 12.9 30 200 M M 8 138 42 190
3 56 44 50 -5 15 0 0.01 M M 12.3 26 280 M M 8 43 280
4 51 36 44 -11 21 0 0.00 M M 11.9 22 300 M M 9 31 290
5 50 33 42 -13 23 0 0.00 M M 7.3 14 340 M M 6 19 320
6 61 33 47 -9 18 0 0.00 M M 5.8 13 80 M M 0 17 80
7 79 42 61 5 4 0 0.16 M M 10.0 23 190 M M 3 3 32 200
8 78 58 68 12 0 3 0.42 M M 7.3 30 230 M M 4 13 46 220
9 64 60 62 6 3 0 0.16 M M 6.3 14 180 M M 9 1 21 190
10 72 60 66 9 0 1 0.03 M M 6.8 17 160 M M 10 18 24 150
11 63 54 59 2 6 0 1.07 M M 9.0 24 320 M M 8 1 34 310
12 67 45 56 -1 9 0 0.00 M M 11.3 30 300 M M 2 41 290
13 77 40 59 1 6 0 0.00 M M 3.8 12 260 M M 0 20 250
14 83 59 71 13 0 6 0.00 M M 11.1 24 220 M M 0 34 190
15 85 60 73 15 0 8 0.00 M M 6.7 15 210 M M 0 21 230
16 86 64 75 17 0 10 T M M 9.6 22 190 M M 1 31 190
17 84 64 74 15 0 9 0.07 M M 11.2 22 210 M M 4 1 34 250
18 85 60 73 14 0 8 0.07 M M 7.5 16 140 M M 5 13 26 250
19 70 54 62 3 3 0 0.01 M M 9.4 24 310 M M 10 18 34 310
20 64 48 56 -4 9 0 T M M 9.4 20 330 M M 4 28 10
21 59 40 50 -10 15 0 0.00 M M 10.0 21 310 M M 3 38 310
22 67 34 51 -9 14 0 0.00 M M 3.0 14 210 M M 0 17 200
23 74 41 58 -3 7 0 T M M 9.1 25 200 M M 1 36 190
24 73 48 61 0 4 0 0.00 M M 7.4 17 340 M M 2 26 310
25 70 42 56 -5 9 0 T M M 4.3 13 30 M M 1 16 30
================================================================================
SM 1772 1237 168 53 3.18 M 215.1 M 107
================================================================================
AV 70.9 49.5 8.6 FASTST M M 4 MAX(MPH)
MISC ----> # 30 200 46 220
================================================================================
NOTES:
# LAST OF SEVERAL OCCURRENCES
COLUMN 17 PEAK WIND IN M.P.H.
PRELIMINARY LOCAL CLIMATOLOGICAL DATA (WS FORM: F-6) , PAGE 2
STATION: CLARKSVILLE
MONTH: APRIL
YEAR: 2024
LATITUDE: 36 37 N
LONGITUDE: 87 25 W
[TEMPERATURE DATA] [PRECIPITATION DATA] SYMBOLS USED IN COLUMN 16
AVERAGE MONTHLY: 60.2 TOTAL FOR MONTH: 3.18 1 = FOG OR MIST
DPTR FM NORMAL: 2.6 DPTR FM NORMAL: -0.53 2 = FOG REDUCING VISIBILITY
HIGHEST: 86 ON 16 GRTST 24HR 1.18 ON 2- 2 TO 1/4 MILE OR LESS
LOWEST: 33 ON 6, 5 3 = THUNDER
SNOW, ICE PELLETS, HAIL 4 = ICE PELLETS
TOTAL MONTH: M 5 = HAIL
GRTST 24HR M ON M 6 = FREEZING RAIN OR DRIZZLE
GRTST DEPTH: M ON M 7 = DUSTSTORM OR SANDSTORM:
VSBY 1/2 MILE OR LESS
8 = SMOKE OR HAZE
[NO. OF DAYS WITH] [WEATHER - DAYS WITH] 9 = BLOWING SNOW
X = TORNADO
MAX 32 OR BELOW: 0 0.01 INCH OR MORE: 10
MAX 90 OR ABOVE: 0 0.10 INCH OR MORE: 5
MIN 32 OR BELOW: 0 0.50 INCH OR MORE: 2
MIN 0 OR BELOW: 0 1.00 INCH OR MORE: 2
[HDD (BASE 65) ]
TOTAL THIS MO. 168 CLEAR (SCALE 0-3) 10
DPTR FM NORMAL -41 PTCLDY (SCALE 4-7) 9
TOTAL FM JUL 1 2799 CLOUDY (SCALE 8-10) 6
DPTR FM NORMAL -997
[CDD (BASE 65) ]
TOTAL THIS MO. 53
DPTR FM NORMAL 29 [PRESSURE DATA]
TOTAL FM JAN 1 74 HIGHEST SLP M ON M
DPTR FM NORMAL 43 LOWEST SLP 29.41 ON 2
[REMARKS]