000
CXUS52 KMHX 280600
CF6MRH
PRELIMINARY LOCAL CLIMATOLOGICAL DATA (WS FORM: F-6)
STATION: BEAUFORT/SMITH FIELD NC
MONTH: MARCH
YEAR: 2024
LATITUDE: 34 43 N
LONGITUDE: 76 39 W
TEMPERATURE IN F: :PCPN: SNOW: WIND :SUNSHINE: SKY :PK WND
================================================================================
1 2 3 4 5 6A 6B 7 8 9 10 11 12 13 14 15 16 17 18
12Z AVG MX 2MIN
DY MAX MIN AVG DEP HDD CDD WTR SNW DPTH SPD SPD DIR MIN PSBL S-S WX SPD DR
================================================================================
1 66 45 56 5 9 0 T 0.0 0 10.6 18 120 M M 2 28 120
2 65 56 61 10 4 0 0.95 0.0 0 9.8 24 180 M M 10 12 34 170
3 71 53 62 11 3 0 0.00 0.0 0 5.4 13 60 M M 6 12 18 70
4 66 58 62 11 3 0 0.63 0.0 0 10.7 20 330 M M 10 1 24 330
5 69 58 64 12 1 0 T 0.0 0 7.4 14 230 M M 5 1 19 230
6 68 61 65 13 0 0 1.58 0.0 0 10.7 24 190 M M 9 13 40 170
7 70 57 64 12 1 0 0.01 0.0 0 6.5 15 330 M M 9 12 20 360
8 63 51 57 5 8 0 0.00 0.0 0 10.6 18 20 M M 2 26 50
9 69 52 61 9 4 0 0.09 0.0 M 14.0 25 220 M M 8 1 36 150
10 67 50 59 7 6 0 0.00 0.0 0 17.6 30 320 M M 2 43 320
11 63 43 53 0 12 0 0.00 0.0 0 14.3 25 320 M M 0 34 320
12 66 45 56 3 9 0 0.00 0.0 0 10.5 21 220 M M 0 26 220
13 68 48 58 5 7 0 0.00 0.0 0 7.2 15 200 M M 0 1 18 240
14 78 48 63 10 2 0 0.00 0.0 0 6.8 13 210 M M 0 19 200
15 72 59 66 12 0 1 0.00 0.0 0 13.8 23 210 M M 2 32 210
16 67 57 62 8 3 0 0.00 0.0 0 8.9 18 30 M M 7 29 20
17 72 62 67 13 0 2 T 0.0 0 12.1 20 210 M M 3 18 27 240
18 67 49 58 4 7 0 0.00 0.0 0 10.1 32 340 M M 5 43 330
19 56 41 49 -5 16 0 0.00 0.0 0 17.0 35 340 M M 2 45 340
20 64 52 58 3 7 0 0.00 0.0 0 14.9 22 210 M M 0 34 250
21 61 50 56 1 9 0 0.00 0.0 0 9.6 18 50 M M 0 28 20
22 69 49 59 4 6 0 0.47 0.0 0 9.0 22 150 M M 6 13 33 140
23 66 55 61 5 4 0 1.61 0.0 0 13.0 25 10 M M 8 1 42 140
24 55 42 49 -7 16 0 0.00 0.0 0 19.0 30 20 M M 1 43 10
25 61 43 52 -4 13 0 0.00 0.0 0 13.5 22 360 M M 6 32 10
26 63 41 52 -4 13 0 0.00 0.0 0 7.2 14 80 M M 6 22 70
27 67 49 58 1 7 0 T 0.0 0 6.4 13 60 M M 7 12 19 60
================================================================================
SM 1789 1374 170 3 5.34 0.0 296.6 M 116
================================================================================
AV 66.3 50.9 11.0 FASTST M M 4 MAX(MPH)
MISC ----> 35 340 45 340
================================================================================
NOTES:
# LAST OF SEVERAL OCCURRENCES
COLUMN 17 PEAK WIND IN M.P.H.
PRELIMINARY LOCAL CLIMATOLOGICAL DATA (WS FORM: F-6) , PAGE 2
STATION: BEAUFORT/SMITH FIELD NC
MONTH: MARCH
YEAR: 2024
LATITUDE: 34 43 N
LONGITUDE: 76 39 W
[TEMPERATURE DATA] [PRECIPITATION DATA] SYMBOLS USED IN COLUMN 16
AVERAGE MONTHLY: 58.6 TOTAL FOR MONTH: 5.34 1 = FOG OR MIST
DPTR FM NORMAL: 5.1 DPTR FM NORMAL: 2.46 2 = FOG REDUCING VISIBILITY
HIGHEST: 78 ON 14 GRTST 24HR 2.00 ON 22-23 TO 1/4 MILE OR LESS
LOWEST: 41 ON 26,19 3 = THUNDER
SNOW, ICE PELLETS, HAIL 4 = ICE PELLETS
TOTAL MONTH: 0.0 INCH 5 = HAIL
GRTST 24HR 0.0 6 = FREEZING RAIN OR DRIZZLE
GRTST DEPTH: 0 7 = DUSTSTORM OR SANDSTORM:
VSBY 1/2 MILE OR LESS
8 = SMOKE OR HAZE
[NO. OF DAYS WITH] [WEATHER - DAYS WITH] 9 = BLOWING SNOW
X = TORNADO
MAX 32 OR BELOW: 0 0.01 INCH OR MORE: 7
MAX 90 OR ABOVE: 0 0.10 INCH OR MORE: 5
MIN 32 OR BELOW: 0 0.50 INCH OR MORE: 4
MIN 0 OR BELOW: 0 1.00 INCH OR MORE: 2
[HDD (BASE 65) ]
TOTAL THIS MO. 170 CLEAR (SCALE 0-3) 12
DPTR FM NORMAL -146 PTCLDY (SCALE 4-7) 11
TOTAL FM JUL 1 1706 CLOUDY (SCALE 8-10) 4
DPTR FM NORMAL -486
[CDD (BASE 65) ]
TOTAL THIS MO. 3
DPTR FM NORMAL 3 [PRESSURE DATA]
TOTAL FM JAN 1 6 HIGHEST SLP M ON M
DPTR FM NORMAL 5 LOWEST SLP 29.60 ON 10
[REMARKS]