000
CXUS52 KMFL 281030
CF6PBI
PRELIMINARY LOCAL CLIMATOLOGICAL DATA (WS FORM: F-6)
STATION: WEST PALM BEACH
MONTH: MARCH
YEAR: 2024
LATITUDE: 26 40 N
LONGITUDE: 80 7 W
TEMPERATURE IN F: :PCPN: SNOW: WIND :SUNSHINE: SKY :PK WND
================================================================================
1 2 3 4 5 6A 6B 7 8 9 10 11 12 13 14 15 16 17 18
12Z AVG MX 2MIN
DY MAX MIN AVG DEP HDD CDD WTR SNW DPTH SPD SPD DIR MIN PSBL S-S WX SPD DR
================================================================================
1 80 72 76 6 0 11 T 0.0 0 15.1 25 120 M M 8 32 120
2 79 73 76 6 0 11 0.00 0.0 0 10.4 18 140 M M 8 27 150
3 80 68 74 4 0 9 3.32 0.0 0 5.7 21 120 M M 8 13 28 130
4 82 67 75 5 0 10 0.00 0.0 0 8.2 16 40 M M 6 20 20
5 81 70 76 6 0 11 0.00 0.0 0 8.2 15 140 M M 7 20 150
6 78 70 74 4 0 9 0.29 0.0 0 5.2 18 190 M M 8 1 24 190
7 81 68 75 5 0 10 0.76 0.0 0 3.6 17 220 M M 7 18 21 250
8 84 68 76 6 0 11 0.00 0.0 0 6.0 16 140 M M 6 1 22 120
9 85 76 81 11 0 16 0.00 0.0 0 10.5 21 150 M M 6 30 180
10 84 66 75 5 0 10 T 0.0 0 9.2 26 290 M M 5 33 280
11 79 61 70 -1 0 5 0.00 0.0 0 10.1 17 60 M M 3 27 50
12 78 67 73 2 0 8 0.00 0.0 0 8.5 15 110 M M 4 20 100
13 81 64 73 2 0 8 0.00 0.0 0 5.7 16 130 M M 5 22 100
14 83 67 75 4 0 10 0.00 0.0 0 6.8 15 90 M M 4 20 110
15 83 72 78 7 0 13 0.00 0.0 0 10.4 20 140 M M 3 26 120
16 87 67 77 6 0 12 T 0.0 0 5.3 13 120 M M 3 19 180
17 90 69 80 9 0 15 0.00 0.0 0 8.3 16 190 M M 4 24 180
18 90 71 81 10 0 16 0.01 0.0 0 10.2 20 250 M M 5 3 33 220
19 76 58 67 -4 0 2 0.16 0.0 0 12.7 25 360 M M 5 33 10
20 77 57 67 -4 0 2 0.00 0.0 0 6.5 14 120 M M 3 8 23 100
21 80 63 72 0 0 7 0.00 0.0 0 9.9 21 110 M M 5 28 120
22 74 67 71 -1 0 6 3.47 0.0 0 12.6 25 150 M M 9 13 36 150
23 81 68 75 3 0 10 0.00 0.0 0 10.1 30 130 M M 8 40 140
24 82 62 72 0 0 7 T 0.0 0 12.6 22 50 M M 4 30 60
25 81 72 77 5 0 12 T M M 17.5 23 90 M M 7 31 60
26 82 73 78 6 0 13 0.00 0.0 0 15.9 23 130 M M 7 33 120
27 83 73 78 6 0 13 0.00 0.0 0 12.6 20 140 M M 6 26 150
================================================================================
SM 2201 1829 0 267 8.01 0.0 257.8 M 154
================================================================================
AV 81.5 67.7 9.5 FASTST M M 6 MAX(MPH)
MISC ----> 30 130 40 140
================================================================================
NOTES:
# LAST OF SEVERAL OCCURRENCES
COLUMN 17 PEAK WIND IN M.P.H.
PRELIMINARY LOCAL CLIMATOLOGICAL DATA (WS FORM: F-6) , PAGE 2
STATION: WEST PALM BEACH
MONTH: MARCH
YEAR: 2024
LATITUDE: 26 40 N
LONGITUDE: 80 7 W
[TEMPERATURE DATA] [PRECIPITATION DATA] SYMBOLS USED IN COLUMN 16
AVERAGE MONTHLY: 74.6 TOTAL FOR MONTH: 8.01 1 = FOG OR MIST
DPTR FM NORMAL: 3.7 DPTR FM NORMAL: 5.14 2 = FOG REDUCING VISIBILITY
HIGHEST: 90 ON 18,17 GRTST 24HR 3.47 ON 22-22 TO 1/4 MILE OR LESS
LOWEST: 57 ON 20 3 = THUNDER
SNOW, ICE PELLETS, HAIL 4 = ICE PELLETS
TOTAL MONTH: 0.0 INCH 5 = HAIL
GRTST 24HR 0.0 6 = FREEZING RAIN OR DRIZZLE
GRTST DEPTH: 0 7 = DUSTSTORM OR SANDSTORM:
VSBY 1/2 MILE OR LESS
8 = SMOKE OR HAZE
[NO. OF DAYS WITH] [WEATHER - DAYS WITH] 9 = BLOWING SNOW
X = TORNADO
MAX 32 OR BELOW: 0 0.01 INCH OR MORE: 6
MAX 90 OR ABOVE: 2 0.10 INCH OR MORE: 5
MIN 32 OR BELOW: 0 0.50 INCH OR MORE: 3
MIN 0 OR BELOW: 0 1.00 INCH OR MORE: 2
[HDD (BASE 65) ]
TOTAL THIS MO. 0 CLEAR (SCALE 0-3) 3
DPTR FM NORMAL -19 PTCLDY (SCALE 4-7) 22
TOTAL FM JUL 1 88 CLOUDY (SCALE 8-10) 2
DPTR FM NORMAL -109
[CDD (BASE 65) ]
TOTAL THIS MO. 267
DPTR FM NORMAL 90 [PRESSURE DATA]
TOTAL FM JAN 1 514 HIGHEST SLP M ON M
DPTR FM NORMAL 83 LOWEST SLP 29.67 ON 23
[REMARKS]