000
CXUS54 KFWD 010730
CF60F2
PRELIMINARY LOCAL CLIMATOLOGICAL DATA (WS FORM: F-6)
STATION: BOWIE
MONTH: MAY
YEAR: 2023
LATITUDE: 33 36 N
LONGITUDE: 97 47 W
TEMPERATURE IN F: :PCPN: SNOW: WIND :SUNSHINE: SKY :PK WND
================================================================================
1 2 3 4 5 6A 6B 7 8 9 10 11 12 13 14 15 16 17 18
12Z AVG MX 2MIN
DY MAX MIN AVG DEP HDD CDD WTR SNW DPTH SPD SPD DIR MIN PSBL S-S WX SPD DR
================================================================================
1 74 47 61 -5 4 0 0.00 M M M M M M M 0 M M
2 79 47 63 -3 2 0 0.00 M M M M M M M 1 M M
3 73 55 64 -2 1 0 0.21 M M M M M M M 3 M M
4 80 57 69 3 0 4 0.36 M M M M M M M 1 M M
5 95 62 79 12 0 14 0.00 M M M M M M M 1 1 M M
6 89 62 76 9 0 11 0.21 M M M M M M M 1 M M
7 83 64 74 7 0 9 0.00 M M M M M M M 4 M M
8 87 63 75 7 0 10 0.00 M M M M M M M 0 M M
9 85 66 76 8 0 11 0.00 M M M M M M M 2 1 M M
10 75 65 70 2 0 5 0.00 M M M M M M M 2 M M
11 86 64 75 7 0 10 0.67 M M M M M M M 7 1 M M
12 89 64 77 8 0 12 0.08 M M M M M M M 5 8 M M
13 82 64 73 4 0 8 0.04 M M M M M M M 3 M M
14 76 64 70 1 0 5 1.41 M M M M M M M 5 M M
15 83 63 73 3 0 8 0.00 M M M M M M M 6 12 M M
16 76 59 68 -2 0 3 0.00 M M M M M M M 3 M M
17 82 57 70 0 0 5 0.00 M M M M M M M 0 M M
18 84 61 73 3 0 8 0.08 M M M M M M M 3 M M
19 85 64 75 5 0 10 0.00 M M M M M M M 4 M M
20 74 55 65 -6 0 0 0.00 M M M M M M M 2 M M
21 70 55 63 -8 2 0 0.00 M M M M M M M 0 M M
22 80 55 68 -3 0 3 0.00 M M M M M M M 2 12 M M
23 84 64 74 2 0 9 0.00 M M M M M M M 1 M M
24 83 63 73 1 0 8 0.00 M M M M M M M 3 M M
25 79 64 72 0 0 7 0.00 M M M M M M M 1 M M
26 82 62 72 0 0 7 0.00 M M M M M M M 3 M M
27 82 61 72 -1 0 7 0.00 M M M M M M M 1 M M
28 84 62 73 0 0 8 0.00 M M M M M M M 1 M M
29 85 62 74 1 0 9 0.00 M M M M M M M 2 1 M M
30 87 63 75 1 0 10 0.00 M M M M M M M 1 1 M M
31 88 63 76 2 0 11 0.00 M M M M M M M 1 1 M M
================================================================================
SM 2541 1877 9 212 3.06 M M M 69
================================================================================
AV 82.0 60.5 M FASTST M M 2 MAX(MPH)
MISC ----> M M M M
================================================================================
NOTES:
# LAST OF SEVERAL OCCURRENCES
COLUMN 17 PEAK WIND IN M.P.H.
PRELIMINARY LOCAL CLIMATOLOGICAL DATA (WS FORM: F-6) , PAGE 2
STATION: BOWIE
MONTH: MAY
YEAR: 2023
LATITUDE: 33 36 N
LONGITUDE: 97 47 W
[TEMPERATURE DATA] [PRECIPITATION DATA] SYMBOLS USED IN COLUMN 16
AVERAGE MONTHLY: 71.3 TOTAL FOR MONTH: 3.06 1 = FOG OR MIST
DPTR FM NORMAL: 1.5 DPTR FM NORMAL: -1.94 2 = FOG REDUCING VISIBILITY
HIGHEST: 95 ON 5 GRTST 24HR 1.41 ON 14-14 TO 1/4 MILE OR LESS
LOWEST: 47 ON 2, 1 3 = THUNDER
SNOW, ICE PELLETS, HAIL 4 = ICE PELLETS
TOTAL MONTH: M 5 = HAIL
GRTST 24HR M ON M 6 = FREEZING RAIN OR DRIZZLE
GRTST DEPTH: M ON M 7 = DUSTSTORM OR SANDSTORM:
VSBY 1/2 MILE OR LESS
8 = SMOKE OR HAZE
[NO. OF DAYS WITH] [WEATHER - DAYS WITH] 9 = BLOWING SNOW
X = TORNADO
MAX 32 OR BELOW: 0 0.01 INCH OR MORE: 8
MAX 90 OR ABOVE: 1 0.10 INCH OR MORE: 5
MIN 32 OR BELOW: 0 0.50 INCH OR MORE: 2
MIN 0 OR BELOW: 0 1.00 INCH OR MORE: 1
[HDD (BASE 65) ]
TOTAL THIS MO. 9 CLEAR (SCALE 0-3) 22
DPTR FM NORMAL -21 PTCLDY (SCALE 4-7) 9
TOTAL FM JUL 1 2591 CLOUDY (SCALE 8-10) 0
DPTR FM NORMAL -487
[CDD (BASE 65) ]
TOTAL THIS MO. 212
DPTR FM NORMAL 34 [PRESSURE DATA]
TOTAL FM JAN 1 285 HIGHEST SLP M ON M
DPTR FM NORMAL 37 LOWEST SLP M ON M
[REMARKS]
#FINAL-05-23#