000
CXUS51 KBTV 010700
CF61V4
PRELIMINARY LOCAL CLIMATOLOGICAL DATA (WS FORM: F-6)
STATION: SAINT JOHNSBURY VT ASOS
MONTH: JUNE
YEAR: 2023
LATITUDE: 44 25 N
LONGITUDE: 72 1 W
TEMPERATURE IN F: :PCPN: SNOW: WIND :SUNSHINE: SKY :PK WND
================================================================================
1 2 3 4 5 6A 6B 7 8 9 10 11 12 13 14 15 16 17 18
12Z AVG MX 2MIN
DY MAX MIN AVG DEP HDD CDD WTR SNW DPTH SPD SPD DIR MIN PSBL S-S WX SPD DR
================================================================================
1 94 49 72 12 0 7 0.00 M M M M M M M 0 M M
2 89 58 74 14 0 9 0.01 M M M M M M M 0 M M
3 65 47 56 -5 9 0 0.00 M M M M M M M 0 M M
4 56 46 51 -10 14 0 0.11 M M M M M M M 0 M M
5 67 48 58 -3 7 0 0.00 M M M M M M M 0 M M
6 68 45 57 -5 8 0 0.04 M M M M M M M 0 M M
7 58 48 53 -9 12 0 0.04 M M M M M M M 0 M M
8 62 47 55 -7 10 0 0.10 M M M M M M M 0 M M
9 61 49 55 -7 10 0 0.24 M M M M M M M 0 M M
10 66 50 58 -5 7 0 0.32 M M M M M M M 0 M M
11 79 47 63 0 2 0 0.00 M M M M M M M 0 M M
12 83 55 69 6 0 4 0.03 M M M M M M M 0 M M
13 71 61 66 3 0 1 0.57 M M M M M M M 0 M M
14 76 57 67 3 0 2 0.11 M M M M M M M 0 M M
15 77 56 67 3 0 2 0.02 M M M M M M M 0 M M
16 79 56 68 4 0 3 0.29 M M M M M M M 0 M M
17 68 58 63 -1 2 0 0.28 M M M M M M M 0 M M
18 61 54 58 -7 7 0 0.01 M M M M M M M 0 M M
19 72 54 63 -2 2 0 0.00 M M M M M M M 0 M M
20 79 51 65 0 0 0 0.00 M M M M M M M 0 M M
21 79 52 66 1 0 1 0.00 M M M M M M M 0 M M
22 82 51 67 1 0 2 0.00 M M M M M M M 0 M M
23 86 50 68 2 0 3 0.00 M M M M M M M 0 M M
24 79 67 73 7 0 8 0.23 M M M M M M M 0 M M
25 84 65 75 9 0 10 0.01 M M M M M M M 0 M M
26 81 66 74 8 0 9 0.59 M M M M M M M 0 M M
27 76 65 71 4 0 6 0.78 M M M M M M M 0 M M
28 75 63 69 2 0 4 0.35 M M M M M M M 0 M M
29 73 62 68 1 0 3 0.00 M M M M M M M 0 M M
30 84 60 72 5 0 7 0.00 M M M M M M M 0 M M
================================================================================
SM 2230 1637 90 81 4.13 M M M 0
================================================================================
AV 74.3 54.6 M FASTST M M 0 MAX(MPH)
MISC ----> M M M M
================================================================================
NOTES:
# LAST OF SEVERAL OCCURRENCES
COLUMN 17 PEAK WIND IN M.P.H.
PRELIMINARY LOCAL CLIMATOLOGICAL DATA (WS FORM: F-6) , PAGE 2
STATION: SAINT JOHNSBURY VT ASOS
MONTH: JUNE
YEAR: 2023
LATITUDE: 44 25 N
LONGITUDE: 72 1 W
[TEMPERATURE DATA] [PRECIPITATION DATA] SYMBOLS USED IN COLUMN 16
AVERAGE MONTHLY: 64.5 TOTAL FOR MONTH: 4.13 1 = FOG OR MIST
DPTR FM NORMAL: 0.5 DPTR FM NORMAL: 0.32 2 = FOG REDUCING VISIBILITY
HIGHEST: 94 ON 1 GRTST 24HR 0.78 ON 27-27 TO 1/4 MILE OR LESS
LOWEST: 45 ON 6 3 = THUNDER
SNOW, ICE PELLETS, HAIL 4 = ICE PELLETS
TOTAL MONTH: M 5 = HAIL
GRTST 24HR M ON M 6 = FREEZING RAIN OR DRIZZLE
GRTST DEPTH: M ON M 7 = DUSTSTORM OR SANDSTORM:
VSBY 1/2 MILE OR LESS
8 = SMOKE OR HAZE
[NO. OF DAYS WITH] [WEATHER - DAYS WITH] 9 = BLOWING SNOW
X = TORNADO
MAX 32 OR BELOW: 0 0.01 INCH OR MORE: 19
MAX 90 OR ABOVE: 1 0.10 INCH OR MORE: 11
MIN 32 OR BELOW: 0 0.50 INCH OR MORE: 3
MIN 0 OR BELOW: 0 1.00 INCH OR MORE: 0
[HDD (BASE 65) ]
TOTAL THIS MO. 90 CLEAR (SCALE 0-3) 30
DPTR FM NORMAL -5 PTCLDY (SCALE 4-7) 0
TOTAL FM JUL 1 6733 CLOUDY (SCALE 8-10) 0
DPTR FM NORMAL -1250
[CDD (BASE 65) ]
TOTAL THIS MO. 81
DPTR FM NORMAL 19 [PRESSURE DATA]
TOTAL FM JAN 1 87 HIGHEST SLP M ON M
DPTR FM NORMAL 12 LOWEST SLP M ON M
[REMARKS]
#FINAL-06-23#