783
CXUS54 KMAF 011110
CF66R6
PRELIMINARY LOCAL CLIMATOLOGICAL DATA (WS FORM: F-6)
STATION: TERRELL COUNTY AIRPORT
MONTH: APRIL
YEAR: 2020
LATITUDE: 30 2 N
LONGITUDE: 102 13 W
TEMPERATURE IN F: :PCPN: SNOW: WIND :SUNSHINE: SKY :PK WND
================================================================================
1 2 3 4 5 6A 6B 7 8 9 10 11 12 13 14 15 16 17 18
12Z AVG MX 2MIN
DY MAX MIN AVG DEP HDD CDD WTR SNW DPTH SPD SPD DIR MIN PSBL S-S WX SPD DR
================================================================================
1 81 54 68 3 0 3 0.00 M M 11.1 26 130 M M 0 33 130
2 91 60 76 11 0 11 0.00 M M 8.0 20 110 M M 0 25 120
3 81 55 68 2 0 3 0.00 M M 11.1 30 20 M M 0 38 350
4 59 50 55 -11 10 0 0.00 M M 9.2 20 20 M M 0 26 20
5 68 50 59 -7 6 0 0.00 M M 6.2 16 120 M M 0 23 120
6 78 60 69 3 0 4 0.00 0.0 0 7.2 18 250 M M 0 23 250
7 90 60 75 8 0 10 0.00 0.0 0 6.8 22 220 M M 0 29 220
8 95 64 80 13 0 15 0.00 0.0 0 7.4 21 240 M M 0 29 240
9 87 66 77 10 0 12 0.00 M M 9.4 26 250 M M 0 34 250
10 82 60 71 4 0 6 0.00 M M 14.3 24 120 M M 0 33 100
11 93 67 80 12 0 15 0.00 M M 13.8 26 140 M M 0 40 190
12 85 56 71 3 0 6 0.00 M M 15.0 36 250 M M 0 51 250
13 70 43 57 -11 8 0 0.00 M M 11.0 23 20 M M 0 30 20
14 67 45 56 -12 9 0 0.00 0.0 0 11.0 20 20 M M 0 23 20
15 71 46 59 -10 6 0 0.00 M M 9.0 16 120 M M 0 22 160
16 79 47 63 -6 2 0 0.00 0.0 0 11.2 23 120 M M 0 28 120
17 72 50 61 -8 4 0 0.00 0.0 0 10.3 26 350 M M 0 35 360
18 77 50 64 -6 1 0 0.00 0.0 0 7.7 16 90 M M 0 21 120
19 92 55 74 4 0 9 0.00 0.0 0 10.6 26 310 M M 0 35 300
20 95 52 74 4 0 9 0.00 0.0 0 7.1 18 220 M M 0 26 260
21 96 64 80 10 0 15 0.00 0.0 0 10.0 23 120 M M 0 29 120
22 95 67 81 10 0 16 0.00 0.0 0 10.2 25 240 M M 0 34 290
23 95 59 77 6 0 12 0.00 M M 9.4 23 230 M M 0 30 230
24 101 56 79 8 0 14 0.00 M M 8.1 21 10 M M 0 29 350
25 86 62 74 2 0 9 0.00 M M 9.7 22 50 M M 0 27 40
26 88 58 73 1 0 8 0.00 M M 13.1 22 120 M M 0 30 120
27 94 64 79 7 0 14 0.02 M M 10.2 30 100 M M 0 39 340
28 104 62 83 11 0 18 0.00 M M 6.8 20 310 M M 0 27 320
29 88 65 77 5 0 12 0.00 M M 11.7 31 40 M M 0 39 40
30 94 60 77 4 0 12 0.00 M M 9.1 18 110 M M 0 26 110
================================================================================
SM 2554 1707 46 233 0.02 0.0 295.7 M 0
================================================================================
AV 85.1 56.9 9.9 FASTST M M 0 MAX(MPH)
MISC ----> 36 250 51 250
================================================================================
NOTES:
# LAST OF SEVERAL OCCURRENCES
COLUMN 17 PEAK WIND IN M.P.H.
PRELIMINARY LOCAL CLIMATOLOGICAL DATA (WS FORM: F-6) , PAGE 2
STATION: TERRELL COUNTY AIRPORT
MONTH: APRIL
YEAR: 2020
LATITUDE: 30 2 N
LONGITUDE: 102 13 W
[TEMPERATURE DATA] [PRECIPITATION DATA] SYMBOLS USED IN COLUMN 16
AVERAGE MONTHLY: 71.0 TOTAL FOR MONTH: 0.02 1 = FOG OR MIST
DPTR FM NORMAL: 2.1 DPTR FM NORMAL: -1.07 2 = FOG REDUCING VISIBILITY
HIGHEST: 104 ON 28 GRTST 24HR 0.02 ON 27-27 TO 1/4 MILE OR LESS
LOWEST: 43 ON 13 3 = THUNDER
SNOW, ICE PELLETS, HAIL 4 = ICE PELLETS
TOTAL MONTH: 0.0 INCH 5 = HAIL
GRTST 24HR 0.0 6 = FREEZING RAIN OR DRIZZLE
GRTST DEPTH: 0 7 = DUSTSTORM OR SANDSTORM:
VSBY 1/2 MILE OR LESS
8 = SMOKE OR HAZE
[NO. OF DAYS WITH] [WEATHER - DAYS WITH] 9 = BLOWING SNOW
X = TORNADO
MAX 32 OR BELOW: 0 0.01 INCH OR MORE: 1
MAX 90 OR ABOVE: 13 0.10 INCH OR MORE: 0
MIN 32 OR BELOW: 0 0.50 INCH OR MORE: 0
MIN 0 OR BELOW: 0 1.00 INCH OR MORE: 0
[HDD (BASE 65) ]
TOTAL THIS MO. 46 CLEAR (SCALE 0-3) 30
DPTR FM NORMAL 4 PTCLDY (SCALE 4-7) 0
TOTAL FM JUL 1 1512 CLOUDY (SCALE 8-10) 0
DPTR FM NORMAL -300
[CDD (BASE 65) ]
TOTAL THIS MO. 233
DPTR FM NORMAL 74 [PRESSURE DATA]
TOTAL FM JAN 1 358 HIGHEST SLP 30.23 ON 14
DPTR FM NORMAL 148 LOWEST SLP 29.48 ON 12
[REMARKS]
#FINAL-04-20#