000
CXUS56 KMFR 010930
CF6AAT
PRELIMINARY LOCAL CLIMATOLOGICAL DATA (WS FORM: F-6)
STATION: ALTURAS CA
MONTH: JUNE
YEAR: 2022
LATITUDE: 41 29 N
LONGITUDE: 120 34 W
TEMPERATURE IN F: :PCPN: SNOW: WIND :SUNSHINE: SKY :PK WND
================================================================================
1 2 3 4 5 6A 6B 7 8 9 10 11 12 13 14 15 16 17 18
12Z AVG MX 2MIN
DY MAX MIN AVG DEP HDD CDD WTR SNW DPTH SPD SPD DIR MIN PSBL S-S WX SPD DR
================================================================================
1 80 31 56 0 9 0 0.00 M M 5.4 18 260 M M 1 26 290
2 78 40 59 3 6 0 T M M 4.4 25 220 M M 2 35 210
3 71 45 58 1 7 0 T M M 9.2 21 280 M M 2 28 260
4 65 48 57 0 8 0 0.04 M M 8.5 24 270 M M 9 32 270
5 71 46 59 2 6 0 T M M 12.2 29 280 M M 5 38 240
6 75 42 59 2 6 0 0.00 M M 5.3 20 240 M M 3 30 240
7 83 31 57 -1 8 0 0.00 M M 5.6 22 250 M M 2 27 250
8 82 51 67 9 0 2 0.00 M M 5.5 20 300 M M 4 30 290
9 84 42 63 5 2 0 0.00 M M 5.0 23 310 M M 0 31 320
10 87 44 66 8 0 1 0.00 M M 6.3 24 250 M M 0 36 250
11 82 45 64 5 1 0 T M M 10.2 28 240 M M 2 42 230
12 64 42 53 -6 12 0 0.55 M M 9.5 28 290 M M 10 13 41 290
13 59 31 45 -14 20 0 0.00 M M 7.4 16 290 M M 4 24 270
14 68 29 49 -11 16 0 0.00 M M 5.7 22 310 M M 0 30 300
15 84 30 57 -3 8 0 0.00 M M 8.4 25 230 M M 0 35 240
16 77 38 58 -2 7 0 0.00 M M 6.6 22 270 M M 0 30 280
17 67 42 55 -5 10 0 0.00 M M 9.0 24 280 M M 2 32 280
18 57 37 47 -14 18 0 T M M 4.9 17 10 M M 8 25 360
19 66 33 50 -11 15 0 0.00 M M 6.2 21 340 M M 5 1 30 340
20 73 32 53 -8 12 0 0.00 M M 4.2 13 360 M M 0 17 20
21 83 35 59 -3 6 0 0.00 M M 2.6 12 70 M M 0 19 70
22 90 40 65 3 0 0 0.00 M M 4.6 21 250 M M 0 39 310
23 88 44 66 4 0 1 0.02 M M 5.6 23 250 M M 1 3 29 300
24 89 44 67 4 0 2 0.00 M M 5.4 16 310 M M 1 24 280
25 94 49 72 9 0 7 0.00 M M 4.2 18 240 M M 0 27 240
26 95 47 71 7 0 6 T M M 5.0 21 180 M M 1 30 130
27 96 39 68 4 0 3 0.00 M M 6.4 24 240 M M 0 33 260
28 89 41 65 1 0 0 0.00 M M 8.5 28 250 M M 0 45 280
29 87 36 62 -2 3 0 0.00 M M 5.3 20 280 M M 0 28 250
30 88 37 63 -2 2 0 0.00 M M 5.5 21 250 M M 0 29 270
================================================================================
SM 2372 1191 182 22 0.61 M 192.6 M 62
================================================================================
AV 79.1 39.7 6.4 FASTST M M 2 MAX(MPH)
MISC ----> 29 280 45 280
================================================================================
NOTES:
# LAST OF SEVERAL OCCURRENCES
COLUMN 17 PEAK WIND IN M.P.H.
PRELIMINARY LOCAL CLIMATOLOGICAL DATA (WS FORM: F-6) , PAGE 2
STATION: ALTURAS CA
MONTH: JUNE
YEAR: 2022
LATITUDE: 41 29 N
LONGITUDE: 120 34 W
[TEMPERATURE DATA] [PRECIPITATION DATA] SYMBOLS USED IN COLUMN 16
AVERAGE MONTHLY: 59.4 TOTAL FOR MONTH: 0.61 1 = FOG OR MIST
DPTR FM NORMAL: -0.8 DPTR FM NORMAL: -0.09 2 = FOG REDUCING VISIBILITY
HIGHEST: 96 ON 27 GRTST 24HR 0.55 ON 11-12 TO 1/4 MILE OR LESS
LOWEST: 29 ON 14 3 = THUNDER
SNOW, ICE PELLETS, HAIL 4 = ICE PELLETS
TOTAL MONTH: M 5 = HAIL
GRTST 24HR M ON M 6 = FREEZING RAIN OR DRIZZLE
GRTST DEPTH: M ON M 7 = DUSTSTORM OR SANDSTORM:
VSBY 1/2 MILE OR LESS
8 = SMOKE OR HAZE
[NO. OF DAYS WITH] [WEATHER - DAYS WITH] 9 = BLOWING SNOW
X = TORNADO
MAX 32 OR BELOW: 0 0.01 INCH OR MORE: 3
MAX 90 OR ABOVE: 4 0.10 INCH OR MORE: 1
MIN 32 OR BELOW: 6 0.50 INCH OR MORE: 1
MIN 0 OR BELOW: 0 1.00 INCH OR MORE: 0
[HDD (BASE 65) ]
TOTAL THIS MO. 182 CLEAR (SCALE 0-3) 23
DPTR FM NORMAL 13 PTCLDY (SCALE 4-7) 5
TOTAL FM JUL 1 6711 CLOUDY (SCALE 8-10) 2
DPTR FM NORMAL 153
[CDD (BASE 65) ]
TOTAL THIS MO. 22
DPTR FM NORMAL -3 [PRESSURE DATA]
TOTAL FM JAN 1 22 HIGHEST SLP M ON M
DPTR FM NORMAL -4 LOWEST SLP 29.60 ON 17
[REMARKS]
#FINAL-06-22#