000
CXUS55 KABQ 281039
CF6ABQ
PRELIMINARY LOCAL CLIMATOLOGICAL DATA (WS FORM: F-6)
STATION: ALBUQUERQUE NM
MONTH: MARCH
YEAR: 2024
LATITUDE: 35 2 N
LONGITUDE: 106 37 W
TEMPERATURE IN F: :PCPN: SNOW: WIND :SUNSHINE: SKY :PK WND
================================================================================
1 2 3 4 5 6A 6B 7 8 9 10 11 12 13 14 15 16 17 18
12Z AVG MX 2MIN
DY MAX MIN AVG DEP HDD CDD WTR SNW DPTH SPD SPD DIR MIN PSBL S-S WX SPD DR
================================================================================
1 67 33 50 5 15 0 0.00 0.0 0 6.6 20 260 M M 1 25 250
2 69 33 51 5 14 0 0.00 0.0 0 11.4 26 240 M M 1 35 230
3 69 41 55 9 10 0 0.00 0.0 0 14.5 29 290 M M 1 39 270
4 64 37 51 5 14 0 0.00 0.0 0 6.5 21 270 M M 2 29 290
5 64 34 49 3 16 0 0.00 0.0 0 5.3 16 170 M M 2 25 150
6 60 37 49 2 16 0 0.00 0.0 0 4.7 22 230 M M 6 29 230
7 58 38 48 1 17 0 0.00 0.0 0 7.8 29 300 M M 6 40 310
8 51 32 42 -5 23 0 0.04 T 0 8.8 25 130 M M 8 15 33 80
9 51 33 42 -6 23 0 T T 0 7.7 25 90 M M 5 8 36 90
10 58 29 44 -4 21 0 0.00 0.0 0 4.0 12 210 M M 1 16 200
11 61 34 48 0 17 0 0.00 0.0 0 6.0 16 190 M M 5 21 190
12 69 36 53 5 12 0 0.00 0.0 0 8.3 24 280 M M 5 31 280
13 55 38 47 -2 18 0 T 0.0 0 11.6 33 290 M M 8 42 290
14 57 32 45 -4 20 0 T 0.0 0 12.0 43 90 M M 7 8 58 90
15 46 39 43 -6 22 0 T 0.0 0 34.0 48 80 M M 8 78 61 80
16 53 38 46 -4 19 0 0.10 0.0 0 11.5 30 100 M M 8 37 100
17 48 37 43 -7 22 0 0.10 0.0 0 20.4 43 80 M M 8 1 53 80
18 55 40 48 -2 17 0 T 0.0 0 14.0 23 110 M M 5 32 90
19 60 38 49 -1 16 0 0.00 0.0 0 6.1 18 270 M M 4 25 270
20 61 36 49 -2 16 0 0.00 0.0 0 4.8 14 230 M M 3 19 200
21 68 37 53 2 12 0 0.00 0.0 0 7.3 25 310 M M 2 34 290
22 69 37 53 2 12 0 0.00 0.0 0 5.0 14 280 M M 3 20 250
23 65 45 55 4 10 0 0.00 0.0 0 6.2 17 190 M M 9 24 180
24 52 38 45 -7 20 0 0.01 0.0 0 16.8 46 280 M M 7 18 60 280
25 51 35 43 -9 22 0 0.01 T 0 11.2 33 280 M M 8 5 43 280
26 50 31 41 -11 24 0 0.01 T 0 6.3 35 280 M M 7 158 46 290
27 56 30 43 -9 22 0 0.00 0.0 0 9.7 28 300 M M 2 39 320
================================================================================
SM 1587 968 470 0 0.27 T 268.5 M 132
================================================================================
AV 58.8 35.9 9.9 FASTST M M 5 MAX(MPH)
MISC ----> 48 80 61 80
================================================================================
NOTES:
# LAST OF SEVERAL OCCURRENCES
COLUMN 17 PEAK WIND IN M.P.H.
PRELIMINARY LOCAL CLIMATOLOGICAL DATA (WS FORM: F-6) , PAGE 2
STATION: ALBUQUERQUE NM
MONTH: MARCH
YEAR: 2024
LATITUDE: 35 2 N
LONGITUDE: 106 37 W
[TEMPERATURE DATA] [PRECIPITATION DATA] SYMBOLS USED IN COLUMN 16
AVERAGE MONTHLY: 47.3 TOTAL FOR MONTH: 0.27 1 = FOG OR MIST
DPTR FM NORMAL: -1.6 DPTR FM NORMAL: -0.13 2 = FOG REDUCING VISIBILITY
HIGHEST: 69 ON 22,12 GRTST 24HR 0.20 ON 16-17 TO 1/4 MILE OR LESS
LOWEST: 29 ON 10 3 = THUNDER
SNOW, ICE PELLETS, HAIL 4 = ICE PELLETS
TOTAL MONTH: T 5 = HAIL
GRTST 24HR T ON 8- 8 6 = FREEZING RAIN OR DRIZZLE
GRTST DEPTH: 0 7 = DUSTSTORM OR SANDSTORM:
VSBY 1/2 MILE OR LESS
8 = SMOKE OR HAZE
[NO. OF DAYS WITH] [WEATHER - DAYS WITH] 9 = BLOWING SNOW
X = TORNADO
MAX 32 OR BELOW: 0 0.01 INCH OR MORE: 6
MAX 90 OR ABOVE: 0 0.10 INCH OR MORE: 2
MIN 32 OR BELOW: 5 0.50 INCH OR MORE: 0
MIN 0 OR BELOW: 0 1.00 INCH OR MORE: 0
[HDD (BASE 65) ]
TOTAL THIS MO. 470 CLEAR (SCALE 0-3) 9
DPTR FM NORMAL 38 PTCLDY (SCALE 4-7) 14
TOTAL FM JUL 1 3335 CLOUDY (SCALE 8-10) 4
DPTR FM NORMAL -287
[CDD (BASE 65) ]
TOTAL THIS MO. 0
DPTR FM NORMAL 0 [PRESSURE DATA]
TOTAL FM JAN 1 0 HIGHEST SLP M ON M
DPTR FM NORMAL 0 LOWEST SLP 29.30 ON 24
[REMARKS]