000
CXUS55 KABQ 011110
CF6ABQ
PRELIMINARY LOCAL CLIMATOLOGICAL DATA (WS FORM: F-6)
STATION: ALBUQUERQUE NM
MONTH: JANUARY
YEAR: 2024
LATITUDE: 35 2 N
LONGITUDE: 106 37 W
TEMPERATURE IN F: :PCPN: SNOW: WIND :SUNSHINE: SKY :PK WND
================================================================================
1 2 3 4 5 6A 6B 7 8 9 10 11 12 13 14 15 16 17 18
12Z AVG MX 2MIN
DY MAX MIN AVG DEP HDD CDD WTR SNW DPTH SPD SPD DIR MIN PSBL S-S WX SPD DR
================================================================================
1 47 26 37 1 28 0 0.00 0.0 0 4.1 12 360 M M 6 14 10
2 52 28 40 4 25 0 0.00 0.0 0 6.9 16 20 M M 3 22 360
3 49 25 37 1 28 0 0.00 0.0 0 3.9 9 120 M M 5 13 150
4 44 30 37 1 28 0 0.23 2.2 0 10.0 26 220 M M 10 1 35 170
5 41 26 34 -2 31 0 0.00 0.0 2 6.9 17 350 M M 6 1 24 300
6 37 24 31 -5 34 0 0.00 0.0 T 6.4 14 140 M M 7 16 350
7 41 25 33 -3 32 0 T T 0 6.8 20 300 M M 10 27 290
8 33 24 29 -7 36 0 T 0.2 0 13.9 28 310 M M 8 36 310
9 37 19 28 -9 37 0 0.00 0.0 0 7.2 20 350 M M 1 27 360
10 47 20 34 -3 31 0 0.00 0.0 0 7.1 14 170 M M 2 18 170
11 43 24 34 -3 31 0 T T 0 13.8 38 230 M M 4 1 51 240
12 40 14 27 -10 38 0 0.00 0.0 0 6.7 14 200 M M 1 19 260
13 50 30 40 3 25 0 0.00 0.0 0 7.7 21 260 M M 4 32 230
14 56 32 44 7 21 0 0.00 0.0 0 12.3 23 270 M M 7 32 280
15 52 26 39 2 26 0 0.00 0.0 0 6.1 13 20 M M 3 16 20
16 50 16 33 -4 32 0 0.00 0.0 0 6.6 17 340 M M 0 25 330
17 50 22 36 -1 29 0 0.00 0.0 0 3.9 12 20 M M 5 15 30
18 57 30 44 6 21 0 0.00 0.0 0 7.5 21 20 M M 4 27 340
19 51 29 40 2 25 0 0.00 0.0 0 3.9 12 10 M M 6 14 10
20 53 28 41 3 24 0 0.00 0.0 0 3.5 10 190 M M 7 13 200
21 47 39 43 5 22 0 T 0.0 0 3.3 12 330 M M 10 14 330
22 51 38 45 7 20 0 0.02 0.0 0 3.1 8 120 M M 9 11 50
23 47 31 39 1 26 0 0.02 0.0 0 5.6 13 190 M M 7 16 190
24 47 38 43 5 22 0 0.03 0.0 0 3.5 15 230 M M 9 1 19 230
25 46 35 41 3 24 0 0.03 0.0 0 4.8 17 290 M M 9 1 20 290
26 50 36 43 5 22 0 T 0.0 0 5.6 17 330 M M 7 1 26 120
27 53 30 42 3 23 0 0.00 0.0 0 4.1 14 360 M M 2 20 10
28 54 27 41 2 24 0 0.00 0.0 0 2.1 8 120 M M 3 11 360
29 59 27 43 4 22 0 0.00 0.0 0 3.1 10 360 M M 7 8 15 340
30 61 35 48 9 17 0 0.00 0.0 0 4.9 15 360 M M 3 19 10
31 58 35 47 8 18 0 0.00 0.0 0 4.9 13 170 M M 7 16 160
================================================================================
SM 1503 869 822 0 0.33 2.4 190.2 M 172
================================================================================
AV 48.5 28.0 6.1 FASTST M M 6 MAX(MPH)
MISC ----> 38 230 51 240
================================================================================
NOTES:
# LAST OF SEVERAL OCCURRENCES
COLUMN 17 PEAK WIND IN M.P.H.
PRELIMINARY LOCAL CLIMATOLOGICAL DATA (WS FORM: F-6) , PAGE 2
STATION: ALBUQUERQUE NM
MONTH: JANUARY
YEAR: 2024
LATITUDE: 35 2 N
LONGITUDE: 106 37 W
[TEMPERATURE DATA] [PRECIPITATION DATA] SYMBOLS USED IN COLUMN 16
AVERAGE MONTHLY: 38.3 TOTAL FOR MONTH: 0.33 1 = FOG OR MIST
DPTR FM NORMAL: 0.9 DPTR FM NORMAL: -0.03 2 = FOG REDUCING VISIBILITY
HIGHEST: 61 ON 30 GRTST 24HR 0.41 ON 4- 4 TO 1/4 MILE OR LESS
LOWEST: 14 ON 12 3 = THUNDER
SNOW, ICE PELLETS, HAIL 4 = ICE PELLETS
TOTAL MONTH: 2.4 INCHES 5 = HAIL
GRTST 24HR 2.2 ON 4- 4 6 = FREEZING RAIN OR DRIZZLE
GRTST DEPTH: 2 ON 5 7 = DUSTSTORM OR SANDSTORM:
VSBY 1/2 MILE OR LESS
8 = SMOKE OR HAZE
[NO. OF DAYS WITH] [WEATHER - DAYS WITH] 9 = BLOWING SNOW
X = TORNADO
MAX 32 OR BELOW: 0 0.01 INCH OR MORE: 5
MAX 90 OR ABOVE: 0 0.10 INCH OR MORE: 1
MIN 32 OR BELOW: 24 0.50 INCH OR MORE: 0
MIN 0 OR BELOW: 0 1.00 INCH OR MORE: 0
[HDD (BASE 65) ]
TOTAL THIS MO. 822 CLEAR (SCALE 0-3) 6
DPTR FM NORMAL -34 PTCLDY (SCALE 4-7) 19
TOTAL FM JUL 1 2270 CLOUDY (SCALE 8-10) 6
DPTR FM NORMAL -275
[CDD (BASE 65) ]
TOTAL THIS MO. 0
DPTR FM NORMAL 0 [PRESSURE DATA]
TOTAL FM JAN 1 0 HIGHEST SLP 30.48 ON 28
DPTR FM NORMAL 0 LOWEST SLP 29.46 ON 11
[REMARKS]
#FINAL-01-24#