000
CXUS52 KTAE 010800
CF6ABY
PRELIMINARY LOCAL CLIMATOLOGICAL DATA (WS FORM: F-6)
STATION: ALBANY
MONTH: SEPTEMBER
YEAR: 2023
LATITUDE: 31 31 N
LONGITUDE: 84 11 W
TEMPERATURE IN F: :PCPN: SNOW: WIND :SUNSHINE: SKY :PK WND
================================================================================
1 2 3 4 5 6A 6B 7 8 9 10 11 12 13 14 15 16 17 18
12Z AVG MX 2MIN
DY MAX MIN AVG DEP HDD CDD WTR SNW DPTH SPD SPD DIR MIN PSBL S-S WX SPD DR
================================================================================
1 84 75 80 -1 0 15 0.08 0.0 M 9.6 18 100 M M 8 1 23 80
2 83 73 78 -3 0 13 T 0.0 0 7.3 15 60 M M 9 17 60
3 89 71 80 -1 0 15 0.00 0.0 0 4.6 10 100 M M 4 14 100
4 91 67 79 -1 0 14 0.00 0.0 0 1.3 9 150 M M 1 12 150
5 92 69 81 1 0 16 0.00 0.0 0 1.7 8 70 M M 1 13 30
6 92 68 80 0 0 15 0.00 0.0 0 3.0 12 330 M M 0 1 15 310
7 93 71 82 2 0 17 T 0.0 0 5.7 14 190 M M 1 13 19 260
8 92 70 81 1 0 16 0.00 0.0 0 5.1 13 140 M M 2 15 230
9 92 70 81 1 0 16 0.00 0.0 0 3.6 14 180 M M 4 12 16 180
10 93 71 82 2 0 17 0.00 0.0 0 3.5 10 220 M M 3 13 220
11 94 70 82 3 0 17 0.00 0.0 0 2.8 12 150 M M 1 18 16 200
12 94 71 83 4 0 18 0.22 0.0 0 3.7 20 330 M M 2 13 25 330
13 90 71 81 2 0 16 0.10 M M 2.8 18 340 M M 5 123 26 340
14 90 69 80 1 0 15 T 0.0 M 3.3 15 330 M M 4 12 19 340
15 86 69 78 0 0 13 0.00 0.0 0 7.4 16 70 M M 7 20 60
16 88 69 79 1 0 14 1.20 0.0 0 6.0 13 290 M M 9 13 24 140
17 85 68 77 -1 0 12 0.02 0.0 M 4.5 15 330 M M 5 18 19 340
18 85 61 73 -5 0 8 0.00 0.0 M 3.4 14 330 M M 0 1 20 330
19 86 60 73 -5 0 8 0.00 M M 1.4 10 50 M M 3 18 13 60
20 85 62 74 -3 0 9 0.00 M M 6.5 16 100 M M 2 1 21 60
21 88 66 77 0 0 12 0.00 0.0 M 8.2 15 50 M M 2 22 30
22 86 62 74 -3 0 9 0.00 0.0 0 7.3 17 70 M M 1 26 70
23 88 57 73 -3 0 8 0.00 0.0 0 3.3 15 330 M M 1 18 21 320
24 89 60 75 -1 0 10 0.00 0.0 0 2.6 13 240 M M 1 18 240
25 91 62 77 1 0 12 0.00 0.0 0 2.0 9 210 M M 0 18 16 160
26 76 69 73 -3 0 8 0.91 0.0 M 5.3 18 80 M M 8 13 24 80
27 76 69 73 -2 0 8 T 0.0 0 11.5 18 70 M M 10 18 24 40
28 80 65 73 -2 0 8 0.00 0.0 0 9.3 16 60 M M 3 1 21 60
29 86 63 75 0 0 10 0.00 M M 5.7 17 70 M M 1 22 60
30 87 65 76 2 0 11 0.00 0.0 0 6.4 18 90 M M 0 8 26 80
================================================================================
SM 2631 2013 0 380 2.53 0.0 148.8 M 98
================================================================================
AV 87.7 67.1 5.0 FASTST M M 3 MAX(MPH)
MISC ----> 20 330 # 26 340
================================================================================
NOTES:
# LAST OF SEVERAL OCCURRENCES
COLUMN 17 PEAK WIND IN M.P.H.
PRELIMINARY LOCAL CLIMATOLOGICAL DATA (WS FORM: F-6) , PAGE 2
STATION: ALBANY
MONTH: SEPTEMBER
YEAR: 2023
LATITUDE: 31 31 N
LONGITUDE: 84 11 W
[TEMPERATURE DATA] [PRECIPITATION DATA] SYMBOLS USED IN COLUMN 16
AVERAGE MONTHLY: 77.4 TOTAL FOR MONTH: 2.53 1 = FOG OR MIST
DPTR FM NORMAL: -0.7 DPTR FM NORMAL: -0.84 2 = FOG REDUCING VISIBILITY
HIGHEST: 94 ON 12,11 GRTST 24HR 1.22 ON 16-17 TO 1/4 MILE OR LESS
LOWEST: 57 ON 23 3 = THUNDER
SNOW, ICE PELLETS, HAIL 4 = ICE PELLETS
TOTAL MONTH: 0.0 INCH 5 = HAIL
GRTST 24HR 0.0 6 = FREEZING RAIN OR DRIZZLE
GRTST DEPTH: 0 7 = DUSTSTORM OR SANDSTORM:
VSBY 1/2 MILE OR LESS
8 = SMOKE OR HAZE
[NO. OF DAYS WITH] [WEATHER - DAYS WITH] 9 = BLOWING SNOW
X = TORNADO
MAX 32 OR BELOW: 0 0.01 INCH OR MORE: 6
MAX 90 OR ABOVE: 12 0.10 INCH OR MORE: 4
MIN 32 OR BELOW: 0 0.50 INCH OR MORE: 2
MIN 0 OR BELOW: 0 1.00 INCH OR MORE: 1
[HDD (BASE 65) ]
TOTAL THIS MO. 0 CLEAR (SCALE 0-3) 19
DPTR FM NORMAL -1 PTCLDY (SCALE 4-7) 6
TOTAL FM JUL 1 0 CLOUDY (SCALE 8-10) 5
DPTR FM NORMAL 0
[CDD (BASE 65) ]
TOTAL THIS MO. 380
DPTR FM NORMAL -14 [PRESSURE DATA]
TOTAL FM JAN 1 2504 HIGHEST SLP 30.19 ON 2
DPTR FM NORMAL 24 LOWEST SLP 29.83 ON 7
[REMARKS]
#FINAL-09-23#