000
CXUS54 KFWD 010730
CF6ACT
PRELIMINARY LOCAL CLIMATOLOGICAL DATA (WS FORM: F-6)
STATION: WACO
MONTH: SEPTEMBER
YEAR: 2021
LATITUDE: 31 37 N
LONGITUDE: 97 13 W
TEMPERATURE IN F: :PCPN: SNOW: WIND :SUNSHINE: SKY :PK WND
================================================================================
1 2 3 4 5 6A 6B 7 8 9 10 11 12 13 14 15 16 17 18
12Z AVG MX 2MIN
DY MAX MIN AVG DEP HDD CDD WTR SNW DPTH SPD SPD DIR MIN PSBL S-S WX SPD DR
================================================================================
1 97 79 88 5 0 23 0.00 0.0 0 8.9 16 140 M M 0 18 22 160
2 96 77 87 5 0 22 0.00 0.0 0 9.2 15 160 M M 0 18 19 160
3 96 78 87 5 0 22 0.00 0.0 0 9.3 20 160 M M 2 25 160
4 97 76 87 5 0 22 0.00 0.0 0 9.2 15 190 M M 0 20 190
5 101 77 89 7 0 24 0.00 0.0 0 7.9 16 360 M M 1 3 22 360
6 95 75 85 3 0 20 0.00 0.0 0 6.8 16 110 M M 2 22 70
7 94 69 82 1 0 17 0.00 0.0 0 6.4 14 150 M M 1 17 130
8 95 64 80 -1 0 15 0.00 0.0 0 4.6 12 360 M M 1 17 80
9 94 65 80 -1 0 15 0.00 0.0 0 7.1 16 60 M M 0 21 60
10 92 59 76 -4 0 11 0.00 0.0 0 4.4 15 110 M M 0 20 110
11 90 60 75 -5 0 10 0.00 0.0 0 5.5 12 190 M M 0 17 160
12 93 62 78 -2 0 13 0.00 0.0 0 4.9 14 120 M M 0 22 130
13 92 70 81 1 0 16 T 0.0 0 8.0 25 150 M M 5 36 140
14 84 70 77 -2 0 12 T 0.0 0 8.1 22 60 M M 8 29 60
15 90 71 81 2 0 16 0.00 0.0 0 9.0 20 40 M M 7 27 10
16 93 68 81 2 0 16 0.00 0.0 0 6.7 15 60 M M 0 21 70
17 95 67 81 3 0 16 0.00 0.0 0 3.9 12 50 M M 0 16 80
18 97 67 82 4 0 17 0.00 0.0 0 4.6 15 30 M M 2 21 360
19 97 69 83 5 0 18 0.00 0.0 0 3.6 14 160 M M 1 19 170
20 101 76 89 11 0 24 0.00 0.0 0 12.5 17 180 M M 0 24 180
21 90 68 79 2 0 14 T 0.0 0 10.2 22 10 M M 1 3 30 20
22 86 54 70 -7 0 5 0.00 0.0 0 8.9 20 20 M M 0 28 10
23 87 49 68 -9 0 3 0.00 0.0 0 3.9 13 170 M M 0 17 160
24 87 54 71 -5 0 6 0.00 0.0 0 5.7 12 180 M M 0 22 200
25 90 59 75 -1 0 10 0.00 0.0 0 5.8 12 190 M M 0 17 180
26 90 56 73 -3 0 8 0.00 0.0 0 6.4 16 170 M M 0 23 170
27 90 61 76 1 0 11 0.00 0.0 0 7.8 16 190 M M 0 23 180
28 96 69 83 8 0 18 0.17 0.0 0 10.5 25 140 M M 1 13 32 150
29 89 67 78 3 0 13 T 0.0 0 9.8 18 240 M M 0 24 160
30 92 67 80 6 0 15 0.77 0.0 0 10.5 33 340 M M 5 13 51 340
================================================================================
SM 2786 2003 0 452 0.94 0.0 220.1 M 37
================================================================================
AV 92.9 66.8 7.3 FASTST M M 1 MAX(MPH)
MISC ----> 33 340 51 340
================================================================================
NOTES:
# LAST OF SEVERAL OCCURRENCES
COLUMN 17 PEAK WIND IN M.P.H.
PRELIMINARY LOCAL CLIMATOLOGICAL DATA (WS FORM: F-6) , PAGE 2
STATION: WACO
MONTH: SEPTEMBER
YEAR: 2021
LATITUDE: 31 37 N
LONGITUDE: 97 13 W
[TEMPERATURE DATA] [PRECIPITATION DATA] SYMBOLS USED IN COLUMN 16
AVERAGE MONTHLY: 79.8 TOTAL FOR MONTH: 0.94 1 = FOG OR MIST
DPTR FM NORMAL: 1.1 DPTR FM NORMAL: -1.93 2 = FOG REDUCING VISIBILITY
HIGHEST: 101 ON 20, 5 GRTST 24HR 0.77 ON 30-30 TO 1/4 MILE OR LESS
LOWEST: 49 ON 23 3 = THUNDER
SNOW, ICE PELLETS, HAIL 4 = ICE PELLETS
TOTAL MONTH: 0.0 INCH 5 = HAIL
GRTST 24HR 0.0 6 = FREEZING RAIN OR DRIZZLE
GRTST DEPTH: 0 7 = DUSTSTORM OR SANDSTORM:
VSBY 1/2 MILE OR LESS
8 = SMOKE OR HAZE
[NO. OF DAYS WITH] [WEATHER - DAYS WITH] 9 = BLOWING SNOW
X = TORNADO
MAX 32 OR BELOW: 0 0.01 INCH OR MORE: 2
MAX 90 OR ABOVE: 25 0.10 INCH OR MORE: 2
MIN 32 OR BELOW: 0 0.50 INCH OR MORE: 1
MIN 0 OR BELOW: 0 1.00 INCH OR MORE: 0
[HDD (BASE 65) ]
TOTAL THIS MO. 0 CLEAR (SCALE 0-3) 26
DPTR FM NORMAL -3 PTCLDY (SCALE 4-7) 4
TOTAL FM JUL 1 0 CLOUDY (SCALE 8-10) 0
DPTR FM NORMAL 0
[CDD (BASE 65) ]
TOTAL THIS MO. 452
DPTR FM NORMAL 36 [PRESSURE DATA]
TOTAL FM JAN 1 2536 HIGHEST SLP M ON M
DPTR FM NORMAL -121 LOWEST SLP 29.68 ON 28
[REMARKS]
#FINAL-09-21#