000
CXUS54 KFWD 010730
CF6ACT
PRELIMINARY LOCAL CLIMATOLOGICAL DATA (WS FORM: F-6)
STATION: WACO
MONTH: JUNE
YEAR: 2021
LATITUDE: 31 37 N
LONGITUDE: 97 13 W
TEMPERATURE IN F: :PCPN: SNOW: WIND :SUNSHINE: SKY :PK WND
================================================================================
1 2 3 4 5 6A 6B 7 8 9 10 11 12 13 14 15 16 17 18
12Z AVG MX 2MIN
DY MAX MIN AVG DEP HDD CDD WTR SNW DPTH SPD SPD DIR MIN PSBL S-S WX SPD DR
================================================================================
1 79 63 71 -8 0 6 0.05 0.0 0 6.6 17 340 M M 6 1 24 340
2 84 60 72 -7 0 7 T 0.0 0 4.4 13 130 M M 3 16 130
3 78 66 72 -8 0 7 T 0.0 0 2.9 9 120 M M 4 1 13 130
4 84 69 77 -3 0 12 T 0.0 0 4.1 13 60 M M 6 1 17 60
5 86 68 77 -3 0 12 T 0.0 0 6.2 23 160 M M 5 1 30 150
6 89 67 78 -2 0 13 0.00 0.0 0 9.4 15 130 M M 4 21 160
7 86 69 78 -2 0 13 0.82 0.0 0 10.4 30 320 M M 5 138 43 320
8 92 70 81 0 0 16 0.17 0.0 0 11.2 33 140 M M 6 138 44 130
9 93 76 85 4 0 20 0.00 0.0 0 12.2 17 180 M M 4 25 190
10 92 76 84 3 0 19 0.00 0.0 0 12.7 18 180 M M 3 25 180
11 92 78 85 4 0 20 0.00 0.0 0 14.9 23 180 M M 4 30 180
12 93 73 83 1 0 18 0.00 0.0 0 6.8 14 180 M M 2 19 190
13 97 71 84 2 0 19 0.00 0.0 0 2.4 12 270 M M 1 1 16 270
14 98 74 86 4 0 21 0.00 0.0 0 4.6 17 350 M M 1 1 26 340
15 96 73 85 3 0 20 0.00 0.0 0 4.7 12 70 M M 1 1 16 30
16 96 70 83 1 0 18 0.00 0.0 0 3.5 10 120 M M 0 16 110
17 98 70 84 2 0 19 0.00 0.0 0 3.8 12 110 M M 1 14 110
18 94 72 83 1 0 18 0.00 0.0 0 6.5 13 110 M M 1 20 90
19 95 65 80 -3 0 15 0.00 0.0 0 7.0 17 180 M M 0 22 180
20 97 76 87 4 0 22 0.00 0.0 0 14.8 21 180 M M 1 28 180
21 98 72 85 2 0 20 T 0.0 0 12.3 23 30 M M 6 38 33 30
22 85 70 78 -5 0 13 T 0.0 0 6.9 15 360 M M 8 1 19 10
23 97 73 85 2 0 20 0.00 0.0 0 11.0 18 180 M M 4 18 22 170
24 99 76 88 5 0 23 0.00 0.0 0 15.0 21 180 M M 1 28 170
25 97 78 88 5 0 23 0.00 0.0 0 16.3 23 160 M M 2 31 160
26 97 79 88 4 0 23 0.00 0.0 0 15.8 25 180 M M 4 33 180
27 91 75 83 -1 0 18 0.10 0.0 M 7.5 17 180 M M 3 1 25 190
28 82 72 77 -7 0 12 1.14 0.0 M 4.9 14 110 M M 7 138 20 50
29 91 74 83 -1 0 18 0.51 0.0 M 7.8 28 180 M M 6 138 35 180
30 92 74 83 -1 0 18 0.00 0.0 M 4.9 14 90 M M 4 1 17 80
================================================================================
SM 2748 2149 0 503 2.79 0.0 251.5 M 103
================================================================================
AV 91.6 71.6 8.4 FASTST M M 3 MAX(MPH)
MISC ----> 33 140 44 130
================================================================================
NOTES:
# LAST OF SEVERAL OCCURRENCES
COLUMN 17 PEAK WIND IN M.P.H.
PRELIMINARY LOCAL CLIMATOLOGICAL DATA (WS FORM: F-6) , PAGE 2
STATION: WACO
MONTH: JUNE
YEAR: 2021
LATITUDE: 31 37 N
LONGITUDE: 97 13 W
[TEMPERATURE DATA] [PRECIPITATION DATA] SYMBOLS USED IN COLUMN 16
AVERAGE MONTHLY: 81.6 TOTAL FOR MONTH: 2.79 1 = FOG OR MIST
DPTR FM NORMAL: -0.3 DPTR FM NORMAL: -0.56 2 = FOG REDUCING VISIBILITY
HIGHEST: 99 ON 24 GRTST 24HR 1.69 ON 31- 1 TO 1/4 MILE OR LESS
LOWEST: 60 ON 2 3 = THUNDER
SNOW, ICE PELLETS, HAIL 4 = ICE PELLETS
TOTAL MONTH: 0.0 INCH 5 = HAIL
GRTST 24HR 0.0 6 = FREEZING RAIN OR DRIZZLE
GRTST DEPTH: 0 7 = DUSTSTORM OR SANDSTORM:
VSBY 1/2 MILE OR LESS
8 = SMOKE OR HAZE
[NO. OF DAYS WITH] [WEATHER - DAYS WITH] 9 = BLOWING SNOW
X = TORNADO
MAX 32 OR BELOW: 0 0.01 INCH OR MORE: 6
MAX 90 OR ABOVE: 21 0.10 INCH OR MORE: 5
MIN 32 OR BELOW: 0 0.50 INCH OR MORE: 3
MIN 0 OR BELOW: 0 1.00 INCH OR MORE: 1
[HDD (BASE 65) ]
TOTAL THIS MO. 0 CLEAR (SCALE 0-3) 13
DPTR FM NORMAL 0 PTCLDY (SCALE 4-7) 17
TOTAL FM JUL 1 2134 CLOUDY (SCALE 8-10) 0
DPTR FM NORMAL 55
[CDD (BASE 65) ]
TOTAL THIS MO. 503
DPTR FM NORMAL -4 [PRESSURE DATA]
TOTAL FM JAN 1 892 HIGHEST SLP M ON M
DPTR FM NORMAL -77 LOWEST SLP 29.70 ON 20
[REMARKS]
#FINAL-06-21#