000
CXUS56 KEKA 031325
CF6ACV
PRELIMINARY LOCAL CLIMATOLOGICAL DATA (WS FORM: F-6)
STATION: ARCATA CA
MONTH: MARCH
YEAR: 2020
LATITUDE: 40 58 N
LONGITUDE: 124 6 W
TEMPERATURE IN F: :PCPN: SNOW: WIND :SUNSHINE: SKY :PK WND
================================================================================
1 2 3 4 5 6A 6B 7 8 9 10 11 12 13 14 15 16 17 18
12Z AVG MX 2MIN
DY MAX MIN AVG DEP HDD CDD WTR SNW DPTH SPD SPD DIR MIN PSBL S-S WX SPD DR
================================================================================
1 56 33 45 -3 20 0 0.00 0.0 0 11.5 31 350 M M 0 41 350
2 59 32 46 -2 19 0 0.00 0.0 0 7.5 22 340 M M 0 1 28 360
3 58 36 47 -1 18 0 0.00 0.0 0 5.8 20 330 M M 3 2 24 330
4 52 39 46 -2 19 0 0.00 0.0 0 2.4 8 300 M M 6 28 13 280
5 52 42 47 -1 18 0 0.00 0.0 0 2.9 9 240 M M 10 28 11 240
6 55 47 51 3 14 0 0.08 M 0 3.1 12 290 M M 10 18 14 280
7 52 38 45 -3 20 0 0.09 M 0 4.3 12 260 M M 5 1 16 270
8 54 37 46 -2 19 0 T 0.0 0 3.5 10 330 M M 4 8 24 50
9 58 39 49 1 16 0 0.00 0.0 0 5.6 16 330 M M 4 21 330
10 60 36 48 0 17 0 0.00 0.0 0 6.9 21 340 M M 0 18 25 330
11 55 38 47 -1 18 0 0.00 0.0 0 4.3 16 330 M M 4 28 22 320
12 63 41 52 4 13 0 0.00 0.0 0 5.1 21 340 M M 4 18 25 330
13 54 36 45 -3 20 0 0.09 M 0 7.6 22 330 M M 5 18 27 330
14 51 41 46 -2 19 0 0.68 M 0 8.2 24 180 M M 8 1 32 200
15 50 38 44 -4 21 0 0.28 M 0 7.5 23 220 M M 7 1 27 220
16 54 32 43 -5 22 0 0.02 M 0 6.6 14 170 M M 6 16 280
17 50 43 47 -1 18 0 0.01 M 0 6.3 15 200 M M 10 8 20 200
18 54 38 46 -2 19 0 0.07 M 0 4.8 14 330 M M 5 1 17 310
19 53 33 43 -5 22 0 0.00 0.0 0 3.6 10 290 M M 2 1 20 280
20 57 36 47 -1 18 0 0.00 0.0 0 5.6 15 340 M M 0 19 320
21 56 36 46 -2 19 0 0.00 0.0 0 4.6 12 320 M M 1 18 17 310
22 54 47 51 3 14 0 0.00 0.0 0 4.0 8 270 M M 7 12 330
23 56 46 51 3 14 0 0.06 M 0 6.8 16 240 M M 10 1 18 240
24 52 42 47 -1 18 0 0.50 M 0 6.0 16 160 M M 10 1 22 160
25 51 37 44 -4 21 0 0.02 M 0 6.1 15 330 M M 4 1 18 320
26 53 32 43 -5 22 0 0.00 0.0 0 7.3 21 330 M M 1 8 25 320
27 55 36 46 -2 19 0 T M 0 4.7 9 220 M M 9 1 13 250
28 57 47 52 4 13 0 0.09 M 0 5.5 16 190 M M 10 1 19 200
29 59 49 54 6 11 0 0.01 M 0 7.9 21 220 M M 9 1 28 210
30 57 50 54 6 11 0 0.55 0.0 0 10.6 21 210 M M 10 1 26 230
31 55 41 48 0 17 0 0.25 M 0 7.0 16 330 M M 8 12 20 340
================================================================================
SM 1702 1218 549 0 2.80 0.0 183.6 M 172
================================================================================
AV 54.9 39.3 5.9 FASTST M M 6 MAX(MPH)
MISC ----> # 31 350 # 41 350
================================================================================
NOTES:
# LAST OF SEVERAL OCCURRENCES
COLUMN 17 PEAK WIND IN M.P.H.
PRELIMINARY LOCAL CLIMATOLOGICAL DATA (WS FORM: F-6) , PAGE 2
STATION: ARCATA CA
MONTH: MARCH
YEAR: 2020
LATITUDE: 40 58 N
LONGITUDE: 124 6 W
[TEMPERATURE DATA] [PRECIPITATION DATA] SYMBOLS USED IN COLUMN 16
AVERAGE MONTHLY: 47.1 TOTAL FOR MONTH: 2.80 1 = FOG OR MIST
DPTR FM NORMAL: -0.7 DPTR FM NORMAL: -3.48 2 = FOG REDUCING VISIBILITY
HIGHEST: 63 ON 12 GRTST 24HR 0.78 ON 14-15 TO 1/4 MILE OR LESS
LOWEST: 32 ON 26,16 3 = THUNDER
SNOW, ICE PELLETS, HAIL 4 = ICE PELLETS
TOTAL MONTH: 0.0 INCH 5 = HAIL
GRTST 24HR 0.0 6 = FREEZING RAIN OR DRIZZLE
GRTST DEPTH: 0 7 = DUSTSTORM OR SANDSTORM:
VSBY 1/2 MILE OR LESS
8 = SMOKE OR HAZE
[NO. OF DAYS WITH] [WEATHER - DAYS WITH] 9 = BLOWING SNOW
X = TORNADO
MAX 32 OR BELOW: 0 0.01 INCH OR MORE: 15
MAX 90 OR ABOVE: 0 0.10 INCH OR MORE: 5
MIN 32 OR BELOW: 3 0.50 INCH OR MORE: 3
MIN 0 OR BELOW: 0 1.00 INCH OR MORE: 0
[HDD (BASE 65) ]
TOTAL THIS MO. 549 CLEAR (SCALE 0-3) 8
DPTR FM NORMAL 16 PTCLDY (SCALE 4-7) 13
TOTAL FM JUL 1 3313 CLOUDY (SCALE 8-10) 10
DPTR FM NORMAL -525
[CDD (BASE 65) ]
TOTAL THIS MO. 0
DPTR FM NORMAL 0 [PRESSURE DATA]
TOTAL FM JAN 1 0 HIGHEST SLP 30.35 ON 2
DPTR FM NORMAL 0 LOWEST SLP 29.75 ON 13
[REMARKS]
#FINAL-03-20#