000
CXUS51 KPHI 010815
CF6ACY
PRELIMINARY LOCAL CLIMATOLOGICAL DATA (WS FORM: F-6)
STATION: ATLANTIC CITY AIRPORT NJ
MONTH: AUGUST
YEAR: 2023
LATITUDE: 39 27 N
LONGITUDE: 74 34 W
TEMPERATURE IN F: :PCPN: SNOW: WIND :SUNSHINE: SKY :PK WND
================================================================================
1 2 3 4 5 6A 6B 7 8 9 10 11 12 13 14 15 16 17 18
12Z AVG MX 2MIN
DY MAX MIN AVG DEP HDD CDD WTR SNW DPTH SPD SPD DIR MIN PSBL S-S WX SPD DR
================================================================================
1 78 62 70 -7 0 5 0.00 0.0 0 8.1 14 90 M M 0 20 100
2 79 57 68 -8 0 3 0.00 0.0 0 1.5 9 180 M M 0 14 180
3 78 57 68 -8 0 3 0.00 0.0 0 2.0 11 200 M M 1 16 160
4 74 68 71 -5 0 6 0.02 0.0 0 1.3 10 160 M M 5 15 30
5 83 69 76 0 0 11 0.00 0.0 0 0.6 7 180 M M 1 10 90
6 84 65 75 -1 0 10 0.00 0.0 0 6.3 14 170 M M 1 21 150
7 82 69 76 0 0 11 0.75 0.0 0 10.3 28 290 M M 7 13 39 280
8 81 71 76 0 0 11 0.00 0.0 0 10.6 23 280 M M 5 1 34 280
9 87 66 77 1 0 12 0.00 0.0 0 9.6 20 270 M M 0 29 300
10 82 70 76 0 0 11 0.47 0.0 0 8.1 16 200 M M 4 13 25 210
11 85 66 76 0 0 11 0.00 0.0 0 7.5 15 220 M M 1 1 21 290
12 86 65 76 0 0 11 0.00 0.0 0 7.8 18 200 M M 2 26 170
13 90 68 79 3 0 14 0.00 0.0 0 9.1 21 280 M M 0 30 300
14 89 65 77 2 0 12 0.08 0.0 0 4.9 16 170 M M 4 13 27 150
15 92 73 83 8 0 18 0.11 0.0 0 8.0 16 280 M M 4 1 22 250
16 83 70 77 2 0 12 0.02 0.0 0 5.2 15 100 M M 6 1 20 80
17 84 68 76 1 0 11 0.00 0.0 0 6.1 16 180 M M 4 12 22 170
18 84 64 74 -1 0 9 0.12 0.0 0 11.2 24 310 M M 4 1 33 280
19 81 58 70 -5 0 5 0.00 0.0 0 8.3 21 290 M M 0 27 290
20 87 57 72 -3 0 7 0.00 0.0 0 6.2 16 210 M M 0 22 220
21 92 70 81 7 0 16 0.00 0.0 0 6.0 15 290 M M 3 12 19 290
22 81 59 70 -4 0 5 0.00 0.0 0 7.0 18 60 M M 3 26 70
23 81 57 69 -5 0 4 0.00 0.0 0 6.1 15 90 M M 3 1 20 100
24 75 66 71 -3 0 6 0.01 0.0 0 5.5 13 170 M M 10 24 190
25 84 74 79 5 0 14 0.01 0.0 0 10.4 17 180 M M 5 1 27 190
26 88 67 78 4 0 13 0.01 0.0 0 5.3 14 110 M M 4 20 90
27 86 64 75 1 0 10 0.00 0.0 0 5.8 15 80 M M 0 20 80
28 80 65 73 0 0 8 0.00 0.0 0 8.4 17 90 M M 7 1 24 100
29 79 71 75 2 0 10 0.05 0.0 0 6.6 13 60 M M 10 1 18 30
30 85 68 77 4 0 12 0.55 0.0 0 7.5 18 280 M M 5 1 25 300
31 78 57 68 -5 0 3 0.00 0.0 0 9.0 13 350 M M 0 19 340
================================================================================
SM 2578 2026 0 294 2.20 0.0 210.3 M 99
================================================================================
AV 83.2 65.4 6.8 FASTST M M 3 MAX(MPH)
MISC ----> 28 290 39 280
================================================================================
NOTES:
# LAST OF SEVERAL OCCURRENCES
COLUMN 17 PEAK WIND IN M.P.H.
PRELIMINARY LOCAL CLIMATOLOGICAL DATA (WS FORM: F-6) , PAGE 2
STATION: ATLANTIC CITY AIRPORT NJ
MONTH: AUGUST
YEAR: 2023
LATITUDE: 39 27 N
LONGITUDE: 74 34 W
[TEMPERATURE DATA] [PRECIPITATION DATA] SYMBOLS USED IN COLUMN 16
AVERAGE MONTHLY: 74.3 TOTAL FOR MONTH: 2.20 1 = FOG OR MIST
DPTR FM NORMAL: -0.7 DPTR FM NORMAL: -2.39 2 = FOG REDUCING VISIBILITY
HIGHEST: 92 ON 21,15 GRTST 24HR 0.75 ON 7- 7 TO 1/4 MILE OR LESS
LOWEST: 57 ON 31,23 3 = THUNDER
SNOW, ICE PELLETS, HAIL 4 = ICE PELLETS
TOTAL MONTH: 0.0 INCH 5 = HAIL
GRTST 24HR 0.0 6 = FREEZING RAIN OR DRIZZLE
GRTST DEPTH: 0 7 = DUSTSTORM OR SANDSTORM:
VSBY 1/2 MILE OR LESS
8 = SMOKE OR HAZE
[NO. OF DAYS WITH] [WEATHER - DAYS WITH] 9 = BLOWING SNOW
X = TORNADO
MAX 32 OR BELOW: 0 0.01 INCH OR MORE: 12
MAX 90 OR ABOVE: 3 0.10 INCH OR MORE: 5
MIN 32 OR BELOW: 0 0.50 INCH OR MORE: 2
MIN 0 OR BELOW: 0 1.00 INCH OR MORE: 0
[HDD (BASE 65) ]
TOTAL THIS MO. 0 CLEAR (SCALE 0-3) 14
DPTR FM NORMAL -1 PTCLDY (SCALE 4-7) 15
TOTAL FM JUL 1 0 CLOUDY (SCALE 8-10) 2
DPTR FM NORMAL 0
[CDD (BASE 65) ]
TOTAL THIS MO. 294
DPTR FM NORMAL -17 [PRESSURE DATA]
TOTAL FM JAN 1 863 HIGHEST SLP 30.15 ON 23
DPTR FM NORMAL -105 LOWEST SLP 29.61 ON 10
[REMARKS]
#FINAL-08-23#