000
CXUS54 KLCH 010830
CF6AEX
PRELIMINARY LOCAL CLIMATOLOGICAL DATA (WS FORM: F-6)
STATION: ALEXANDRIA
MONTH: SEPTEMBER
YEAR: 2023
LATITUDE: 31 19 N
LONGITUDE: 92 33 W
TEMPERATURE IN F: :PCPN: SNOW: WIND :SUNSHINE: SKY :PK WND
================================================================================
1 2 3 4 5 6A 6B 7 8 9 10 11 12 13 14 15 16 17 18
12Z AVG MX 2MIN
DY MAX MIN AVG DEP HDD CDD WTR SNW DPTH SPD SPD DIR MIN PSBL S-S WX SPD DR
================================================================================
1 101 65 83 2 0 18 0.00 0.0 M 4.7 14 300 M M 0 19 300
2 100 74 87 6 0 22 0.30 0.0 M 4.8 25 150 M M 3 3 33 140
3 100 76 88 7 0 23 0.00 0.0 M 5.7 15 120 M M 1 18 26 130
4 97 76 87 6 0 22 0.32 0.0 M 7.1 33 310 M M 2 13 39 320
5 100 77 89 9 0 24 T 0.0 M 6.5 25 160 M M 2 1 32 150
6 101 77 89 9 0 24 T 0.0 M 3.5 15 40 M M 1 38 19 30
7 105 78 92 12 0 27 0.35 0.0 M 5.2 37 260 M M 1 38 50 270
8 93 73 83 3 0 18 0.05 0.0 M 4.9 26 30 M M 1 138 48 20
9 95 72 84 4 0 19 0.00 0.0 M 6.3 14 40 M M 0 18 18 30
10 92 64 78 -1 0 13 0.00 0.0 M 6.2 16 10 M M 0 30 80
11 95 61 78 -1 0 13 0.00 0.0 M 1.7 9 320 M M 0 16 350
12 97 68 83 4 0 18 0.00 0.0 M 4.6 13 270 M M 1 19 360
13 82 71 77 -2 0 12 T 0.0 M 4.1 16 20 M M 4 23 20
14 85 72 79 1 0 14 T 0.0 M 3.8 10 20 M M 7 18 14 10
15 93 71 82 4 0 17 0.00 0.0 M 3.9 10 20 M M 5 17 30
16 95 67 81 3 0 16 0.00 0.0 M 4.6 16 320 M M 1 23 310
17 96 65 81 3 0 16 0.00 0.0 M 5.0 18 330 M M 1 26 300
18 96 60 78 1 0 13 0.00 0.0 M 3.1 12 50 M M 0 17 360
19 97 66 82 5 0 17 0.00 0.0 M 5.3 14 140 M M 0 19 150
20 96 67 82 5 0 17 T 0.0 M 6.0 16 100 M M 0 23 130
21 97 69 83 7 0 18 0.00 0.0 M 4.0 12 120 M M 1 16 130
22 98 72 85 9 0 20 0.31 0.0 M 4.2 16 320 M M 1 20 40
23 100 72 86 10 0 21 0.00 0.0 M 2.0 10 120 M M 0 18 13 310
24 92 78 85 9 0 20 0.01 0.0 M 5.8 14 130 M M 3 3 20 350
25 91 74 83 8 0 18 0.35 0.0 M 4.5 21 320 M M 3 13 25 320
26 98 72 85 10 0 20 0.07 0.0 M 4.0 22 110 M M 2 138 30 110
27 99 72 86 11 0 21 T 0.0 M 3.8 14 120 M M 1 13 20 120
28 96 75 86 12 0 21 0.00 0.0 M 6.1 14 40 M M 0 20 40
29 97 71 84 10 0 19 0.00 0.0 0 5.0 12 80 M M 0 17 60
30 98 67 83 9 0 18 0.00 0.0 0 4.2 15 70 M M 0 20 60
================================================================================
SM 2882 2122 0 559 1.76 0.0 140.6 M 41
================================================================================
AV 96.1 70.7 4.7 FASTST M M 1 MAX(MPH)
MISC ----> 37 260 50 270
================================================================================
NOTES:
# LAST OF SEVERAL OCCURRENCES
COLUMN 17 PEAK WIND IN M.P.H.
PRELIMINARY LOCAL CLIMATOLOGICAL DATA (WS FORM: F-6) , PAGE 2
STATION: ALEXANDRIA
MONTH: SEPTEMBER
YEAR: 2023
LATITUDE: 31 19 N
LONGITUDE: 92 33 W
[TEMPERATURE DATA] [PRECIPITATION DATA] SYMBOLS USED IN COLUMN 16
AVERAGE MONTHLY: 83.4 TOTAL FOR MONTH: 1.76 1 = FOG OR MIST
DPTR FM NORMAL: 5.6 DPTR FM NORMAL: -1.63 2 = FOG REDUCING VISIBILITY
HIGHEST: 105 ON 7 GRTST 24HR 0.39 ON 7- 8 TO 1/4 MILE OR LESS
LOWEST: 60 ON 18 3 = THUNDER
SNOW, ICE PELLETS, HAIL 4 = ICE PELLETS
TOTAL MONTH: 0.0 INCH 5 = HAIL
GRTST 24HR 0.0 6 = FREEZING RAIN OR DRIZZLE
GRTST DEPTH: 0 7 = DUSTSTORM OR SANDSTORM:
VSBY 1/2 MILE OR LESS
8 = SMOKE OR HAZE
[NO. OF DAYS WITH] [WEATHER - DAYS WITH] 9 = BLOWING SNOW
X = TORNADO
MAX 32 OR BELOW: 0 0.01 INCH OR MORE: 8
MAX 90 OR ABOVE: 28 0.10 INCH OR MORE: 5
MIN 32 OR BELOW: 0 0.50 INCH OR MORE: 0
MIN 0 OR BELOW: 0 1.00 INCH OR MORE: 0
[HDD (BASE 65) ]
TOTAL THIS MO. 0 CLEAR (SCALE 0-3) 25
DPTR FM NORMAL -2 PTCLDY (SCALE 4-7) 5
TOTAL FM JUL 1 0 CLOUDY (SCALE 8-10) 0
DPTR FM NORMAL 0
[CDD (BASE 65) ]
TOTAL THIS MO. 559
DPTR FM NORMAL 173 [PRESSURE DATA]
TOTAL FM JAN 1 3228 HIGHEST SLP 30.11 ON 30
DPTR FM NORMAL 798 LOWEST SLP 29.80 ON 7
[REMARKS]
#FINAL-09-23#