000
CXUS52 KCAE 041302
CF6AGS
PRELIMINARY LOCAL CLIMATOLOGICAL DATA (WS FORM: F-6)
STATION: AUGUSTA BUSH FIELD GA
MONTH: FEBRUARY
YEAR: 2024
LATITUDE: 33 22 N
LONGITUDE: 81 58 W
TEMPERATURE IN F: :PCPN: SNOW: WIND :SUNSHINE: SKY :PK WND
================================================================================
1 2 3 4 5 6A 6B 7 8 9 10 11 12 13 14 15 16 17 18
12Z AVG MX 2MIN
DY MAX MIN AVG DEP HDD CDD WTR SNW DPTH SPD SPD DIR MIN PSBL S-S WX SPD DR
================================================================================
1 63 27 45 -3 20 0 0.00 0.0 0 2.4 14 210 M M 2 128 21 230
2 70 32 51 3 14 0 0.00 0.0 0 0.8 7 360 M M 0 18 11 330
3 62 38 50 1 15 0 0.00 0.0 0 6.1 15 90 M M 0 21 70
4 52 35 44 -5 21 0 0.55 0.0 0 9.0 18 60 M M 6 1 27 50
5 55 37 46 -3 19 0 0.36 0.0 0 8.3 20 50 M M 8 18 26 50
6 59 29 44 -5 21 0 0.00 0.0 M 7.8 22 10 M M 0 18 31 10
7 59 29 44 -5 21 0 0.00 0.0 0 3.7 12 30 M M 0 1 16 20
8 60 26 43 -6 22 0 0.00 0.0 0 1.5 9 140 M M 0 18 15 140
9 64 38 51 1 14 0 0.00 0.0 0 0.9 9 240 M M 0 18 12 240
10 72 42 57 7 8 0 0.00 0.0 0 3.5 18 220 M M 5 12 28 230
11 64 57 61 11 4 0 0.49 0.0 0 7.0 20 190 M M 9 12 24 200
12 62 57 60 10 5 0 1.95 0.0 0 6.9 16 240 M M 10 123 25 120
13 62 37 50 0 15 0 T 0.0 0 12.5 30 280 M M 2 42 290
14 66 33 50 -1 15 0 0.00 0.0 0 1.9 7 220 M M 0 12 200
15 70 34 52 1 13 0 0.00 0.0 0 4.4 18 250 M M 0 18 26 250
16 70 38 54 3 11 0 0.00 0.0 0 3.4 12 200 M M 0 18 16 210
17 59 46 53 2 12 0 0.00 0.0 0 9.2 18 320 M M 4 23 320
18 50 33 42 -9 23 0 0.00 0.0 0 3.5 12 360 M M 0 15 350
19 58 29 44 -8 21 0 0.00 0.0 0 1.1 9 60 M M 2 18 11 360
20 64 26 45 -7 20 0 0.00 0.0 0 1.2 9 110 M M 0 18 14 130
21 64 28 46 -6 19 0 0.00 0.0 0 0.3 6 30 M M 0 18 10 20
22 70 31 51 -1 14 0 0.00 0.0 0 6.5 21 210 M M 0 18 27 190
23 73 53 63 10 2 0 0.01 0.0 0 13.0 24 290 M M 4 1 34 300
24 67 44 56 3 9 0 T 0.0 0 12.6 29 310 M M 1 8 45 310
25 61 30 46 -7 19 0 0.00 0.0 0 2.9 9 200 M M 0 12 190
26 74 29 52 -1 13 0 0.00 0.0 0 5.9 14 190 M M 0 8 20 180
27 72 42 57 3 8 0 T 0.0 0 7.7 14 220 M M 3 8 23 220
28 77 48 63 9 2 0 0.12 0.0 0 M M M M M M 1 40 290
29 57 41 49 -5 16 0 0.00 0.0 0 M M M M M 0 10 60
================================================================================
SM 1856 1069 416 0 3.48 0.0 144.0 M 56
================================================================================
AV 64.0 36.9 5.3 FASTST M M 2 MAX(MPH)
MISC ----> 30 280 45 310
================================================================================
NOTES:
# LAST OF SEVERAL OCCURRENCES
COLUMN 17 PEAK WIND IN M.P.H.
PRELIMINARY LOCAL CLIMATOLOGICAL DATA (WS FORM: F-6) , PAGE 2
STATION: AUGUSTA BUSH FIELD GA
MONTH: FEBRUARY
YEAR: 2024
LATITUDE: 33 22 N
LONGITUDE: 81 58 W
[TEMPERATURE DATA] [PRECIPITATION DATA] SYMBOLS USED IN COLUMN 16
AVERAGE MONTHLY: 50.4 TOTAL FOR MONTH: 3.48 1 = FOG OR MIST
DPTR FM NORMAL: -0.4 DPTR FM NORMAL: -0.19 2 = FOG REDUCING VISIBILITY
HIGHEST: 77 ON 28 GRTST 24HR 2.28 ON 11-12 TO 1/4 MILE OR LESS
LOWEST: 26 ON 20, 8 3 = THUNDER
SNOW, ICE PELLETS, HAIL 4 = ICE PELLETS
TOTAL MONTH: 0.0 INCH 5 = HAIL
GRTST 24HR 0.0 6 = FREEZING RAIN OR DRIZZLE
GRTST DEPTH: 0 7 = DUSTSTORM OR SANDSTORM:
VSBY 1/2 MILE OR LESS
8 = SMOKE OR HAZE
[NO. OF DAYS WITH] [WEATHER - DAYS WITH] 9 = BLOWING SNOW
X = TORNADO
MAX 32 OR BELOW: 0 0.01 INCH OR MORE: 6
MAX 90 OR ABOVE: 0 0.10 INCH OR MORE: 5
MIN 32 OR BELOW: 11 0.50 INCH OR MORE: 2
MIN 0 OR BELOW: 0 1.00 INCH OR MORE: 1
[HDD (BASE 65) ]
TOTAL THIS MO. 416 CLEAR (SCALE 0-3) 21
DPTR FM NORMAL 13 PTCLDY (SCALE 4-7) 5
TOTAL FM JUL 1 1888 CLOUDY (SCALE 8-10) 3
DPTR FM NORMAL 43
[CDD (BASE 65) ]
TOTAL THIS MO. 0
DPTR FM NORMAL -6 [PRESSURE DATA]
TOTAL FM JAN 1 8 HIGHEST SLP 30.44 ON 29
DPTR FM NORMAL -2 LOWEST SLP 29.55 ON 23
[REMARKS]
#FINAL-02-24#