000
CXUS55 KCAE 011400
CF6AGS
PRELIMINARY LOCAL CLIMATOLOGICAL DATA (WS FORM: F-6)
STATION: AUGUSTA BUSH FIELD GA
MONTH: MARCH
YEAR: 2020
LATITUDE: 33 22 N
LONGITUDE: 81 58 W
TEMPERATURE IN F: :PCPN: SNOW: WIND :SUNSHINE: SKY :PK WND
================================================================================
1 2 3 4 5 6A 6B 7 8 9 10 11 12 13 14 15 16 17 18
12Z AVG MX 2MIN
DY MAX MIN AVG DEP HDD CDD WTR SNW DPTH SPD SPD DIR MIN PSBL S-S WX SPD DR
================================================================================
1 66 25 46 -6 19 0 0.00 0.0 0 2.7 10 90 M M 0 12 190
2 72 37 55 2 10 0 0.54 M 0 3.9 21 200 M M 5 1 27 210
3 72 58 65 12 0 0 0.50 0.0 0 9.6 23 230 M M 9 1 34 220
4 65 56 61 8 4 0 0.61 0.0 0 3.3 10 80 M M 10 13 13 250
5 57 49 53 0 12 0 1.10 0.0 0 8.5 20 50 M M 9 1 23 50
6 64 43 54 0 11 0 0.00 0.0 0 15.9 32 330 M M 3 40 320
7 62 32 47 -7 18 0 0.00 0.0 0 5.9 20 10 M M 0 25 10
8 65 31 48 -6 17 0 0.00 0.0 0 2.3 13 130 M M 0 1 17 180
9 76 37 57 3 8 0 0.00 0.0 0 5.2 17 180 M M 3 22 200
10 76 53 65 10 0 0 T 0.0 0 4.3 17 210 M M 6 22 210
11 81 49 65 10 0 0 0.01 0.0 0 4.7 18 270 M M 4 12 24 240
12 82 51 67 12 0 2 T 0.0 0 4.1 13 220 M M 4 12 17 220
13 85 63 74 19 0 9 T 0.0 0 6.3 17 320 M M 3 24 310
14 84 60 72 16 0 7 0.00 0.0 0 4.3 14 350 M M 4 1 19 100
15 73 55 64 8 1 0 T 0.0 0 6.3 15 340 M M 6 18 320
16 64 53 59 3 6 0 0.01 0.0 0 6.4 15 80 M M 10 19 80
17 75 56 66 10 0 1 T 0.0 0 3.1 12 310 M M 7 12 19 300
18 80 51 66 10 0 1 T 0.0 0 5.5 16 190 M M 8 128 21 190
19 89 60 75 18 0 10 0.00 0.0 0 6.3 16 230 M M 5 12 21 220
20 87 63 75 18 0 10 0.00 0.0 0 8.5 20 200 M M 1 18 26 200
21 87 64 76 19 0 11 0.00 0.0 0 8.0 17 270 M M 2 23 270
22 66 54 60 3 5 0 0.37 0.0 0 6.3 17 70 M M 7 1 27 50
23 64 53 59 1 6 0 1.47 0.0 0 4.2 10 340 M M 10 13 12 70
24 71 63 67 9 0 2 0.09 0.0 0 4.0 12 20 M M 10 12 M M
25 82 57 70 12 0 5 0.39 0.0 0 6.4 23 300 M M 4 13 28 300
26 77 52 65 7 0 0 0.00 0.0 0 6.9 13 160 M M 0 1 18 130
27 86 59 73 15 0 8 0.00 0.0 0 6.6 15 210 M M 2 12 21 240
28 89 60 75 16 0 10 0.00 0.0 0 7.0 18 210 M M 1 12 25 210
29 88 61 75 16 0 10 T 0.0 0 7.6 18 230 M M 3 1 26 210
30 84 57 71 12 0 6 0.00 0.0 0 3.9 14 310 M M 0 8 18 330
31 71 53 62 3 3 0 0.24 0.0 0 6.5 26 340 M M 7 1 33 320
================================================================================
SM 2340 1615 120 92 5.33 0.0 184.5 M 143
================================================================================
AV 75.5 52.1 6.0 FASTST M M 5 MAX(MPH)
MISC ----> # 32 330 # 40 320
================================================================================
NOTES:
# LAST OF SEVERAL OCCURRENCES
COLUMN 17 PEAK WIND IN M.P.H.
PRELIMINARY LOCAL CLIMATOLOGICAL DATA (WS FORM: F-6) , PAGE 2
STATION: AUGUSTA BUSH FIELD GA
MONTH: MARCH
YEAR: 2020
LATITUDE: 33 22 N
LONGITUDE: 81 58 W
[TEMPERATURE DATA] [PRECIPITATION DATA] SYMBOLS USED IN COLUMN 16
AVERAGE MONTHLY: 63.8 TOTAL FOR MONTH: 5.33 1 = FOG OR MIST
DPTR FM NORMAL: 7.9 DPTR FM NORMAL: 1.15 2 = FOG REDUCING VISIBILITY
HIGHEST: 89 ON 28,19 GRTST 24HR 1.47 ON 23-23 TO 1/4 MILE OR LESS
LOWEST: 25 ON 1 3 = THUNDER
SNOW, ICE PELLETS, HAIL 4 = ICE PELLETS
TOTAL MONTH: 0.0 INCH 5 = HAIL
GRTST 24HR 0.0 6 = FREEZING RAIN OR DRIZZLE
GRTST DEPTH: 0 7 = DUSTSTORM OR SANDSTORM:
VSBY 1/2 MILE OR LESS
8 = SMOKE OR HAZE
[NO. OF DAYS WITH] [WEATHER - DAYS WITH] 9 = BLOWING SNOW
X = TORNADO
MAX 32 OR BELOW: 0 0.01 INCH OR MORE: 11
MAX 90 OR ABOVE: 0 0.10 INCH OR MORE: 8
MIN 32 OR BELOW: 3 0.50 INCH OR MORE: 5
MIN 0 OR BELOW: 0 1.00 INCH OR MORE: 2
[HDD (BASE 65) ]
TOTAL THIS MO. 120 CLEAR (SCALE 0-3) 13
DPTR FM NORMAL -176 PTCLDY (SCALE 4-7) 11
TOTAL FM JUL 1 1652 CLOUDY (SCALE 8-10) 7
DPTR FM NORMAL -676
[CDD (BASE 65) ]
TOTAL THIS MO. 92
DPTR FM NORMAL 77 [PRESSURE DATA]
TOTAL FM JAN 1 128 HIGHEST SLP 30.64 ON 8
DPTR FM NORMAL 110 LOWEST SLP 29.57 ON 31
[REMARKS]
#FINAL-03-20#