000
CXUS55 KCYS 022215 CCA
CF6AIA
PRELIMINARY LOCAL CLIMATOLOGICAL DATA (WS FORM: F-6)...CORRECTED
STATION: ALLIANCE NEBRASKA AIRPORT
MONTH: FEBRUARY
YEAR: 2023
LATITUDE: 42 2 N
LONGITUDE: 102 48 W
TEMPERATURE IN F: :PCPN: SNOW: WIND :SUNSHINE: SKY :PK WND
================================================================================
1 2 3 4 5 6A 6B 7 8 9 10 11 12 13 14 15 16 17 18
12Z AVG MX 2MIN
DY MAX MIN AVG DEP HDD CDD WTR SNW DPTH SPD SPD DIR MIN PSBL S-S WX SPD DR
================================================================================
1 32 -3 15 -10 50 0 0.00 M M 9.7 16 270 M M 0 8 20 260
2 26 4 15 -10 50 0 0.00 M M 7.3 20 170 M M 0 1 24 170
3 40 2 21 -4 44 0 0.00 M M 11.5 25 270 M M 0 1 31 290
4 38 18 28 3 37 0 0.00 M M 10.6 24 280 M M 0 28 290
5 37 11 24 -1 41 0 0.00 M M 9.3 23 150 M M 0 27 160
6 38 14 26 1 39 0 0.00 M M 15.2 26 290 M M 3 33 310
7 37 16 27 2 38 0 0.00 M M 8.6 16 270 M M 0 19 270
8 39 17 28 3 37 0 T M M 12.1 22 350 M M 3 1 30 350
9 31 6 19 -6 46 0 T M M 16.1 31 340 M M 6 18 40 340
10 38 5 22 -3 43 0 0.00 M M 8.7 17 220 M M 0 22 230
11 48 12 30 5 35 0 0.00 M M 2.8 9 350 M M 0 11 340
12 43 21 32 7 33 0 0.00 M M 6.0 12 280 M M 0 14 290
13 M 17 M M M M M M M 6.1 16 150 M M 0 23 150
14 M M M M M M M M M 6.2 9 140 M M 2 M M
15 21 13 17 -9 48 0 T M M 14.9 26 340 M M 8 8 33 340
16 33 5 19 -7 46 0 0.00 M M 9.5 20 310 M M 1 25 310
17 43 11 27 1 38 0 0.00 M M 9.8 20 260 M M 0 M M
18 M M M M M M 0.00 M M M M M M M M M M
19 M M M M M M M M M 8.1 12 290 M M 1 M M
20 M 24 M M M M M M M 17.3 35 300 M M 8 43 300
21 50 5 28 1 37 0 T M M 17.7 36 20 M M 7 1 46 10
22 5 -9 -2 -30 67 0 M M M 23.7 32 10 M M 10 18 40 20
23 M M M M M M M M M 11.3 17 340 M M 1 8 22 350
24 M M M M M M M M M 11.2 23 180 M M 1 8 27 170
25 42 0 21 -8 44 0 0.00 M M 9.5 20 220 M M 0 25 210
26 43 19 31 2 34 0 0.00 M M 6.8 18 290 M M 0 24 300
27 47 28 38 8 27 0 0.00 M M 12.7 26 280 M M 0 36 280
28 50 28 39 9 26 0 0.00 M M 19.9 37 260 M M 4 48 260
================================================================================
SM 781 264 860 0 T M 302.6 M 55
================================================================================
AV 37.2 11.5 11.2 FASTST M M 2 MAX(MPH)
MISC ----> 37 260 48 260
================================================================================
NOTES:
# LAST OF SEVERAL OCCURRENCES
COLUMN 17 PEAK WIND IN M.P.H.
PRELIMINARY LOCAL CLIMATOLOGICAL DATA (WS FORM: F-6) , PAGE 2
STATION: ALLIANCE NEBRASKA AIRPORT
MONTH: FEBRUARY
YEAR: 2023
LATITUDE: 42 2 N
LONGITUDE: 102 48 W
[TEMPERATURE DATA] [PRECIPITATION DATA] SYMBOLS USED IN COLUMN 16
AVERAGE MONTHLY: 24.3 TOTAL FOR MONTH: T 1 = FOG OR MIST
DPTR FM NORMAL: -2.0 DPTR FM NORMAL: -0.28 2 = FOG REDUCING VISIBILITY
HIGHEST: 50 ON 28,21 GRTST 24HR T ON 8- 8 TO 1/4 MILE OR LESS
LOWEST: -9 ON 22 3 = THUNDER
SNOW, ICE PELLETS, HAIL 4 = ICE PELLETS
TOTAL MONTH: M 5 = HAIL
GRTST 24HR M ON M 6 = FREEZING RAIN OR DRIZZLE
GRTST DEPTH: M ON M 7 = DUSTSTORM OR SANDSTORM:
VSBY 1/2 MILE OR LESS
8 = SMOKE OR HAZE
[NO. OF DAYS WITH] [WEATHER - DAYS WITH] 9 = BLOWING SNOW
X = TORNADO
MAX 32 OR BELOW: 5 0.01 INCH OR MORE: 0
MAX 90 OR ABOVE: 0 0.10 INCH OR MORE: 0
MIN 32 OR BELOW: 23 0.50 INCH OR MORE: 0
MIN 0 OR BELOW: 3 1.00 INCH OR MORE: 0
[HDD (BASE 65) ]
TOTAL THIS MO. 860 CLEAR (SCALE 0-3) 21
DPTR FM NORMAL -222 PTCLDY (SCALE 4-7) 4
TOTAL FM JUL 1 5394 CLOUDY (SCALE 8-10) 3
DPTR FM NORMAL -19
[CDD (BASE 65) ]
TOTAL THIS MO. 0
DPTR FM NORMAL 0 [PRESSURE DATA]
TOTAL FM JAN 1 0 HIGHEST SLP 30.58 ON 10
DPTR FM NORMAL 0 LOWEST SLP 29.20 ON 14
[REMARKS]
#FINAL-02-23#
INTERMITTENT ASOS OUTAGES BETWEEN 2/13 AND 2/24 RESULTED IN
SEVERAL INSTANCES OF MISSING HIGHS, LOWS AND PRECIPITATION.