000
CXUS55 KCYS 061758
CF6AIA
PRELIMINARY LOCAL CLIMATOLOGICAL DATA (WS FORM: F-6) ...CORRECTED...
STATION: ALLIANCE NEBRASKA AIRPORT
MONTH: JANUARY
YEAR: 2021
LATITUDE: 42 2 N
LONGITUDE: 102 48 W
TEMPERATURE IN F: :PCPN: SNOW: WIND :SUNSHINE: SKY :PK WND
================================================================================
1 2 3 4 5 6A 6B 7 8 9 10 11 12 13 14 15 16 17 18
12Z AVG MX 2MIN
DY MAX MIN AVG DEP HDD CDD WTR SNW DPTH SPD SPD DIR MIN PSBL S-S WX SPD DR
================================================================================
1 42 13 28 5 37 0 0.00 M M 5.2 10 240 M M 1 12 300
2 45 11 28 5 37 0 0.00 M M 9.2 17 300 M M 1 23 300
3 47 17 32 8 33 0 0.00 M M 11.1 26 280 M M 3 35 280
4 48 19 34 10 31 0 0.01 M M 9.8 18 290 M M 1 26 300
5 48 19 34 10 31 0 0.00 M M 12.5 24 330 M M 6 34 330
6 43 11 27 3 38 0 0.00 M M 11.0 21 320 M M 0 28 320
7 39 5 22 -2 43 0 0.00 M M 6.7 15 150 M M 2 19 150
8 39 22 31 7 34 0 T M M 6.0 12 20 M M 9 1 14 20
9 33 27 30 6 35 0 T M M 4.4 9 30 M M 10 1 11 60
10 39 14 27 3 38 0 0.00 M M 6.8 15 240 M M 5 20 240
11 48 8 28 4 37 0 0.00 M M 11.2 21 280 M M 0 25 300
12 53 14 34 10 31 0 0.00 M M 9.1 17 270 M M 0 23 260
13 57 23 40 16 25 0 T M M 17.6 56 320 M M 1 8 77 320
14 36 26 31 7 34 0 0.02 M M 31.6 47 320 M M 2 18 77 320
15 37 13 25 1 40 0 0.00 M M 22.4 45 320 M M 0 62 330
16 45 17 31 7 34 0 0.00 M M 17.1 33 340 M M 2 45 310
17 45 12 29 5 36 0 0.00 M M 12.0 23 280 M M 4 29 310
18 43 8 26 2 39 0 0.00 M M 18.0 37 300 M M 2 48 290
19 38 9 24 0 41 0 0.00 M M 13.5 29 310 M M 3 39 310
20 59 14 37 13 28 0 0.00 M M 12.8 30 300 M M 0 8 41 310
21 40 13 27 3 38 0 T M M 6.3 14 20 M M 5 18 30
22 37 21 29 4 36 0 T M M 9.8 21 170 M M 7 1 27 170
23 32 12 22 -3 43 0 T M M 12.6 28 160 M M 9 18 37 170
24 34 6 20 -5 45 0 0.00 M M 12.0 25 180 M M 5 32 180
25 24 15 20 -5 45 0 T M M 10.4 18 10 M M 10 1 23 10
26 18 3 11 -14 54 0 T M M 7.3 15 150 M M 8 1 20 150
27 39 1 20 -5 45 0 0.00 M M 10.5 18 160 M M 0 1 25 150
28 52 6 29 4 36 0 0.00 M M 6.1 16 180 M M 0 1 21 180
29 61 14 38 13 27 0 0.00 M M 3.9 13 340 M M 0 1 15 340
30 45 18 32 7 33 0 0.00 M M 9.8 24 340 M M 2 33 340
31 47 13 30 5 35 0 0.00 M M 7.9 21 300 M M 1 27 290
================================================================================
SM 1313 424 1139 0 0.03 M 344.6 M 99
================================================================================
AV 42.4 13.7 11.1 FASTST M M 3 MAX(MPH)
MISC ----> 56 320 # 77 320
================================================================================
NOTES:
# LAST OF SEVERAL OCCURRENCES
COLUMN 17 PEAK WIND IN M.P.H.
PRELIMINARY LOCAL CLIMATOLOGICAL DATA (WS FORM: F-6) , PAGE 2
STATION: ALLIANCE NEBRASKA AIRPORT
MONTH: JANUARY
YEAR: 2021
LATITUDE: 42 2 N
LONGITUDE: 102 48 W
[TEMPERATURE DATA] [PRECIPITATION DATA] SYMBOLS USED IN COLUMN 16
AVERAGE MONTHLY: 28.0 TOTAL FOR MONTH: 0.03 1 = FOG OR MIST
DPTR FM NORMAL: 3.8 DPTR FM NORMAL: -0.15 2 = FOG REDUCING VISIBILITY
HIGHEST: 61 ON 29 GRTST 24HR 0.02 ON 14-14 TO 1/4 MILE OR LESS
LOWEST: 1 ON 27 3 = THUNDER
SNOW, ICE PELLETS, HAIL 4 = ICE PELLETS
TOTAL MONTH: M 5 = HAIL
GRTST 24HR M ON M 6 = FREEZING RAIN OR DRIZZLE
GRTST DEPTH: M ON M 7 = DUSTSTORM OR SANDSTORM:
VSBY 1/2 MILE OR LESS
8 = SMOKE OR HAZE
[NO. OF DAYS WITH] [WEATHER - DAYS WITH] 9 = BLOWING SNOW
X = TORNADO
MAX 32 OR BELOW: 3 0.01 INCH OR MORE: 2
MAX 90 OR ABOVE: 0 0.10 INCH OR MORE: 0
MIN 32 OR BELOW: 31 0.50 INCH OR MORE: 0
MIN 0 OR BELOW: 0 1.00 INCH OR MORE: 0
[HDD (BASE 65) ]
TOTAL THIS MO. 1139 CLEAR (SCALE 0-3) 19
DPTR FM NORMAL -124 PTCLDY (SCALE 4-7) 7
TOTAL FM JUL 1 3990 CLOUDY (SCALE 8-10) 5
DPTR FM NORMAL -354
[CDD (BASE 65) ]
TOTAL THIS MO. 0
DPTR FM NORMAL 0 [PRESSURE DATA]
TOTAL FM JAN 1 0 HIGHEST SLP 30.51 ON 19
DPTR FM NORMAL 0 LOWEST SLP 29.52 ON 30
[REMARKS]
#FINAL-01-21#