000
CXUS56 KSGX 011245
CF6AJO
PRELIMINARY LOCAL CLIMATOLOGICAL DATA (WS FORM: F-6)
STATION: CORONA AIRPORT CA
MONTH: JULY
YEAR: 2020
LATITUDE: 33 53 N
LONGITUDE: 117 36 W
TEMPERATURE IN F: :PCPN: SNOW: WIND :SUNSHINE: SKY :PK WND
================================================================================
1 2 3 4 5 6A 6B 7 8 9 10 11 12 13 14 15 16 17 18
12Z AVG MX 2MIN
DY MAX MIN AVG DEP HDD CDD WTR SNW DPTH SPD SPD DIR MIN PSBL S-S WX SPD DR
================================================================================
1 79 56 68 M 0 3 0.00 0.0 0 4.6 12 260 M M 4 8 18 270
2 84 59 72 M 0 7 0.00 0.0 0 6.0 15 290 M M 5 20 290
3 92 53 73 M 0 8 0.00 0.0 0 6.0 15 270 M M 0 21 270
4 93 59 76 M 0 11 0.00 0.0 0 6.2 16 280 M M 0 22 270
5 97 55 76 M 0 11 0.00 0.0 0 5.7 17 280 M M 0 8 23 280
6 95 56 76 M 0 11 0.00 0.0 0 5.7 16 280 M M 0 20 280
7 91 61 76 M 0 11 0.00 0.0 0 7.0 16 270 M M 0 21 290
8 88 62 75 M 0 10 0.00 0.0 0 7.2 15 280 M M 0 23 290
9 91 56 74 M 0 9 0.00 0.0 0 6.0 16 270 M M 1 12 25 270
10 96 60 78 M 0 13 0.00 0.0 0 6.6 16 280 M M 0 1 21 270
11 103 65 84 M 0 19 0.00 0.0 0 6.8 15 280 M M 0 24 280
12 98 66 82 M 0 17 0.00 0.0 0 7.1 15 280 M M 0 24 290
13 92 66 79 M 0 14 0.00 0.0 0 8.0 17 270 M M 0 29 270
14 86 58 72 M 0 7 0.00 0.0 0 6.6 16 280 M M 1 23 280
15 88 60 74 M 0 9 0.00 0.0 0 5.9 16 300 M M 2 23 270
16 M M M M M M 0.00 0.0 0 M M M M M 0 M M
17 M M M M M M 0.00 0.0 0 M M M M M 0 M M
18 M M M M M M 0.00 0.0 0 M M M M M 0 M M
19 M M M M M M 0.00 0.0 0 M M M M M 0 M M
20 M M M M M M 0.00 0.0 0 M M M M M 0 M M
21 M M M M M M 0.00 0.0 0 M M M M M 0 M M
22 M M M M M M 0.00 0.0 0 M M M M M 0 M M
23 80 62 71 M 0 6 0.00 0.0 0 8.5 13 290 M M 0 21 280
24 83 56 70 M 0 5 0.00 0.0 0 5.8 17 280 M M 2 1 25 280
25 87 54 71 M 0 6 0.00 0.0 0 6.4 16 280 M M 0 1 24 280
26 90 58 74 M 0 9 0.00 0.0 0 8.2 18 290 M M 0 27 280
27 87 61 74 M 0 9 0.00 0.0 0 8.4 16 280 M M 0 24 290
28 86 57 72 M 0 7 0.00 0.0 0 7.1 15 300 M M 0 8 21 290
29 89 56 73 M 0 8 0.00 0.0 0 6.2 16 290 M M 0 1 22 290
30 97 60 79 M 0 14 0.00 0.0 0 5.9 15 290 M M 0 21 290
31 100 62 81 M 0 16 0.00 0.0 0 5.3 14 280 M M 0 21 300
================================================================================
SM 2172 1418 0 240 0.00 0.0 157.2 M 15
================================================================================
AV 90.5 59.1 6.5 FASTST M M 0 MAX(MPH)
MISC ----> # 18 290 # 29 270
================================================================================
NOTES:
# LAST OF SEVERAL OCCURRENCES
COLUMN 17 PEAK WIND IN M.P.H.
PRELIMINARY LOCAL CLIMATOLOGICAL DATA (WS FORM: F-6) , PAGE 2
STATION: CORONA AIRPORT CA
MONTH: JULY
YEAR: 2020
LATITUDE: 33 53 N
LONGITUDE: 117 36 W
[TEMPERATURE DATA] [PRECIPITATION DATA] SYMBOLS USED IN COLUMN 16
AVERAGE MONTHLY: 74.8 TOTAL FOR MONTH: 0.00 1 = FOG OR MIST
DPTR FM NORMAL: M DPTR FM NORMAL: M 2 = FOG REDUCING VISIBILITY
HIGHEST: 103 ON 11 GRTST 24HR 0.00 ON 31-31 TO 1/4 MILE OR LESS
LOWEST: 53 ON 3 3 = THUNDER
SNOW, ICE PELLETS, HAIL 4 = ICE PELLETS
TOTAL MONTH: 0.0 INCH 5 = HAIL
GRTST 24HR 0.0 6 = FREEZING RAIN OR DRIZZLE
GRTST DEPTH: 0 7 = DUSTSTORM OR SANDSTORM:
VSBY 1/2 MILE OR LESS
8 = SMOKE OR HAZE
[NO. OF DAYS WITH] [WEATHER - DAYS WITH] 9 = BLOWING SNOW
X = TORNADO
MAX 32 OR BELOW: 0 0.01 INCH OR MORE: 0
MAX 90 OR ABOVE: 13 0.10 INCH OR MORE: 0
MIN 32 OR BELOW: 0 0.50 INCH OR MORE: 0
MIN 0 OR BELOW: 0 1.00 INCH OR MORE: 0
[HDD (BASE 65) ]
TOTAL THIS MO. 0 CLEAR (SCALE 0-3) 29
DPTR FM NORMAL M PTCLDY (SCALE 4-7) 2
TOTAL FM JUL 1 0 CLOUDY (SCALE 8-10) 0
DPTR FM NORMAL M
[CDD (BASE 65) ]
TOTAL THIS MO. 240
DPTR FM NORMAL M [PRESSURE DATA]
TOTAL FM JAN 1 591 HIGHEST SLP M ON M
DPTR FM NORMAL M LOWEST SLP M ON M
[REMARKS]
#FINAL-07-20#