000
CXAK56 PAFC 011204
CF6AKN
PRELIMINARY LOCAL CLIMATOLOGICAL DATA (WS FORM: F-6)
STATION: KING SALMON
MONTH: NOVEMBER
YEAR: 2023
LATITUDE: 58 41 N
LONGITUDE: 156 39 W
TEMPERATURE IN F: :PCPN: SNOW: WIND :SUNSHINE: SKY :PK WND
================================================================================
1 2 3 4 5 6A 6B 7 8 9 10 11 12 13 14 15 16 17 18
12Z AVG MX 2MIN
DY MAX MIN AVG DEP HDD CDD WTR SNW DPTH SPD SPD DIR MIN PSBL S-S WX SPD DR
================================================================================
1 52 43 48 18 17 0 0.06 M M 18.6 30 90 M M 8 42 100
2 50 35 43 14 22 0 T M M 8.1 18 90 M M 10 1 29 100
3 39 33 36 7 29 0 0.03 M M 7.8 14 360 M M 10 1 19 350
4 34 23 29 1 36 0 0.09 M M 7.3 16 340 M M 10 1 23 340
5 26 8 17 -11 48 0 T M M 4.3 10 320 M M 4 1 14 310
6 33 9 21 -7 44 0 T M M 4.0 8 110 M M 9 1 11 130
7 35 24 30 3 35 0 T M M 13.0 28 360 M M 7 12 40 20
8 24 16 20 -7 45 0 0.03 M M 10.8 24 360 M M 10 1 35 350
9 26 12 19 -8 46 0 0.00 M M 2.5 9 280 M M 8 12 280
10 31 6 19 -7 46 0 0.03 M M 5.4 15 290 M M 7 128 21 300
11 29 6 18 -8 47 0 T M M 3.8 13 360 M M 3 1 20 350
12 40 3 22 -4 43 0 0.13 M M 5.5 22 180 M M 6 128 30 180
13 41 30 36 11 29 0 0.10 M M 12.5 26 250 M M 5 1 38 260
14 43 30 37 12 28 0 0.21 M M 11.5 39 170 M M 6 1 53 170
15 43 37 40 15 25 0 0.25 M M 16.4 39 190 M M 9 1 63 180
16 39 20 30 5 35 0 0.03 M M 20.0 32 270 M M 4 1 43 260
17 25 4 15 -9 50 0 0.00 M M 9.0 17 320 M M 2 24 320
18 24 1 13 -11 52 0 0.00 M M 0.7 7 70 M M 2 128 7 60
19 27 5 16 -8 49 0 0.00 M M 3.1 10 30 M M 3 15 40
20 20 9 15 -9 50 0 0.00 M M 8.6 17 350 M M 2 23 350
21 30 6 18 -5 47 0 0.00 M M 8.1 15 90 M M 8 20 80
22 46 28 37 14 28 0 T M M 16.9 30 90 M M 5 43 110
23 47 41 44 21 21 0 0.06 M M 11.9 32 150 M M 6 18 41 150
24 48 38 43 20 22 0 T M M 12.8 21 140 M M 9 30 140
25 44 26 35 12 30 0 0.00 M M 6.6 14 120 M M 6 19 120
26 42 23 33 11 32 0 0.13 M M 9.3 23 150 M M 5 1 30 150
27 37 28 33 11 32 0 0.01 M M 11.0 20 180 M M 5 1 27 180
28 41 25 33 11 32 0 0.03 M M 16.3 38 160 M M 6 1 51 150
29 28 20 24 2 41 0 0.00 M M 7.3 15 330 M M 5 20 300
30 30 12 21 -1 44 0 0.02 M M 3.1 10 10 M M 8 12 15 20
================================================================================
SM 1074 601 1105 0 1.21 M 276.2 M 188
================================================================================
AV 35.8 20.0 9.2 FASTST M M 6 MAX(MPH)
MISC ----> # 39 170 63 180
================================================================================
NOTES:
# LAST OF SEVERAL OCCURRENCES
COLUMN 17 PEAK WIND IN M.P.H.
PRELIMINARY LOCAL CLIMATOLOGICAL DATA (WS FORM: F-6) , PAGE 2
STATION: KING SALMON
MONTH: NOVEMBER
YEAR: 2023
LATITUDE: 58 41 N
LONGITUDE: 156 39 W
[TEMPERATURE DATA] [PRECIPITATION DATA] SYMBOLS USED IN COLUMN 16
AVERAGE MONTHLY: 27.9 TOTAL FOR MONTH: 1.21 1 = FOG OR MIST
DPTR FM NORMAL: 2.9 DPTR FM NORMAL: -0.51 2 = FOG REDUCING VISIBILITY
HIGHEST: 52 ON 1 GRTST 24HR 0.37 ON 14-15 TO 1/4 MILE OR LESS
LOWEST: 1 ON 18 3 = THUNDER
SNOW, ICE PELLETS, HAIL 4 = ICE PELLETS
TOTAL MONTH: M 5 = HAIL
GRTST 24HR M ON M 6 = FREEZING RAIN OR DRIZZLE
GRTST DEPTH: M ON M 7 = DUSTSTORM OR SANDSTORM:
VSBY 1/2 MILE OR LESS
8 = SMOKE OR HAZE
[NO. OF DAYS WITH] [WEATHER - DAYS WITH] 9 = BLOWING SNOW
X = TORNADO
MAX 32 OR BELOW: 12 0.01 INCH OR MORE: 15
MAX 90 OR ABOVE: 0 0.10 INCH OR MORE: 5
MIN 32 OR BELOW: 24 0.50 INCH OR MORE: 0
MIN 0 OR BELOW: 0 1.00 INCH OR MORE: 0
[HDD (BASE 65) ]
TOTAL THIS MO. 1105 CLEAR (SCALE 0-3) 4
DPTR FM NORMAL -93 PTCLDY (SCALE 4-7) 17
TOTAL FM JUL 1 2971 CLOUDY (SCALE 8-10) 9
DPTR FM NORMAL -154
[CDD (BASE 65) ]
TOTAL THIS MO. 0
DPTR FM NORMAL 0 [PRESSURE DATA]
TOTAL FM JAN 1 1 HIGHEST SLP 30.25 ON 19
DPTR FM NORMAL -2 LOWEST SLP 28.95 ON 15
[REMARKS]
#FINAL-11-23#