000
CXUS55 KPUB 011957
CF6ALS
PRELIMINARY LOCAL CLIMATOLOGICAL DATA (WS FORM: F-6)
STATION: ALAMOSA CO
MONTH: DECEMBER
YEAR: 2023
LATITUDE: 37 27 N
LONGITUDE: 105 52 W
TEMPERATURE IN F: :PCPN: SNOW: WIND :SUNSHINE: SKY :PK WND
================================================================================
1 2 3 4 5 6A 6B 7 8 9 10 11 12 13 14 15 16 17 18
12Z AVG MX 2MIN
DY MAX MIN AVG DEP HDD CDD WTR SNW DPTH SPD SPD DIR MIN PSBL S-S WX SPD DR
================================================================================
1 41 6 24 1 41 0 T T 0 6.3 24 220 M M 3 31 220
2 38 2 20 -2 45 0 0.00 0.0 0 10.4 29 300 M M 2 42 290
3 49 6 28 6 37 0 0.00 0.0 0 10.7 35 310 M M 0 47 310
4 50 6 28 6 37 0 0.00 0.0 0 4.8 12 220 M M 1 14 220
5 53 7 30 9 35 0 0.00 0.0 0 2.7 10 230 M M 0 11 220
6 54 5 30 9 35 0 0.00 0.0 0 2.2 10 120 M M 0 12 120
7 56 7 32 12 33 0 0.00 0.0 0 7.3 20 150 M M 0 29 170
8 42 2 22 2 43 0 T T 0 10.1 30 240 M M 4 39 250
9 33 -2 16 -4 49 0 0.01 0.3 T 3.9 12 20 M M 5 1 18 10
10 37 -7 15 -4 50 0 0.00 0.0 0 2.3 9 30 M M 0 12 30
11 47 2 25 6 40 0 0.00 0.0 0 3.6 8 40 M M 0 9 40
12 42 13 28 9 37 0 0.01 T 0 2.4 9 270 M M 4 12 210
13 32 24 28 10 37 0 0.25 4.2 T 3.3 12 150 M M 9 12 15 150
14 39 12 26 8 39 0 0.08 0.3 4 2.8 7 290 M M 9 12 10 50
15 37 0 19 1 46 0 0.00 0.0 3 3.6 10 250 M M 3 12 12 160
16 31 -7 12 -6 53 0 0.00 0.0 3 2.9 9 310 M M 2 12 11 320
17 34 -5 15 -2 50 0 0.00 0.0 3 1.9 10 240 M M 2 12 13 240
18 36 -6 15 -2 50 0 0.00 0.0 2 2.7 8 240 M M 1 1 9 250
19 37 5 21 4 44 0 0.00 0.0 2 2.3 8 170 M M 2 1 12 50
20 41 16 29 12 36 0 0.00 0.0 1 2.2 10 230 M M 6 1 14 230
21 38 14 26 10 39 0 T T 1 2.3 9 140 M M 6 12 13 140
22 28 14 21 5 44 0 0.01 0.3 T 1.1 6 20 M M 10 12 9 70
23 39 25 32 16 33 0 0.04 0.7 1 3.6 13 340 M M 9 1 16 340
24 33 19 26 10 39 0 T T 0 5.9 21 360 M M 8 12 28 10
25 25 -4 11 -5 54 0 0.00 0.0 0 5.2 12 330 M M 1 15 320
26 29 -3 13 -3 52 0 0.00 0.0 0 4.3 13 220 M M 3 15 220
27 35 2 19 3 46 0 0.00 0.0 0 4.3 10 260 M M 0 11 260
28 34 -8 13 -3 52 0 0.00 0.0 0 2.1 7 240 M M 0 8 210
29 37 -8 15 -1 50 0 0.00 0.0 0 2.0 8 250 M M 0 9 240
30 36 -7 15 -1 50 0 0.00 0.0 0 2.1 8 250 M M 0 9 250
31 40 5 23 7 42 0 0.00 0.0 0 2.9 9 200 M M 4 11 200
================================================================================
SM 1203 135 1338 0 0.40 5.8 124.2 M 94
================================================================================
AV 38.8 4.4 4.0 FASTST M M 3 MAX(MPH)
MISC ----> 35 310 47 310
================================================================================
NOTES:
COLUMN 7; 12/24...USED OFFICIAL COOP/SNOW OBS (05-0128) TO SUPPLEMENT
PRECIPITATION TO LIGHT FOR ASOS TO OBSERVE.
COLUMN 17 PEAK WIND IN M.P.H.
PRELIMINARY LOCAL CLIMATOLOGICAL DATA (WS FORM: F-6) , PAGE 2
STATION: ALAMOSA CO
MONTH: DECEMBER
YEAR: 2023
LATITUDE: 37 27 N
LONGITUDE: 105 52 W
[TEMPERATURE DATA] [PRECIPITATION DATA] SYMBOLS USED IN COLUMN 16
AVERAGE MONTHLY: 21.6 TOTAL FOR MONTH: 0.40 1 = FOG OR MIST
DPTR FM NORMAL: 3.5 DPTR FM NORMAL: 0.06 2 = FOG REDUCING VISIBILITY
HIGHEST: 56 ON 7 GRTST 24HR 0.33 ON 13-14 TO 1/4 MILE OR LESS
LOWEST: -8 ON 28,29 3 = THUNDER
SNOW, ICE PELLETS, HAIL 4 = ICE PELLETS
TOTAL MONTH: 5.8 INCHES 5 = HAIL
GRTST 24HR 4.2 ON 13 6 = FREEZING RAIN OR DRIZZLE
GRTST DEPTH: 4 ON 13,14 7 = DUSTSTORM OR SANDSTORM:
VSBY 1/2 MILE OR LESS
8 = SMOKE OR HAZE
[NO. OF DAYS WITH] [WEATHER - DAYS WITH] 9 = BLOWING SNOW
X = TORNADO
MAX 32 OR BELOW: 5 0.01 INCH OR MORE: 6
MAX 90 OR ABOVE: 0 0.10 INCH OR MORE: 1
MIN 32 OR BELOW: 31 0.50 INCH OR MORE: 0
MIN 0 OR BELOW: 11 1.00 INCH OR MORE: 0
[HDD (BASE 65) ]
TOTAL THIS MO. 1338 CLEAR (SCALE 0-3) 20
DPTR FM NORMAL -116 PTCLDY (SCALE 4-7) 6
TOTAL FM JUL 1 3177 CLOUDY (SCALE 8-10) 5
DPTR FM NORMAL -356
[CDD (BASE 65) ]
TOTAL THIS MO. 0
DPTR FM NORMAL 0 [PRESSURE DATA]
TOTAL FM JAN 1 161 HIGHEST SLP 30.77 ON 29
DPTR FM NORMAL 90 LOWEST SLP 29.69 ON 1
[REMARKS]
#FINAL-12-23#