000
CXUS56 KPDT 011910
CF6ALW
PRELIMINARY LOCAL CLIMATOLOGICAL DATA (WS FORM: F-6)
STATION: WALLA WALLA WA
MONTH: DECEMBER
YEAR: 2022
LATITUDE: 46 5 N
LONGITUDE: 118 17 W
TEMPERATURE IN F: :PCPN: SNOW: WIND :SUNSHINE: SKY :PK WND
================================================================================
1 2 3 4 5 6A 6B 7 8 9 10 11 12 13 14 15 16 17 18
12Z AVG MX 2MIN
DY MAX MIN AVG DEP HDD CDD WTR SNW DPTH SPD SPD DIR MIN PSBL S-S WX SPD DR
================================================================================
1 39 28 34 -4 31 0 0.07 M M 6.1 17 240 M M 7 1 22 250
2 37 16 27 -11 38 0 0.00 M M 5.9 14 180 M M 4 1 17 180
3 26 16 21 -16 44 0 0.00 M M 3.9 9 190 M M 3 11 190
4 24 19 22 -15 43 0 0.16 M M 4.2 13 210 M M 9 1 15 210
5 27 24 26 -11 39 0 0.10 M M 2.3 7 180 M M 10 1 10 180
6 41 23 32 -5 33 0 0.00 M M 9.0 20 190 M M 6 1 24 190
7 34 20 27 -9 38 0 T M M 2.5 9 180 M M 10 12 12 210
8 43 18 31 -5 34 0 0.13 M M 6.8 28 160 M M 9 12 41 250
9 43 30 37 1 28 0 0.01 M M 11.6 38 150 M M 6 1 55 150
10 52 31 42 6 23 0 0.01 M M 21.8 38 150 M M 9 55 160
11 35 29 32 -4 33 0 0.04 M M 7.0 13 180 M M 10 126 14 180
12 38 31 35 -1 30 0 0.00 M M 6.2 10 230 M M 9 1 12 180
13 35 25 30 -6 35 0 0.00 M M 2.2 7 150 M M 5 1 8 140
14 32 28 30 -5 35 0 0.09 M M 3.6 10 180 M M 10 12 11 180
15 31 25 28 -7 37 0 0.00 M M 3.3 10 180 M M 10 12 12 190
16 28 24 26 -9 39 0 0.00 M M 3.5 9 180 M M 10 12 11 180
17 27 23 25 -10 40 0 0.00 M M 2.4 9 200 M M 9 1 11 210
18 38 23 31 -4 34 0 T M M 5.6 24 220 M M 9 12 35 220
19 25 15 20 -15 45 0 0.06 M M 5.3 12 210 M M 10 12 13 210
20 24 12 18 -17 47 0 0.01 M M 5.5 14 330 M M 10 1 16 330
21 17 4 11 -24 54 0 T M M 5.8 13 190 M M 10 18 14 190
22 6 -1 3 -32 62 0 0.00 M M 3.2 13 200 M M 9 14 200
23 14 5 10 -25 55 0 0.24 M M 1.6 8 180 M M 10 168 9 190
24 22 12 17 -18 48 0 0.07 M M 6.3 30 130 M M 8 1689 58 300
25 23 18 21 -14 44 0 T M M 3.1 10 270 M M 6 168 11 270
26 57 22 40 5 25 0 0.30 M M 6.2 33 150 M M 6 18 49 250
27 57 44 51 16 14 0 0.09 M M 26.7 47 230 M M 10 76 230
28 45 36 41 6 24 0 0.00 M M 13.8 30 210 M M 6 40 200
29 49 34 42 7 23 0 T M M 7.7 22 170 M M 6 28 160
30 50 35 43 8 22 0 0.12 M M 7.5 25 180 M M 7 44 190
31 48 35 42 7 23 0 0.13 M M 9.7 21 230 M M 5 1 26 220
================================================================================
SM 1067 704 1120 0 1.63 M 210.3 M 248
================================================================================
AV 34.4 22.7 6.8 FASTST M M 8 MAX(MPH)
MISC ----> 47 230 76 230
================================================================================
NOTES:
# LAST OF SEVERAL OCCURRENCES
COLUMN 17 PEAK WIND IN M.P.H.
PRELIMINARY LOCAL CLIMATOLOGICAL DATA (WS FORM: F-6) , PAGE 2
STATION: WALLA WALLA WA
MONTH: DECEMBER
YEAR: 2022
LATITUDE: 46 5 N
LONGITUDE: 118 17 W
[TEMPERATURE DATA] [PRECIPITATION DATA] SYMBOLS USED IN COLUMN 16
AVERAGE MONTHLY: 28.6 TOTAL FOR MONTH: 1.63 1 = FOG OR MIST
DPTR FM NORMAL: -7.0 DPTR FM NORMAL: -0.60 2 = FOG REDUCING VISIBILITY
HIGHEST: 57 ON 27,26 GRTST 24HR 0.55 ON 30- 1 TO 1/4 MILE OR LESS
LOWEST: -1 ON 22 3 = THUNDER
SNOW, ICE PELLETS, HAIL 4 = ICE PELLETS
TOTAL MONTH: M 5 = HAIL
GRTST 24HR M ON M 6 = FREEZING RAIN OR DRIZZLE
GRTST DEPTH: M ON M 7 = DUSTSTORM OR SANDSTORM:
VSBY 1/2 MILE OR LESS
8 = SMOKE OR HAZE
[NO. OF DAYS WITH] [WEATHER - DAYS WITH] 9 = BLOWING SNOW
X = TORNADO
MAX 32 OR BELOW: 14 0.01 INCH OR MORE: 16
MAX 90 OR ABOVE: 0 0.10 INCH OR MORE: 7
MIN 32 OR BELOW: 26 0.50 INCH OR MORE: 0
MIN 0 OR BELOW: 1 1.00 INCH OR MORE: 0
[HDD (BASE 65) ]
TOTAL THIS MO. 1120 CLEAR (SCALE 0-3) 1
DPTR FM NORMAL 209 PTCLDY (SCALE 4-7) 12
TOTAL FM JUL 1 2260 CLOUDY (SCALE 8-10) 18
DPTR FM NORMAL 239
[CDD (BASE 65) ]
TOTAL THIS MO. 0
DPTR FM NORMAL 0 [PRESSURE DATA]
TOTAL FM JAN 1 1017 HIGHEST SLP 30.81 ON 22
DPTR FM NORMAL 80 LOWEST SLP 29.11 ON 27
[REMARKS]
#FINAL-12-22#