000
CXUS56 KPDT 011810
CF6ALW
PRELIMINARY LOCAL CLIMATOLOGICAL DATA (WS FORM: F-6)
STATION: WALLA WALLA WA
MONTH: MAY
YEAR: 2022
LATITUDE: 46 5 N
LONGITUDE: 118 17 W
TEMPERATURE IN F: :PCPN: SNOW: WIND :SUNSHINE: SKY :PK WND
================================================================================
1 2 3 4 5 6A 6B 7 8 9 10 11 12 13 14 15 16 17 18
12Z AVG MX 2MIN
DY MAX MIN AVG DEP HDD CDD WTR SNW DPTH SPD SPD DIR MIN PSBL S-S WX SPD DR
================================================================================
1 59 45 52 -4 13 0 0.05 M M 7.0 16 80 M M 7 1 19 80
2 52 43 48 -8 17 0 0.18 M M 11.3 25 200 M M 7 1 34 210
3 64 45 55 -2 10 0 0.00 M M 10.9 20 190 M M 5 26 190
4 76 45 61 4 4 0 0.00 M M 5.7 14 180 M M 0 18 180
5 62 52 57 0 8 0 0.35 M M 7.7 28 250 M M 6 1 35 240
6 61 48 55 -3 10 0 0.70 M M 6.9 23 270 M M 10 138 29 270
7 57 41 49 -9 16 0 0.13 M M 16.1 32 240 M M 7 1 42 240
8 55 40 48 -10 17 0 0.01 M M 11.0 20 220 M M 5 27 260
9 57 40 49 -10 16 0 0.00 M M 12.3 21 240 M M 6 29 220
10 59 37 48 -11 17 0 0.00 M M 8.4 18 200 M M 1 31 220
11 62 40 51 -8 14 0 0.00 M M 6.9 14 260 M M 1 19 270
12 62 41 52 -8 13 0 0.48 M M 8.9 33 260 M M 6 18 40 260
13 58 37 48 -12 17 0 0.01 M M 10.0 23 180 M M 5 30 170
14 68 46 57 -3 8 0 0.52 M M 5.9 14 240 M M 8 1 19 230
15 77 50 64 4 1 0 0.08 M M 6.2 29 260 M M 3 13 35 260
16 68 49 59 -2 6 0 0.00 M M 10.6 20 240 M M 7 3 27 250
17 66 44 55 -6 10 0 0.00 M M 9.8 22 210 M M 0 28 210
18 63 46 55 -6 10 0 0.15 M M 12.0 26 240 M M 4 1 36 220
19 58 42 50 -11 15 0 T M M 13.5 25 280 M M 6 33 260
20 63 41 52 -10 13 0 0.00 M M 8.7 17 190 M M 3 23 180
21 66 43 55 -7 10 0 T M M 6.6 21 40 M M 4 3 26 40
22 67 41 54 -8 11 0 0.00 M M 5.0 9 100 M M 1 14 300
23 70 48 59 -3 6 0 0.23 M M 7.9 31 290 M M 6 3 37 280
24 69 45 57 -5 8 0 T M M 6.8 14 220 M M 4 18 110
25 75 57 66 3 0 1 0.00 M M 8.8 18 270 M M 7 29 240
26 78 54 66 3 0 1 0.07 M M 5.7 18 190 M M 3 3 24 200
27 67 52 60 -3 5 0 0.06 M M 10.6 17 160 M M 7 26 170
28 66 49 58 -5 7 0 0.08 M M 9.9 20 200 M M 8 1 24 200
29 53 47 50 -13 15 0 0.49 M M 12.5 20 190 M M 10 1 26 200
30 54 46 50 -14 15 0 0.07 M M 7.9 15 180 M M 9 20 170
31 71 43 57 -7 8 0 0.00 M M 4.9 12 80 M M 6 16 90
================================================================================
SM 1983 1397 320 2 3.66 M 276.4 M 162
================================================================================
AV 64.0 45.1 8.9 FASTST M M 5 MAX(MPH)
MISC ----> 33 260 42 240
================================================================================
NOTES:
# LAST OF SEVERAL OCCURRENCES
COLUMN 17 PEAK WIND IN M.P.H.
PRELIMINARY LOCAL CLIMATOLOGICAL DATA (WS FORM: F-6) , PAGE 2
STATION: WALLA WALLA WA
MONTH: MAY
YEAR: 2022
LATITUDE: 46 5 N
LONGITUDE: 118 17 W
[TEMPERATURE DATA] [PRECIPITATION DATA] SYMBOLS USED IN COLUMN 16
AVERAGE MONTHLY: 54.5 TOTAL FOR MONTH: 3.66 1 = FOG OR MIST
DPTR FM NORMAL: -5.9 DPTR FM NORMAL: 1.59 2 = FOG REDUCING VISIBILITY
HIGHEST: 78 ON 26 GRTST 24HR 0.76 ON 30- 1 TO 1/4 MILE OR LESS
LOWEST: 37 ON 13,10 3 = THUNDER
SNOW, ICE PELLETS, HAIL 4 = ICE PELLETS
TOTAL MONTH: M 5 = HAIL
GRTST 24HR M ON M 6 = FREEZING RAIN OR DRIZZLE
GRTST DEPTH: M ON M 7 = DUSTSTORM OR SANDSTORM:
VSBY 1/2 MILE OR LESS
8 = SMOKE OR HAZE
[NO. OF DAYS WITH] [WEATHER - DAYS WITH] 9 = BLOWING SNOW
X = TORNADO
MAX 32 OR BELOW: 0 0.01 INCH OR MORE: 17
MAX 90 OR ABOVE: 0 0.10 INCH OR MORE: 9
MIN 32 OR BELOW: 0 0.50 INCH OR MORE: 2
MIN 0 OR BELOW: 0 1.00 INCH OR MORE: 0
[HDD (BASE 65) ]
TOTAL THIS MO. 320 CLEAR (SCALE 0-3) 7
DPTR FM NORMAL 138 PTCLDY (SCALE 4-7) 21
TOTAL FM JUL 1 5055 CLOUDY (SCALE 8-10) 3
DPTR FM NORMAL 311
[CDD (BASE 65) ]
TOTAL THIS MO. 2
DPTR FM NORMAL -35 [PRESSURE DATA]
TOTAL FM JAN 1 2 HIGHEST SLP 30.27 ON 22
DPTR FM NORMAL -37 LOWEST SLP 29.57 ON 28
[REMARKS]
#FINAL-05-22#