000
CXUS54 KAMA 131235
CF6AMA
PRELIMINARY LOCAL CLIMATOLOGICAL DATA (WS FORM: F-6)
STATION: AMARILLO
MONTH: JUNE
YEAR: 2023
LATITUDE: 35 13 N
LONGITUDE: 101 42 W
TEMPERATURE IN F: :PCPN: SNOW: WIND :SUNSHINE: SKY :PK WND
================================================================================
1 2 3 4 5 6A 6B 7 8 9 10 11 12 13 14 15 16 17 18
12Z AVG MX 2MIN
DY MAX MIN AVG DEP HDD CDD WTR SNW DPTH SPD SPD DIR MIN PSBL S-S WX SPD DR
================================================================================
1 72 56 64 -8 1 0 1.41 0.0 0 10.3 26 310 M M 6 13 38 310
2 69 55 62 -11 3 0 0.82 0.0 0 13.1 33 160 M M 6 13 44 160
3 77 53 65 -8 0 0 0.03 0.0 0 9.2 25 90 M M 5 3X 33 70
4 71 57 64 -9 1 0 0.06 0.0 0 7.2 20 110 M M 5 3X 27 110
5 76 58 67 -7 0 2 0.00 0.0 0 6.2 17 220 M M 6 13 24 120
6 78 60 69 -5 0 4 0.00 0.0 0 5.6 14 220 M M 2 19 190
7 79 59 69 -5 0 4 0.66 0.0 0 10.1 36 310 M M 4 13 47 310
8 82 59 71 -3 0 6 0.03 0.0 0 9.1 24 40 M M 2 3 35 50
9 85 61 73 -2 0 8 0.00 0.0 0 8.7 20 140 M M 0 27 150
10 84 59 72 -3 0 7 0.00 0.0 0 6.8 22 70 M M 1 27 60
11 82 61 72 -3 0 7 T 0.0 0 12.4 22 50 M M 2 3 33 20
12 69 60 65 -11 0 0 T 0.0 0 15.6 24 130 M M 7 13 33 130
13 78 58 68 -8 0 3 0.01 0.0 0 9.3 28 30 M M 7 1 38 40
14 83 55 69 -7 0 4 0.00 0.0 0 8.1 15 120 M M 1 1 22 120
15 90 57 74 -2 0 9 0.00 0.0 0 13.3 35 10 M M 0 8 44 20
16 84 53 69 -7 0 4 0.00 0.0 0 9.6 20 150 M M 0 26 360
17 86 56 71 -6 0 6 0.00 0.0 0 12.3 22 350 M M 1 30 20
18 89 51 70 -7 0 5 0.00 0.0 0 9.3 17 160 M M 0 24 160
19 96 62 79 2 0 14 0.00 0.0 0 12.5 29 250 M M 0 39 250
20 99 60 80 3 0 15 0.01 0.0 0 8.9 23 290 M M 1 1238 31 280
21 99 70 85 8 0 20 0.00 0.0 0 13.9 35 100 M M 1 44 110
22 83 69 76 -2 0 11 0.00 0.0 0 13.5 24 110 M M 7 1 31 80
23 87 65 76 -2 0 11 0.13 T 0 17.5 32 200 M M 3 135 46 160
24 98 69 84 6 0 19 0.00 0.0 0 16.4 29 190 M M 0 41 190
25 85 64 75 -3 0 10 0.00 0.0 0 12.0 23 40 M M 0 18 30 40
26 90 63 77 -1 0 12 0.00 0.0 0 11.4 20 150 M M 2 25 140
27 103 67 85 7 0 20 0.19 0.0 0 13.1 26 200 M M 1 13 41 210
28 102 69 86 8 0 21 0.00 0.0 0 18.0 30 200 M M 0 40 210
29 97 71 84 6 0 19 0.00 0.0 0 16.8 30 180 M M 0 38 190
30 87 65 76 -3 0 11 0.69 0.0 0 10.7 37 290 M M 2 13 51 290
================================================================================
SM 2560 1822 5 252 4.04 T 340.9 M 72
================================================================================
AV 85.3 60.7 11.4 FASTST M M 2 MAX(MPH)
MISC ----> 37 290 51 290
================================================================================
NOTES:
# LAST OF SEVERAL OCCURRENCES
COLUMN 17 PEAK WIND IN M.P.H.
PRELIMINARY LOCAL CLIMATOLOGICAL DATA (WS FORM: F-6) , PAGE 2
STATION: AMARILLO
MONTH: JUNE
YEAR: 2023
LATITUDE: 35 13 N
LONGITUDE: 101 42 W
[TEMPERATURE DATA] [PRECIPITATION DATA] SYMBOLS USED IN COLUMN 16
AVERAGE MONTHLY: 73.0 TOTAL FOR MONTH: 4.04 1 = FOG OR MIST
DPTR FM NORMAL: -3.1 DPTR FM NORMAL: 1.19 2 = FOG REDUCING VISIBILITY
HIGHEST: 103 ON 27 GRTST 24HR 2.20 ON 31- 1 TO 1/4 MILE OR LESS
LOWEST: 51 ON 18 3 = THUNDER
SNOW, ICE PELLETS, HAIL 4 = ICE PELLETS
TOTAL MONTH: T 5 = HAIL
GRTST 24HR T ON 23-23 6 = FREEZING RAIN OR DRIZZLE
GRTST DEPTH: 0 7 = DUSTSTORM OR SANDSTORM:
VSBY 1/2 MILE OR LESS
8 = SMOKE OR HAZE
[NO. OF DAYS WITH] [WEATHER - DAYS WITH] 9 = BLOWING SNOW
X = TORNADO
MAX 32 OR BELOW: 0 0.01 INCH OR MORE: 11
MAX 90 OR ABOVE: 9 0.10 INCH OR MORE: 6
MIN 32 OR BELOW: 0 0.50 INCH OR MORE: 4
MIN 0 OR BELOW: 0 1.00 INCH OR MORE: 1
[HDD (BASE 65) ]
TOTAL THIS MO. 5 CLEAR (SCALE 0-3) 21
DPTR FM NORMAL 2 PTCLDY (SCALE 4-7) 9
TOTAL FM JUL 1 3689 CLOUDY (SCALE 8-10) 0
DPTR FM NORMAL -179
[CDD (BASE 65) ]
TOTAL THIS MO. 252
DPTR FM NORMAL -83 [PRESSURE DATA]
TOTAL FM JAN 1 372 HIGHEST SLP 30.06 ON 5
DPTR FM NORMAL -124 LOWEST SLP 29.56 ON 15
[REMARKS]
#FINAL-06-23#