000
CXUS54 KAMA 010710
CF6AMA
PRELIMINARY LOCAL CLIMATOLOGICAL DATA (WS FORM: F-6)
STATION: AMARILLO
MONTH: JULY
YEAR: 2021
LATITUDE: 35 13 N
LONGITUDE: 101 42 W
TEMPERATURE IN F: :PCPN: SNOW: WIND :SUNSHINE: SKY :PK WND
================================================================================
1 2 3 4 5 6A 6B 7 8 9 10 11 12 13 14 15 16 17 18
12Z AVG MX 2MIN
DY MAX MIN AVG DEP HDD CDD WTR SNW DPTH SPD SPD DIR MIN PSBL S-S WX SPD DR
================================================================================
1 90 64 77 -2 0 12 1.19 0.0 0 11.0 33 30 M M 8 13 46 60
2 81 64 73 -6 0 8 0.68 0.0 0 6.6 16 150 M M 9 13 20 150
3 85 65 75 -4 0 10 0.00 0.0 0 8.5 17 130 M M 5 12 21 130
4 86 68 77 -2 0 12 0.00 0.0 0 15.6 25 180 M M 6 1 31 170
5 83 65 74 -5 0 9 T 0.0 0 12.0 38 150 M M 4 3 55 150
6 84 67 76 -3 0 11 0.00 0.0 0 9.3 18 140 M M 4 123 26 140
7 85 65 75 -4 0 10 0.25 0.0 0 4.7 14 300 M M 6 13 18 280
8 89 65 77 -2 0 12 0.00 0.0 0 5.8 16 170 M M 0 23 160
9 91 68 80 0 0 15 0.00 0.0 0 14.4 22 170 M M 0 28 170
10 94 67 81 1 0 16 0.00 0.0 0 12.6 20 210 M M 1 26 200
11 84 65 75 -5 0 10 0.00 0.0 0 7.4 15 70 M M 4 20 70
12 88 60 74 -6 0 9 0.00 0.0 0 10.0 18 180 M M 2 25 170
13 89 65 77 -3 0 12 0.00 0.0 0 15.0 24 180 M M 1 34 210
14 90 66 78 -2 0 13 0.09 0.0 0 20.2 31 190 M M 1 3 40 190
15 82 66 74 -6 0 9 0.01 0.0 0 9.8 17 210 M M 4 24 210
16 90 65 78 -2 0 13 0.00 0.0 0 10.4 18 170 M M 1 26 160
17 94 66 80 0 0 15 0.06 0.0 0 11.5 29 280 M M 2 3 37 280
18 90 63 77 -3 0 12 0.02 0.0 0 8.3 32 50 M M 2 13 46 60
19 87 62 75 -5 0 10 0.00 0.0 0 6.6 14 70 M M 2 1 19 70
20 85 63 74 -6 0 9 0.00 0.0 0 8.3 16 120 M M 2 1 24 130
21 85 59 72 -8 0 7 0.00 0.0 0 11.0 17 150 M M 2 27 130
22 89 62 76 -4 0 11 0.00 0.0 0 14.9 24 160 M M 1 35 190
23 92 66 79 -1 0 14 0.00 0.0 0 14.2 24 180 M M 1 38 170
24 95 68 82 2 0 17 0.00 0.0 0 9.8 16 200 M M 0 22 230
25 98 70 84 4 0 19 0.17 0.0 0 8.2 28 200 M M 1 3 34 190
26 91 67 79 -1 0 14 0.00 0.0 0 10.5 24 220 M M 1 3 32 210
27 96 63 80 0 0 15 0.00 0.0 0 8.4 18 170 M M 1 27 190
28 96 68 82 2 0 17 0.00 0.0 0 11.0 23 180 M M 0 32 180
29 93 66 80 0 0 15 0.00 0.0 0 10.2 17 150 M M 2 29 170
30 95 67 81 1 0 16 0.00 0.0 0 10.6 26 150 M M 1 32 150
31 97 68 83 3 0 18 0.35 0.0 0 8.8 32 170 M M 3 38 50 170
================================================================================
SM 2774 2023 0 390 2.82 0.0 325.6 M 77
================================================================================
AV 89.5 65.3 10.5 FASTST M M 2 MAX(MPH)
MISC ----> 38 150 55 150
================================================================================
NOTES:
# LAST OF SEVERAL OCCURRENCES
COLUMN 17 PEAK WIND IN M.P.H.
PRELIMINARY LOCAL CLIMATOLOGICAL DATA (WS FORM: F-6) , PAGE 2
STATION: AMARILLO
MONTH: JULY
YEAR: 2021
LATITUDE: 35 13 N
LONGITUDE: 101 42 W
[TEMPERATURE DATA] [PRECIPITATION DATA] SYMBOLS USED IN COLUMN 16
AVERAGE MONTHLY: 77.4 TOTAL FOR MONTH: 2.82 1 = FOG OR MIST
DPTR FM NORMAL: -2.2 DPTR FM NORMAL: 0.00 2 = FOG REDUCING VISIBILITY
HIGHEST: 98 ON 25 GRTST 24HR 1.87 ON 1- 2 TO 1/4 MILE OR LESS
LOWEST: 59 ON 21 3 = THUNDER
SNOW, ICE PELLETS, HAIL 4 = ICE PELLETS
TOTAL MONTH: 0.0 INCH 5 = HAIL
GRTST 24HR 0.0 6 = FREEZING RAIN OR DRIZZLE
GRTST DEPTH: 0 7 = DUSTSTORM OR SANDSTORM:
VSBY 1/2 MILE OR LESS
8 = SMOKE OR HAZE
[NO. OF DAYS WITH] [WEATHER - DAYS WITH] 9 = BLOWING SNOW
X = TORNADO
MAX 32 OR BELOW: 0 0.01 INCH OR MORE: 9
MAX 90 OR ABOVE: 16 0.10 INCH OR MORE: 5
MIN 32 OR BELOW: 0 0.50 INCH OR MORE: 2
MIN 0 OR BELOW: 0 1.00 INCH OR MORE: 1
[HDD (BASE 65) ]
TOTAL THIS MO. 0 CLEAR (SCALE 0-3) 22
DPTR FM NORMAL 0 PTCLDY (SCALE 4-7) 8
TOTAL FM JUL 1 0 CLOUDY (SCALE 8-10) 1
DPTR FM NORMAL 0
[CDD (BASE 65) ]
TOTAL THIS MO. 390
DPTR FM NORMAL -64 [PRESSURE DATA]
TOTAL FM JAN 1 850 HIGHEST SLP M ON M
DPTR FM NORMAL -100 LOWEST SLP 29.78 ON 4
[REMARKS]
#FINAL-07-21#