000
CXUS54 KAMA 010710
CF6AMA
PRELIMINARY LOCAL CLIMATOLOGICAL DATA (WS FORM: F-6)
STATION: AMARILLO
MONTH: JULY
YEAR: 2020
LATITUDE: 35 13 N
LONGITUDE: 101 42 W
TEMPERATURE IN F: :PCPN: SNOW: WIND :SUNSHINE: SKY :PK WND
================================================================================
1 2 3 4 5 6A 6B 7 8 9 10 11 12 13 14 15 16 17 18
12Z AVG MX 2MIN
DY MAX MIN AVG DEP HDD CDD WTR SNW DPTH SPD SPD DIR MIN PSBL S-S WX SPD DR
================================================================================
1 98 59 79 1 0 14 0.00 0.0 0 10.0 28 170 M M 0 33 180
2 94 70 82 4 0 17 0.30 T 0 13.5 39 70 M M 2 358 49 70
3 94 66 80 2 0 15 0.00 0.0 0 9.1 21 120 M M 0 28 120
4 92 67 80 2 0 15 0.00 0.0 0 11.3 31 100 M M 1 3 37 100
5 88 64 76 -2 0 11 0.12 0.0 0 8.9 22 250 M M 3 13 27 250
6 90 64 77 -1 0 12 0.00 0.0 0 8.3 18 110 M M 2 1 23 100
7 92 67 80 2 0 15 0.00 0.0 0 10.9 24 330 M M 1 3 35 140
8 101 68 85 7 0 20 0.00 0.0 0 17.6 25 210 M M 0 32 200
9 107 77 92 14 0 27 0.00 0.0 0 15.6 30 230 M M 0 37 230
10 104 74 89 11 0 24 0.00 0.0 0 15.2 35 130 M M 0 45 130
11 109 72 91 13 0 26 0.34 T 0 13.7 26 350 M M 1 38 34 210
12 104 68 86 8 0 21 0.00 0.0 0 13.7 32 170 M M 0 47 140
13 110 71 91 13 0 26 T 0.0 0 11.7 33 300 M M 2 38 50 270
14 108 73 91 13 0 26 T 0.0 0 12.2 30 340 M M 0 8 39 340
15 92 65 79 1 0 14 0.03 0.0 0 12.5 30 300 M M 1 13 38 300
16 100 64 82 4 0 17 T 0.0 0 11.4 22 130 M M 1 3 29 120
17 102 71 87 9 0 22 0.00 0.0 0 16.2 26 180 M M 0 34 170
18 102 72 87 9 0 22 0.00 0.0 0 15.6 28 170 M M 1 3 36 170
19 98 68 83 5 0 18 0.26 0.0 0 12.1 35 150 M M 1 13 41 150
20 93 67 80 2 0 15 0.05 0.0 0 13.5 26 150 M M 3 3 34 140
21 93 66 80 2 0 15 0.00 0.0 0 9.1 25 130 M M 1 30 130
22 93 65 79 1 0 14 0.00 0.0 0 10.2 23 130 M M 1 28 180
23 91 67 79 1 0 14 T 0.0 0 11.3 31 240 M M 3 3 39 240
24 92 71 82 4 0 17 0.00 0.0 0 13.6 24 140 M M 3 3 29 140
25 94 70 82 4 0 17 0.00 0.0 0 13.5 22 120 M M 3 30 120
26 95 70 83 5 0 18 0.00 0.0 0 11.3 20 130 M M 2 26 150
27 90 65 78 0 0 13 1.06 0.0 0 11.3 41 280 M M 6 138 53 280
28 89 66 78 0 0 13 0.01 0.0 0 8.5 23 180 M M 3 1 29 180
29 96 68 82 4 0 17 0.00 0.0 0 6.4 17 280 M M 0 21 280
30 91 65 78 0 0 13 0.00 0.0 0 13.5 23 20 M M 0 31 350
31 87 56 72 -6 0 7 0.00 0.0 0 9.9 21 10 M M 0 26 10
================================================================================
SM 2989 2096 0 535 2.17 T 371.6 M 41
================================================================================
AV 96.4 67.6 12.0 FASTST M M 1 MAX(MPH)
MISC ----> 41 280 53 280
================================================================================
NOTES:
# LAST OF SEVERAL OCCURRENCES
COLUMN 17 PEAK WIND IN M.P.H.
PRELIMINARY LOCAL CLIMATOLOGICAL DATA (WS FORM: F-6) , PAGE 2
STATION: AMARILLO
MONTH: JULY
YEAR: 2020
LATITUDE: 35 13 N
LONGITUDE: 101 42 W
[TEMPERATURE DATA] [PRECIPITATION DATA] SYMBOLS USED IN COLUMN 16
AVERAGE MONTHLY: 82.0 TOTAL FOR MONTH: 2.17 1 = FOG OR MIST
DPTR FM NORMAL: 3.7 DPTR FM NORMAL: -0.67 2 = FOG REDUCING VISIBILITY
HIGHEST: 110 ON 13 GRTST 24HR 1.07 ON 27-28 TO 1/4 MILE OR LESS
LOWEST: 56 ON 31 3 = THUNDER
SNOW, ICE PELLETS, HAIL 4 = ICE PELLETS
TOTAL MONTH: T 5 = HAIL
GRTST 24HR T ON 2- 2 6 = FREEZING RAIN OR DRIZZLE
GRTST DEPTH: 0 7 = DUSTSTORM OR SANDSTORM:
VSBY 1/2 MILE OR LESS
8 = SMOKE OR HAZE
[NO. OF DAYS WITH] [WEATHER - DAYS WITH] 9 = BLOWING SNOW
X = TORNADO
MAX 32 OR BELOW: 0 0.01 INCH OR MORE: 8
MAX 90 OR ABOVE: 28 0.10 INCH OR MORE: 5
MIN 32 OR BELOW: 0 0.50 INCH OR MORE: 1
MIN 0 OR BELOW: 0 1.00 INCH OR MORE: 1
[HDD (BASE 65) ]
TOTAL THIS MO. 0 CLEAR (SCALE 0-3) 28
DPTR FM NORMAL 0 PTCLDY (SCALE 4-7) 3
TOTAL FM JUL 1 0 CLOUDY (SCALE 8-10) 0
DPTR FM NORMAL 0
[CDD (BASE 65) ]
TOTAL THIS MO. 535
DPTR FM NORMAL 123 [PRESSURE DATA]
TOTAL FM JAN 1 1122 HIGHEST SLP M ON M
DPTR FM NORMAL 297 LOWEST SLP 29.58 ON 14
[REMARKS]
#FINAL-07-20#