000
CXUS53 KDMX 050259
CF6AMW
PRELIMINARY LOCAL CLIMATOLOGICAL DATA (WS FORM: F-6)
STATION: AMES IA
MONTH: JUNE
YEAR: 2022
LATITUDE: 41 59 N
LONGITUDE: 93 37 W
TEMPERATURE IN F: :PCPN: SNOW: WIND :SUNSHINE: SKY :PK WND
================================================================================
1 2 3 4 5 6A 6B 7 8 9 10 11 12 13 14 15 16 17 18
12Z AVG MX 2MIN
DY MAX MIN AVG DEP HDD CDD WTR SNW DPTH SPD SPD DIR MIN PSBL S-S WX SPD DR
================================================================================
1 75 54 65 -2 0 0 T 0.0 0 8.8 18 350 M M 1 25 340
2 80 45 63 -4 2 0 0.00 0.0 0 8.1 23 290 M M 0 31 290
3 81 48 65 -3 0 0 0.00 0.0 0 5.3 15 360 M M 1 21 320
4 76 61 69 1 0 4 0.05 0.0 0 5.7 15 190 M M 8 22 190
5 83 54 69 1 0 4 2.86 0.0 0 6.2 33 140 M M 5 13 46 140
6 75 63 69 1 0 4 1.08 0.0 0 6.2 14 30 M M 8 13 20 180
7 79 54 67 -2 0 2 0.01 0.0 0 4.2 12 220 M M 3 3 16 160
8 78 59 69 0 0 4 0.01 0.0 0 8.1 21 320 M M 3 28 330
9 81 55 68 -1 0 3 0.02 0.0 0 5.0 21 250 M M 5 26 250
10 76 61 69 -1 0 4 0.35 0.0 0 2.6 10 110 M M 7 1 16 130
11 83 60 72 2 0 7 0.41 0.0 0 5.9 13 350 M M 3 13 17 170
12 87 66 77 7 0 12 0.01 0.0 0 5.4 12 150 M M 1 12 17 140
13 94 74 84 14 0 19 0.03 0.0 0 13.3 23 170 M M 2 13 34 160
14 95 69 82 11 0 17 0.51 0.0 0 16.0 28 210 M M 2 13 40 210
15 84 63 74 3 0 9 1.66 0.0 0 9.6 31 280 M M 6 13 41 280
16 87 62 75 4 0 10 0.00 0.0 0 8.1 16 270 M M 0 22 290
17 89 64 77 6 0 12 0.00 0.0 0 4.3 12 30 M M 0 16 350
18 86 62 74 3 0 9 0.00 0.0 0 10.9 21 150 M M 0 29 110
19 93 66 80 8 0 15 0.00 0.0 0 12.6 22 170 M M 0 30 150
20 95 69 82 10 0 17 0.00 0.0 0 12.9 22 170 M M 0 30 180
21 94 73 84 12 0 19 0.00 0.0 0 12.1 23 330 M M 0 30 330
22 88 65 77 5 0 12 0.00 0.0 0 7.0 17 310 M M 0 28 310
23 91 62 77 5 0 12 0.00 0.0 0 7.4 23 210 M M 0 31 200
24 83 67 75 3 0 10 1.38 0.0 0 11.4 23 160 M M 6 138 32 150
25 86 69 78 6 0 13 T 0.0 0 10.0 23 340 M M 6 32 340
26 78 57 68 -5 0 3 0.00 0.0 0 12.4 23 330 M M 0 32 310
27 84 53 69 -4 0 4 0.00 0.0 0 5.8 13 280 M M 0 19 260
28 86 58 72 -1 0 7 0.00 0.0 0 10.7 23 220 M M 1 33 180
29 92 61 77 4 0 12 0.00 0.0 0 9.8 24 190 M M 0 34 190
30 90 72 81 8 0 16 0.00 0.0 0 11.9 25 200 M M 1 37 200
================================================================================
SM 2549 1846 2 260 8.38 0.0 257.7 M 69
================================================================================
AV 85.0 61.5 8.6 FASTST M M 2 MAX(MPH)
MISC ----> 33 140 46 140
================================================================================
NOTES:
# LAST OF SEVERAL OCCURRENCES
COLUMN 17 PEAK WIND IN M.P.H.
PRELIMINARY LOCAL CLIMATOLOGICAL DATA (WS FORM: F-6) , PAGE 2
STATION: AMES IA
MONTH: JUNE
YEAR: 2022
LATITUDE: 41 59 N
LONGITUDE: 93 37 W
[TEMPERATURE DATA] [PRECIPITATION DATA] SYMBOLS USED IN COLUMN 16
AVERAGE MONTHLY: 73.3 TOTAL FOR MONTH: 8.38 1 = FOG OR MIST
DPTR FM NORMAL: 2.7 DPTR FM NORMAL: 3.16 2 = FOG REDUCING VISIBILITY
HIGHEST: 95 ON 14,20 GRTST 24HR 3.94 ON 5- 6 TO 1/4 MILE OR LESS
LOWEST: 45 ON 2 3 = THUNDER
SNOW, ICE PELLETS, HAIL 4 = ICE PELLETS
TOTAL MONTH: 0.0 INCH 5 = HAIL
GRTST 24HR 0.0 6 = FREEZING RAIN OR DRIZZLE
GRTST DEPTH: 0 7 = DUSTSTORM OR SANDSTORM:
VSBY 1/2 MILE OR LESS
8 = SMOKE OR HAZE
[NO. OF DAYS WITH] [WEATHER - DAYS WITH] 9 = BLOWING SNOW
X = TORNADO
MAX 32 OR BELOW: 0 0.01 INCH OR MORE: 13
MAX 90 OR ABOVE: 8 0.10 INCH OR MORE: 7
MIN 32 OR BELOW: 0 0.50 INCH OR MORE: 5
MIN 0 OR BELOW: 0 1.00 INCH OR MORE: 4
[HDD (BASE 65) ]
TOTAL THIS MO. 2 CLEAR (SCALE 0-3) 22
DPTR FM NORMAL -19 PTCLDY (SCALE 4-7) 7
TOTAL FM JUL 1 6414 CLOUDY (SCALE 8-10) 1
DPTR FM NORMAL -332
[CDD (BASE 65) ]
TOTAL THIS MO. 260
DPTR FM NORMAL 73 [PRESSURE DATA]
TOTAL FM JAN 1 364 HIGHEST SLP 30.31 ON 27
DPTR FM NORMAL 121 LOWEST SLP 29.56 ON 13
[REMARKS]
#FINAL-06-22#