000
CXAK56 PAFC 011001
CF6ANC
PRELIMINARY LOCAL CLIMATOLOGICAL DATA (WS FORM: F-6)
STATION: ANCHORAGE AK
MONTH: JANUARY
YEAR: 2022
LATITUDE: 61 10 N
LONGITUDE: 150 2 W
TEMPERATURE IN F: :PCPN: SNOW: WIND :SUNSHINE: SKY :PK WND
================================================================================
1 2 3 4 5 6A 6B 7 8 9 10 11 12 13 14 15 16 17 18
12Z AVG MX 2MIN
DY MAX MIN AVG DEP HDD CDD WTR SNW DPTH SPD SPD DIR MIN PSBL S-S WX SPD DR
================================================================================
1 18 8 13 -4 52 0 T T 12 25.2 36 340 M M 8 89 51 340
2 10 7 9 -8 56 0 0.00 0.0 12 24.3 43 30 M M 2 61 30
3 8 -3 3 -14 62 0 0.00 0.0 11 13.0 30 10 M M 0 44 10
4 7 -7 0 -17 65 0 0.00 0.0 11 2.4 8 360 M M 0 11 90
5 9 -7 1 -16 64 0 0.00 0.0 11 3.1 13 20 M M 1 18 15 20
6 2 -9 -3 -19 68 0 T T 11 1.6 9 340 M M 3 12 10 30
7 12 -6 3 -13 62 0 T T 11 4.0 17 350 M M 6 128 22 350
8 13 -4 5 -11 60 0 T T 11 11.4 20 10 M M 6 27 360
9 18 9 14 -2 51 0 0.00 0.0 11 16.9 25 350 M M 5 35 10
10 25 18 22 6 43 0 T T 11 10.5 18 360 M M 9 8 24 360
11 36 23 30 14 35 0 0.28 2.3 11 4.6 12 190 M M 8 12468 14 200
12 39 25 32 16 33 0 T T 13 5.1 20 150 M M 9 33 160
13 34 27 31 15 34 0 0.02 0.4 14 6.1 14 270 M M 10 458 21 190
14 38 29 34 18 31 0 0.00 0.0 14 3.2 13 330 M M 8 1 16 330
15 33 26 30 14 35 0 0.13 2.5 14 4.4 14 230 M M 9 18 18 190
16 30 15 23 7 42 0 T T 16 3.6 12 180 M M 8 1 17 180
17 23 11 17 1 48 0 0.00 0.0 15 1.9 9 10 M M 7 12 11 20
18 22 16 19 3 46 0 0.00 0.0 15 5.7 10 50 M M 9 13 20
19 28 22 25 9 40 0 0.15 3.0 14 8.5 15 350 M M 10 18 20 360
20 29 23 26 9 39 0 T T 17 6.2 14 340 M M 10 1 17 340
21 47 25 36 19 29 0 0.05 0.2 17 11.4 30 150 M M 9 16 44 140
22 44 32 38 21 27 0 0.04 0.0 15 11.7 30 150 M M 9 1 42 150
23 45 30 38 21 27 0 0.00 0.0 12 15.4 24 150 M M 9 1 43 160
24 44 35 40 23 25 0 T 0.0 12 13.8 28 160 M M 9 42 170
25 41 23 32 15 33 0 0.21 2.9 11 8.3 22 150 M M 9 1 33 150
26 26 18 22 4 43 0 T T 13 10.1 16 360 M M 8 20 360
27 27 21 24 6 41 0 0.13 3.1 12 11.3 18 360 M M 10 1 24 340
28 27 22 25 7 40 0 0.06 1.1 16 10.3 17 350 M M 10 23 340
29 30 19 25 7 40 0 0.00 0.0 16 4.2 15 340 M M 6 18 360
30 23 17 20 2 45 0 0.00 0.0 15 3.5 10 320 M M 8 12 12 210
31 18 14 16 -3 49 0 0.00 0.0 14 3.9 10 40 M M 7 128 13 50
================================================================================
SM 806 479 1365 0 1.07 15.5 265.6 M 222
================================================================================
AV 26.0 15.5 8.6 FASTST M M 7 MAX(MPH)
MISC ----> 43 30 61 30
================================================================================
NOTES:
# LAST OF SEVERAL OCCURRENCES
COLUMN 17 PEAK WIND IN M.P.H.
PRELIMINARY LOCAL CLIMATOLOGICAL DATA (WS FORM: F-6) , PAGE 2
STATION: ANCHORAGE AK
MONTH: JANUARY
YEAR: 2022
LATITUDE: 61 10 N
LONGITUDE: 150 2 W
[TEMPERATURE DATA] [PRECIPITATION DATA] SYMBOLS USED IN COLUMN 16
AVERAGE MONTHLY: 20.7 TOTAL FOR MONTH: 1.07 1 = FOG OR MIST
DPTR FM NORMAL: 3.8 DPTR FM NORMAL: 0.32 2 = FOG REDUCING VISIBILITY
HIGHEST: 47 ON 21 GRTST 24HR 0.28 ON 11-11 TO 1/4 MILE OR LESS
LOWEST: -9 ON 6 3 = THUNDER
SNOW, ICE PELLETS, HAIL 4 = ICE PELLETS
TOTAL MONTH: 16.1 INCHES 5 = HAIL
GRTST 24HR 3.1 ON 27-27 6 = FREEZING RAIN OR DRIZZLE
GRTST DEPTH: 17 ON 21,20 7 = DUSTSTORM OR SANDSTORM:
VSBY 1/2 MILE OR LESS
8 = SMOKE OR HAZE
[NO. OF DAYS WITH] [WEATHER - DAYS WITH] 9 = BLOWING SNOW
X = TORNADO
MAX 32 OR BELOW: 21 0.01 INCH OR MORE: 9
MAX 90 OR ABOVE: 0 0.10 INCH OR MORE: 5
MIN 32 OR BELOW: 30 0.50 INCH OR MORE: 0
MIN 0 OR BELOW: 6 1.00 INCH OR MORE: 0
[HDD (BASE 65) ]
TOTAL THIS MO. 1365 CLEAR (SCALE 0-3) 5
DPTR FM NORMAL -128 PTCLDY (SCALE 4-7) 8
TOTAL FM JUL 1 6088 CLOUDY (SCALE 8-10) 18
DPTR FM NORMAL 169
[CDD (BASE 65) ]
TOTAL THIS MO. 0
DPTR FM NORMAL 0 [PRESSURE DATA]
TOTAL FM JAN 1 0 HIGHEST SLP M ON M
DPTR FM NORMAL 0 LOWEST SLP 29.11 ON 9
[REMARKS]
#FINAL-01-22#