000
CXUS52 KGSP 010817
CF6AND
PRELIMINARY LOCAL CLIMATOLOGICAL DATA (WS FORM: F-6)
STATION: ANDERSON SC
MONTH: JULY
YEAR: 2023
LATITUDE: 34 30 N
LONGITUDE: 82 43 W
TEMPERATURE IN F: :PCPN: SNOW: WIND :SUNSHINE: SKY :PK WND
================================================================================
1 2 3 4 5 6A 6B 7 8 9 10 11 12 13 14 15 16 17 18
12Z AVG MX 2MIN
DY MAX MIN AVG DEP HDD CDD WTR SNW DPTH SPD SPD DIR MIN PSBL S-S WX SPD DR
================================================================================
1 92 69 81 1 0 16 0.06 M M 4.5 31 40 M M 1 13 41 40
2 91 69 80 0 0 15 0.02 M M 5.1 30 280 M M 1 3 39 270
3 90 71 81 1 0 16 0.02 M M 7.9 14 230 M M 1 3 19 230
4 89 72 81 1 0 16 0.00 M M 4.7 15 350 M M 1 21 340
5 85 71 78 -2 0 13 0.04 M M 1.8 8 190 M M 2 1 9 190
6 91 71 81 1 0 16 0.00 M M 3.2 17 300 M M 4 12 23 300
7 92 70 81 1 0 16 0.00 M M 3.4 14 40 M M 1 3 19 40
8 93 70 82 2 0 17 0.00 M M 2.7 10 220 M M 0 19 260
9 91 74 83 3 0 18 0.00 M M 7.6 17 240 M M 1 26 250
10 84 73 79 -1 0 14 0.07 M M 4.1 9 160 M M 6 13 15 140
11 90 68 79 -1 0 14 T M M 3.7 14 270 M M 3 3 17 270
12 91 64 78 -2 0 13 0.00 M M 3.2 15 250 M M 1 19 240
13 95 71 83 3 0 18 0.00 M M 5.2 15 200 M M 1 21 200
14 93 72 83 3 0 18 0.01 M M 3.5 14 230 M M 1 3 17 220
15 95 74 85 5 0 20 0.05 M M 5.7 21 230 M M 1 13 29 220
16 93 75 84 4 0 19 0.00 M M 7.2 14 240 M M 1 21 300
17 91 68 80 0 0 15 0.00 M M 3.0 9 90 M M 0 12 80
18 94 67 81 1 0 16 0.00 M M 5.2 16 230 M M 0 18 19 220
19 91 74 83 3 0 18 T M M 8.1 29 280 M M 1 18 39 280
20 91 71 81 1 0 16 0.12 M M 6.8 18 310 M M 2 3 23 300
21 93 70 82 2 0 17 T M M 8.2 23 280 M M 1 3 32 280
22 91 72 82 2 0 17 T M M 5.7 14 270 M M 4 19 290
23 92 69 81 1 0 16 0.02 M M 4.3 15 70 M M 4 3 19 80
24 92 67 80 0 0 15 0.00 M M 2.5 10 80 M M 2 14 80
25 95 68 82 2 0 17 0.00 M M 3.5 14 280 M M 2 17 280
26 96 67 82 2 0 17 0.00 M M 3.0 12 140 M M 1 3 14 150
27 98 71 85 5 0 20 0.00 M M 3.4 12 230 M M 0 16 170
28 96 73 85 5 0 20 T M M 3.6 28 180 M M 2 3 31 180
29 91 73 82 2 0 17 0.43 M M 5.1 26 320 M M 1 13 35 320
30 93 72 83 3 0 18 0.00 M M 4.4 13 310 M M 2 17 310
31 94 69 82 2 0 17 T M M 2.7 15 200 M M 3 19 200
================================================================================
SM 2853 2185 0 515 0.84 M 143.0 M 51
================================================================================
AV 92.0 70.5 4.6 FASTST M M 2 MAX(MPH)
MISC ----> 31 40 41 40
================================================================================
NOTES:
# LAST OF SEVERAL OCCURRENCES
COLUMN 17 PEAK WIND IN M.P.H.
PRELIMINARY LOCAL CLIMATOLOGICAL DATA (WS FORM: F-6) , PAGE 2
STATION: ANDERSON SC
MONTH: JULY
YEAR: 2023
LATITUDE: 34 30 N
LONGITUDE: 82 43 W
[TEMPERATURE DATA] [PRECIPITATION DATA] SYMBOLS USED IN COLUMN 16
AVERAGE MONTHLY: 81.3 TOTAL FOR MONTH: 0.84 1 = FOG OR MIST
DPTR FM NORMAL: 1.0 DPTR FM NORMAL: -2.92 2 = FOG REDUCING VISIBILITY
HIGHEST: 98 ON 27 GRTST 24HR 0.43 ON 29-29 TO 1/4 MILE OR LESS
LOWEST: 64 ON 12 3 = THUNDER
SNOW, ICE PELLETS, HAIL 4 = ICE PELLETS
TOTAL MONTH: M 5 = HAIL
GRTST 24HR M ON M 6 = FREEZING RAIN OR DRIZZLE
GRTST DEPTH: M ON M 7 = DUSTSTORM OR SANDSTORM:
VSBY 1/2 MILE OR LESS
8 = SMOKE OR HAZE
[NO. OF DAYS WITH] [WEATHER - DAYS WITH] 9 = BLOWING SNOW
X = TORNADO
MAX 32 OR BELOW: 0 0.01 INCH OR MORE: 10
MAX 90 OR ABOVE: 28 0.10 INCH OR MORE: 2
MIN 32 OR BELOW: 0 0.50 INCH OR MORE: 0
MIN 0 OR BELOW: 0 1.00 INCH OR MORE: 0
[HDD (BASE 65) ]
TOTAL THIS MO. 0 CLEAR (SCALE 0-3) 26
DPTR FM NORMAL 0 PTCLDY (SCALE 4-7) 5
TOTAL FM JUL 1 0 CLOUDY (SCALE 8-10) 0
DPTR FM NORMAL 0
[CDD (BASE 65) ]
TOTAL THIS MO. 515
DPTR FM NORMAL 42 [PRESSURE DATA]
TOTAL FM JAN 1 982 HIGHEST SLP 30.14 ON 28
DPTR FM NORMAL -67 LOWEST SLP 29.77 ON 22
[REMARKS]
#FINAL-07-23#