000
CXUS53 KIWX 010910
CF6AOH
PRELIMINARY LOCAL CLIMATOLOGICAL DATA (WS FORM: F-6)
STATION: LIMA
MONTH: FEBRUARY
YEAR: 2022
LATITUDE: 40 42 N
LONGITUDE: 84 1 W
TEMPERATURE IN F: :PCPN: SNOW: WIND :SUNSHINE: SKY :PK WND
================================================================================
1 2 3 4 5 6A 6B 7 8 9 10 11 12 13 14 15 16 17 18
12Z AVG MX 2MIN
DY MAX MIN AVG DEP HDD CDD WTR SNW DPTH SPD SPD DIR MIN PSBL S-S WX SPD DR
================================================================================
1 50 25 38 11 27 0 0.00 M M 13.0 20 180 M M 2 30 190
2 48 28 38 11 27 0 0.78 M M 11.7 23 30 M M 10 1 38 40
3 28 19 24 -3 41 0 0.11 M M 18.3 28 30 M M 10 12 43 30
4 19 11 15 -13 50 0 T M M 8.7 23 20 M M 8 1 32 30
5 18 9 14 -14 51 0 T M M 8.1 16 250 M M 5 18 21 260
6 33 13 23 -5 42 0 0.00 M M 10.5 17 180 M M 0 23 170
7 28 19 24 -4 41 0 T M M 11.3 18 260 M M 6 18 23 260
8 40 10 25 -3 40 0 0.00 M M 10.4 17 200 M M 4 18 25 210
9 43 36 40 12 25 0 0.00 M M 13.2 23 230 M M 3 34 240
10 37 28 33 4 32 0 0.00 M M 14.8 24 250 M M 9 32 240
11 43 28 36 7 29 0 0.12 M M 14.9 24 230 M M 7 1 32 240
12 37 20 29 0 36 0 T M M 13.5 26 270 M M 10 36 270
13 20 8 14 -15 51 0 T M M 9.2 15 290 M M 9 18 19 270
14 21 6 14 -16 51 0 T M M 4.7 12 240 M M 7 19 210
15 38 9 24 -6 41 0 0.00 M M 9.0 21 160 M M 0 28 160
16 54 38 46 16 19 0 0.00 M M 17.0 26 200 M M 4 44 190
17 57 25 41 11 24 0 1.17 M M 16.2 26 350 M M 9 16 41 200
18 30 18 24 -6 41 0 T M M 14.7 28 220 M M 5 1 39 210
19 32 15 24 -7 41 0 T M M 17.1 36 270 M M 5 50 290
20 50 15 33 2 32 0 0.00 M M 14.8 24 210 M M 0 38 190
21 58 39 49 18 16 0 0.00 M M 11.4 20 170 M M 2 26 170
22 60 34 47 15 18 0 0.61 M M 16.6 31 250 M M 9 13 41 140
23 34 26 30 -2 35 0 0.00 M M 12.9 28 260 M M 10 1 39 270
24 29 23 26 -6 39 0 0.20 M M 12.5 22 60 M M 10 168 33 60
25 29 22 26 -6 39 0 0.02 M M 9.6 22 300 M M 10 16 27 300
26 31 20 26 -7 39 0 0.00 M M 9.9 20 260 M M 4 26 260
27 42 25 34 1 31 0 0.00 M M 12.7 23 260 M M 0 31 260
28 45 24 35 1 30 0 0.00 M M 7.9 15 190 M M 0 22 200
================================================================================
SM 1054 593 988 0 3.01 M 344.6 M 158
================================================================================
AV 37.6 21.2 12.3 FASTST M M 6 MAX(MPH)
MISC ----> 36 270 50 290
================================================================================
NOTES:
# LAST OF SEVERAL OCCURRENCES
COLUMN 17 PEAK WIND IN M.P.H.
PRELIMINARY LOCAL CLIMATOLOGICAL DATA (WS FORM: F-6) , PAGE 2
STATION: LIMA
MONTH: FEBRUARY
YEAR: 2022
LATITUDE: 40 42 N
LONGITUDE: 84 1 W
[TEMPERATURE DATA] [PRECIPITATION DATA] SYMBOLS USED IN COLUMN 16
AVERAGE MONTHLY: 29.4 TOTAL FOR MONTH: 3.01 1 = FOG OR MIST
DPTR FM NORMAL: -0.5 DPTR FM NORMAL: 1.16 2 = FOG REDUCING VISIBILITY
HIGHEST: 60 ON 22 GRTST 24HR 1.17 ON 17-17 TO 1/4 MILE OR LESS
LOWEST: 6 ON 14 3 = THUNDER
SNOW, ICE PELLETS, HAIL 4 = ICE PELLETS
TOTAL MONTH: M 5 = HAIL
GRTST 24HR M ON M 6 = FREEZING RAIN OR DRIZZLE
GRTST DEPTH: M ON M 7 = DUSTSTORM OR SANDSTORM:
VSBY 1/2 MILE OR LESS
8 = SMOKE OR HAZE
[NO. OF DAYS WITH] [WEATHER - DAYS WITH] 9 = BLOWING SNOW
X = TORNADO
MAX 32 OR BELOW: 11 0.01 INCH OR MORE: 7
MAX 90 OR ABOVE: 0 0.10 INCH OR MORE: 6
MIN 32 OR BELOW: 24 0.50 INCH OR MORE: 3
MIN 0 OR BELOW: 0 1.00 INCH OR MORE: 1
[HDD (BASE 65) ]
TOTAL THIS MO. 988 CLEAR (SCALE 0-3) 8
DPTR FM NORMAL 4 PTCLDY (SCALE 4-7) 10
TOTAL FM JUL 1 4016 CLOUDY (SCALE 8-10) 10
DPTR FM NORMAL -321
[CDD (BASE 65) ]
TOTAL THIS MO. 0
DPTR FM NORMAL 0 [PRESSURE DATA]
TOTAL FM JAN 1 0 HIGHEST SLP M ON M
DPTR FM NORMAL 0 LOWEST SLP 29.51 ON 22
[REMARKS]
#FINAL-02-22#