000
CXUS55 KBOU 010900
CF6APA
PRELIMINARY LOCAL CLIMATOLOGICAL DATA (WS FORM: F-6)
STATION: CENTENNIAL CO
MONTH: JULY
YEAR: 2022
LATITUDE: 39 33 N
LONGITUDE: 104 51 W
TEMPERATURE IN F: :PCPN: SNOW: WIND :SUNSHINE: SKY :PK WND
================================================================================
1 2 3 4 5 6A 6B 7 8 9 10 11 12 13 14 15 16 17 18
12Z AVG MX 2MIN
DY MAX MIN AVG DEP HDD CDD WTR SNW DPTH SPD SPD DIR MIN PSBL S-S WX SPD DR
================================================================================
1 83 54 69 -2 0 4 0.00 M M 7.2 23 170 M M 4 32 170
2 87 53 70 -2 0 5 0.00 M M 7.4 20 210 M M 4 27 210
3 91 65 78 6 0 13 T M M 10.6 28 270 M M 6 38 280
4 92 62 77 5 0 12 T M M 8.2 26 200 M M 5 38 220
5 92 58 75 3 0 10 0.08 M M 6.8 21 270 M M 7 3 29 260
6 84 60 72 0 0 7 0.01 M M 7.4 25 360 M M 7 3 31 350
7 87 57 72 0 0 7 0.05 M M 6.8 24 240 M M 5 3 33 20
8 93 57 75 2 0 10 0.00 M M 9.1 22 120 M M 4 30 110
9 98 64 81 8 0 16 T M M 8.4 25 10 M M 3 3 38 360
10 99 65 82 9 0 17 T M M 10.3 37 240 M M 5 50 250
11 79 57 68 -5 0 3 T M M 8.3 23 20 M M 6 1 31 20
12 93 60 77 4 0 12 T M M 7.3 28 20 M M 3 40 20
13 95 61 78 5 0 13 0.00 M M 7.9 31 220 M M 4 45 230
14 95 63 79 6 0 14 0.00 M M 8.3 31 210 M M 5 42 210
15 93 63 78 5 0 13 T M M 5.8 23 300 M M 7 3 34 310
16 92 62 77 4 0 12 0.01 M M 9.0 29 340 M M 5 3 37 340
17 95 60 78 4 0 13 0.00 M M 9.1 21 140 M M 3 28 130
18 96 70 83 9 0 18 T M M 7.9 22 260 M M 6 32 260
19 93 67 80 6 0 15 0.02 M M 9.3 23 340 M M 6 3 29 330
20 91 65 78 4 0 13 0.13 M M 6.7 24 230 M M 6 38 29 290
21 94 60 77 3 0 12 0.00 M M 6.6 16 260 M M 4 26 340
22 95 63 79 5 0 14 0.00 M M 8.1 24 170 M M 3 32 190
23 94 63 79 5 0 14 0.02 M M 8.8 33 230 M M 6 3 46 240
24 82 61 72 -2 0 7 0.21 M M 7.8 21 320 M M 7 13 28 310
25 88 58 73 0 0 8 0.00 M M 9.0 30 180 M M 5 42 180
26 85 61 73 0 0 8 0.63 M M 9.5 31 200 M M 7 13 41 10
27 87 60 74 1 0 9 0.27 M M 11.5 37 270 M M 7 138 53 270
28 75 60 68 -5 0 3 0.05 M M 8.3 20 130 M M 8 30 120
29 83 59 71 -2 0 6 0.00 M M 7.1 30 80 M M 5 3 45 90
30 89 54 72 -1 0 7 0.00 M M 6.2 14 360 M M 3 20 200
31 90 64 77 4 0 12 0.00 M M 7.4 24 350 M M 6 34 330
================================================================================
SM 2790 1886 0 327 1.48 M 252.1 M 162
================================================================================
AV 90.0 60.8 8.1 FASTST M M 5 MAX(MPH)
MISC ----> # 37 270 53 270
================================================================================
NOTES:
# LAST OF SEVERAL OCCURRENCES
COLUMN 17 PEAK WIND IN M.P.H.
PRELIMINARY LOCAL CLIMATOLOGICAL DATA (WS FORM: F-6) , PAGE 2
STATION: CENTENNIAL CO
MONTH: JULY
YEAR: 2022
LATITUDE: 39 33 N
LONGITUDE: 104 51 W
[TEMPERATURE DATA] [PRECIPITATION DATA] SYMBOLS USED IN COLUMN 16
AVERAGE MONTHLY: 75.4 TOTAL FOR MONTH: 1.48 1 = FOG OR MIST
DPTR FM NORMAL: 2.5 DPTR FM NORMAL: -0.28 2 = FOG REDUCING VISIBILITY
HIGHEST: 99 ON 10 GRTST 24HR 0.63 ON 26-26 TO 1/4 MILE OR LESS
LOWEST: 53 ON 2 3 = THUNDER
SNOW, ICE PELLETS, HAIL 4 = ICE PELLETS
TOTAL MONTH: M 5 = HAIL
GRTST 24HR M ON M 6 = FREEZING RAIN OR DRIZZLE
GRTST DEPTH: M ON M 7 = DUSTSTORM OR SANDSTORM:
VSBY 1/2 MILE OR LESS
8 = SMOKE OR HAZE
[NO. OF DAYS WITH] [WEATHER - DAYS WITH] 9 = BLOWING SNOW
X = TORNADO
MAX 32 OR BELOW: 0 0.01 INCH OR MORE: 11
MAX 90 OR ABOVE: 19 0.10 INCH OR MORE: 4
MIN 32 OR BELOW: 0 0.50 INCH OR MORE: 1
MIN 0 OR BELOW: 0 1.00 INCH OR MORE: 0
[HDD (BASE 65) ]
TOTAL THIS MO. 0 CLEAR (SCALE 0-3) 5
DPTR FM NORMAL -4 PTCLDY (SCALE 4-7) 25
TOTAL FM JUL 1 0 CLOUDY (SCALE 8-10) 1
DPTR FM NORMAL 0
[CDD (BASE 65) ]
TOTAL THIS MO. 327
DPTR FM NORMAL 76 [PRESSURE DATA]
TOTAL FM JAN 1 491 HIGHEST SLP M ON M
DPTR FM NORMAL 111 LOWEST SLP 29.75 ON 4
[REMARKS]
#FINAL-07-22#