000
CXUS56 KMTR 011000
CF6APC
PRELIMINARY LOCAL CLIMATOLOGICAL DATA (WS FORM: F-6)
STATION: NAPA AIRPORT
MONTH: NOVEMBER
YEAR: 2022
LATITUDE: 38 13 N
LONGITUDE: 122 17 W
TEMPERATURE IN F: :PCPN: SNOW: WIND :SUNSHINE: SKY :PK WND
================================================================================
1 2 3 4 5 6A 6B 7 8 9 10 11 12 13 14 15 16 17 18
12Z AVG MX 2MIN
DY MAX MIN AVG DEP HDD CDD WTR SNW DPTH SPD SPD DIR MIN PSBL S-S WX SPD DR
================================================================================
1 62 46 54 -3 11 0 0.13 M M 11.0 26 210 M M 6 1 33 210
2 63 37 50 -6 15 0 T M M 6.2 22 280 M M 3 1 25 280
3 63 31 47 -9 18 0 0.00 M M 4.8 14 200 M M 0 1 16 200
4 65 36 51 -5 14 0 0.00 M M 4.7 15 200 M M 2 1 17 190
5 63 53 58 2 7 0 0.01 M M 10.5 20 200 M M 10 1 23 200
6 66 43 55 0 10 0 0.09 M M 11.5 28 270 M M 5 1 41 230
7 62 40 51 -4 14 0 0.24 M M 9.2 29 290 M M 6 1 34 290
8 54 40 47 -8 18 0 0.49 M M 9.7 23 140 M M 8 18X 31 130
9 62 36 49 -5 16 0 0.00 M M 2.8 14 260 M M 3 12 16 300
10 62 35 49 -5 16 0 0.00 M M 2.7 12 230 M M 0 1 14 220
11 61 36 49 -5 16 0 0.00 M M 3.8 9 100 M M 0 12 90
12 64 36 50 -4 15 0 0.01 M M 5.6 21 280 M M 4 12 26 280
13 65 35 50 -3 15 0 0.00 M M 5.1 15 10 M M 0 1 20 10
14 64 32 48 -5 17 0 0.00 M M 5.6 14 90 M M 0 17 100
15 67 31 49 -4 16 0 0.00 M M 3.3 12 210 M M 0 15 210
16 70 31 51 -1 14 0 0.00 M M 3.2 13 210 M M 0 16 220
17 67 33 50 -2 15 0 0.00 M M 2.9 16 230 M M 0 19 240
18 68 34 51 -1 14 0 0.00 M M 4.0 18 10 M M 0 1 23 10
19 69 32 51 -1 14 0 0.00 M M 6.3 17 90 M M 0 23 90
20 68 32 50 -1 15 0 0.00 M M 6.3 16 90 M M 0 20 90
21 65 30 48 -3 17 0 0.00 M M 3.4 8 10 M M 0 9 240
22 68 32 50 -1 15 0 0.00 M M 2.2 9 90 M M 0 11 60
23 69 35 52 1 13 0 0.00 M M 2.1 8 210 M M 0 13 210
24 71 36 54 4 11 0 0.00 M M 7.8 23 90 M M 0 18 28 80
25 69 36 53 3 12 0 0.00 M M 3.5 15 100 M M 0 20 90
26 66 35 51 1 14 0 0.00 M M 2.6 8 200 M M 0 16 320
27 63 33 48 -2 17 0 0.00 M M 2.9 8 210 M M 0 1 15 210
28 64 33 49 -1 16 0 0.00 M M 8.0 25 310 M M 0 18 31 280
29 59 29 44 -5 21 0 0.00 M M 2.0 9 230 M M 0 128 12 240
30 58 29 44 -5 21 0 0.00 M M 5.0 13 200 M M 2 15 210
================================================================================
SM 1937 1057 447 0 0.97 M 158.7 M 49
================================================================================
AV 64.6 35.2 5.3 FASTST M M 2 MAX(MPH)
MISC ----> 29 290 41 230
================================================================================
NOTES:
# LAST OF SEVERAL OCCURRENCES
COLUMN 17 PEAK WIND IN M.P.H.
PRELIMINARY LOCAL CLIMATOLOGICAL DATA (WS FORM: F-6) , PAGE 2
STATION: NAPA AIRPORT
MONTH: NOVEMBER
YEAR: 2022
LATITUDE: 38 13 N
LONGITUDE: 122 17 W
[TEMPERATURE DATA] [PRECIPITATION DATA] SYMBOLS USED IN COLUMN 16
AVERAGE MONTHLY: 49.9 TOTAL FOR MONTH: 0.97 1 = FOG OR MIST
DPTR FM NORMAL: -2.8 DPTR FM NORMAL: -1.00 2 = FOG REDUCING VISIBILITY
HIGHEST: 71 ON 24 GRTST 24HR 0.70 ON 7- 8 TO 1/4 MILE OR LESS
LOWEST: 29 ON 30,29 3 = THUNDER
SNOW, ICE PELLETS, HAIL 4 = ICE PELLETS
TOTAL MONTH: M 5 = HAIL
GRTST 24HR M ON M 6 = FREEZING RAIN OR DRIZZLE
GRTST DEPTH: M ON M 7 = DUSTSTORM OR SANDSTORM:
VSBY 1/2 MILE OR LESS
8 = SMOKE OR HAZE
[NO. OF DAYS WITH] [WEATHER - DAYS WITH] 9 = BLOWING SNOW
X = TORNADO
MAX 32 OR BELOW: 0 0.01 INCH OR MORE: 6
MAX 90 OR ABOVE: 0 0.10 INCH OR MORE: 3
MIN 32 OR BELOW: 10 0.50 INCH OR MORE: 0
MIN 0 OR BELOW: 0 1.00 INCH OR MORE: 0
[HDD (BASE 65) ]
TOTAL THIS MO. 447 CLEAR (SCALE 0-3) 24
DPTR FM NORMAL 79 PTCLDY (SCALE 4-7) 5
TOTAL FM JUL 1 600 CLOUDY (SCALE 8-10) 1
DPTR FM NORMAL -2
[CDD (BASE 65) ]
TOTAL THIS MO. 0
DPTR FM NORMAL 0 [PRESSURE DATA]
TOTAL FM JAN 1 487 HIGHEST SLP M ON M
DPTR FM NORMAL 173 LOWEST SLP 29.52 ON 8
[REMARKS]
#FINAL-11-22#