000
CXUS53 KAPX 010830
CF6APX
PRELIMINARY LOCAL CLIMATOLOGICAL DATA (WS FORM: F-6)
STATION: GAYLORD WFO
MONTH: NOVEMBER
YEAR: 2023
LATITUDE: 45 4 N
LONGITUDE: 84 43 W
TEMPERATURE IN F: :PCPN: SNOW: WIND :SUNSHINE: SKY :PK WND
================================================================================
1 2 3 4 5 6A 6B 7 8 9 10 11 12 13 14 15 16 17 18
12Z AVG MX 2MIN
DY MAX MIN AVG DEP HDD CDD WTR SNW DPTH SPD SPD DIR MIN PSBL S-S WX SPD DR
================================================================================
1 37 26 32 -8 33 0 T T T M M M M M M M M
2 47 29 38 -1 27 0 0.00 0.0 0 M M M M M M M M
3 50 37 44 5 21 0 0.00 0.0 0 M M M M M M M M
4 47 28 38 -1 27 0 0.00 0.0 0 M M M M M M M M
5 41 28 35 -3 30 0 T 0.0 0 M M M M M M M M
6 55 40 48 10 17 0 0.09 0.0 0 M M M M M M 3 M M
7 43 28 36 -1 29 0 T T 0 M M M M M M M M
8 35 29 32 -5 33 0 0.35 T 0 M M M M M M M M
9 44 35 40 3 25 0 0.02 T 0 M M M M M M M M
10 40 30 35 -1 30 0 0.01 T 0 M M M M M M M M
11 41 28 35 -1 30 0 0.00 0.0 0 M M M M M M M M
12 48 32 40 4 25 0 T 0.0 0 M M M M M M M M
13 48 31 40 5 25 0 0.00 0.0 0 M M M M M M M M
14 52 28 40 5 25 0 0.00 0.0 0 M M M M M M M M
15 57 36 47 13 18 0 0.00 0.0 0 M M M M M M M M
16 62 36 49 15 16 0 0.00 0.0 0 M M M M M M M M
17 57 27 42 8 23 0 0.11 0.0 0 M M M M M M M M
18 45 26 36 3 29 0 0.00 0.0 0 M M M M M M M M
19 39 26 33 0 32 0 0.00 0.0 0 M M M M M M M M
20 38 23 31 -2 34 0 0.00 0.0 0 M M M M M M M M
21 33 30 32 0 33 0 0.42 0.7 T M M M M M M 14 M M
22 35 31 33 1 32 0 0.02 T T M M M M M M M M
23 34 23 29 -3 36 0 T T 0 M M M M M M M M
24 26 21 24 -7 41 0 0.01 0.3 T M M M M M M M M
25 34 22 28 -3 37 0 0.00 0.0 T M M M M M M M M
26 29 27 28 -3 37 0 0.23 2.4 1 M M M M M M M M
27 28 16 22 -8 43 0 0.54 10.1 4 M M M M M M 9 M M
28 23 15 19 -11 46 0 0.17 4.6 10 M M M M M M M M
29 31 16 24 -6 41 0 0.02 0.3 9 M M M M M M M M
30 43 28 36 7 29 0 T T 9 M M M M M M M M
================================================================================
SM 1242 832 904 0 1.99 18.4 M M M
================================================================================
AV 41.4 27.7 M FASTST M M M MAX(MPH)
MISC ----> M M M M
================================================================================
NOTES:
# LAST OF SEVERAL OCCURRENCES
COLUMN 17 PEAK WIND IN M.P.H.
PRELIMINARY LOCAL CLIMATOLOGICAL DATA (WS FORM: F-6) , PAGE 2
STATION: GAYLORD WFO
MONTH: NOVEMBER
YEAR: 2023
LATITUDE: 45 4 N
LONGITUDE: 84 43 W
[TEMPERATURE DATA] [PRECIPITATION DATA] SYMBOLS USED IN COLUMN 16
AVERAGE MONTHLY: 34.6 TOTAL FOR MONTH: 1.99 1 = FOG OR MIST
DPTR FM NORMAL: 0.2 DPTR FM NORMAL: -1.38 2 = FOG REDUCING VISIBILITY
HIGHEST: 62 ON 16 GRTST 24HR 0.54 ON 27-27 TO 1/4 MILE OR LESS
LOWEST: 15 ON 28 3 = THUNDER
SNOW, ICE PELLETS, HAIL 4 = ICE PELLETS
TOTAL MONTH: 18.6 INCHES 5 = HAIL
GRTST 24HR 10.1 ON 27-27 6 = FREEZING RAIN OR DRIZZLE
GRTST DEPTH: 10 ON 28 7 = DUSTSTORM OR SANDSTORM:
VSBY 1/2 MILE OR LESS
8 = SMOKE OR HAZE
[NO. OF DAYS WITH] [WEATHER - DAYS WITH] 9 = BLOWING SNOW
X = TORNADO
MAX 32 OR BELOW: 5 0.01 INCH OR MORE: 12
MAX 90 OR ABOVE: 0 0.10 INCH OR MORE: 6
MIN 32 OR BELOW: 25 0.50 INCH OR MORE: 1
MIN 0 OR BELOW: 0 1.00 INCH OR MORE: 0
[HDD (BASE 65) ]
TOTAL THIS MO. 904 CLEAR (SCALE 0-3) 0
DPTR FM NORMAL -16 PTCLDY (SCALE 4-7) 0
TOTAL FM JUL 1 1709 CLOUDY (SCALE 8-10) 30
DPTR FM NORMAL -126
[CDD (BASE 65) ]
TOTAL THIS MO. 0
DPTR FM NORMAL 0 [PRESSURE DATA]
TOTAL FM JAN 1 314 HIGHEST SLP M ON M
DPTR FM NORMAL -10 LOWEST SLP M ON M
[REMARKS]
#FINAL-11-23#