000
CXUS52 KFFC 011010
CF6ATL
PRELIMINARY LOCAL CLIMATOLOGICAL DATA (WS FORM: F-6)
STATION: ATLANTA
MONTH: JUNE
YEAR: 2022
LATITUDE: 33 39 N
LONGITUDE: 84 26 W
TEMPERATURE IN F: :PCPN: SNOW: WIND :SUNSHINE: SKY :PK WND
================================================================================
1 2 3 4 5 6A 6B 7 8 9 10 11 12 13 14 15 16 17 18
12Z AVG MX 2MIN
DY MAX MIN AVG DEP HDD CDD WTR SNW DPTH SPD SPD DIR MIN PSBL S-S WX SPD DR
================================================================================
1 92 70 81 6 0 16 0.00 0.0 M 4.4 12 340 M M 3 17 300
2 92 73 83 8 0 18 0.00 0.0 M 6.3 29 310 M M 5 38 38 320
3 86 68 77 1 0 12 0.00 0.0 M 9.1 18 320 M M 7 8 29 330
4 85 70 78 2 0 13 0.00 0.0 0 11.5 21 70 M M 4 27 50
5 86 68 77 1 0 12 0.00 0.0 0 8.8 15 80 M M 6 23 70
6 86 68 77 1 0 12 1.19 0.0 M 7.6 26 210 M M 7 138 45 200
7 84 69 77 1 0 12 0.66 0.0 M 6.1 28 320 M M 9 138 35 320
8 85 69 77 0 0 12 0.49 0.0 M 6.9 36 290 M M 8 13 55 290
9 85 68 77 0 0 12 T 0.0 M 9.0 16 320 M M 7 24 330
10 84 64 74 -3 0 9 0.00 0.0 0 6.1 12 270 M M 6 17 110
11 88 70 79 2 0 14 0.00 0.0 M 3.4 12 300 M M 7 16 300
12 92 73 83 6 0 18 0.00 0.0 M 4.6 14 280 M M 6 22 320
13 95 74 85 7 0 20 0.00 0.0 M 6.3 14 290 M M 3 19 290
14 95 79 87 9 0 22 0.00 0.0 M 6.7 16 20 M M 5 21 20
15 99 75 87 9 0 22 0.24 0.0 M 8.1 28 80 M M 4 3 34 90
16 97 76 87 9 0 22 0.00 0.0 M 5.5 12 190 M M 6 3 17 140
17 96 77 87 9 0 22 T 0.0 M 9.0 30 350 M M 7 3 43 350
18 93 72 83 5 0 18 0.00 0.0 0 11.8 25 350 M M 5 32 350
19 89 68 79 0 0 14 0.00 0.0 0 9.5 20 80 M M 2 27 70
20 92 67 80 1 0 15 0.00 0.0 0 4.0 10 300 M M 3 15 360
21 95 70 83 4 0 18 0.00 0.0 0 6.5 16 320 M M 5 8 27 350
22 98 72 85 6 0 20 0.00 0.0 M 9.0 18 300 M M 1 26 350
23 98 76 87 8 0 22 0.00 0.0 M 9.9 20 310 M M 5 8 29 310
24 93 75 84 5 0 19 0.01 0.0 0 10.0 18 190 M M 5 38 27 180
25 93 74 84 5 0 19 0.00 0.0 M 6.5 16 130 M M 6 8 24 130
26 92 74 83 3 0 18 T 0.0 M 4.6 16 60 M M 7 20 60
27 91 71 81 1 0 16 2.40 0.0 0 5.4 16 80 M M 8 138 28 330
28 81 72 77 -3 0 12 0.09 0.0 M 7.0 14 70 M M 8 18 80
29 87 72 80 0 0 15 0.22 0.0 M 5.8 15 100 M M 9 13 20 100
30 90 72 81 1 0 16 T 0.0 M 7.9 13 10 M M 8 3 M M
================================================================================
SM 2719 2146 0 490 5.30 0.0 217.3 M 172
================================================================================
AV 90.6 71.5 7.2 FASTST M M 6 MAX(MPH)
MISC ----> 36 290 55 290
================================================================================
NOTES:
# LAST OF SEVERAL OCCURRENCES
COLUMN 17 PEAK WIND IN M.P.H.
PRELIMINARY LOCAL CLIMATOLOGICAL DATA (WS FORM: F-6) , PAGE 2
STATION: ATLANTA
MONTH: JUNE
YEAR: 2022
LATITUDE: 33 39 N
LONGITUDE: 84 26 W
[TEMPERATURE DATA] [PRECIPITATION DATA] SYMBOLS USED IN COLUMN 16
AVERAGE MONTHLY: 81.1 TOTAL FOR MONTH: 5.30 1 = FOG OR MIST
DPTR FM NORMAL: 3.2 DPTR FM NORMAL: 0.76 2 = FOG REDUCING VISIBILITY
HIGHEST: 99 ON 15 GRTST 24HR 2.40 ON 27-27 TO 1/4 MILE OR LESS
LOWEST: 64 ON 10 3 = THUNDER
SNOW, ICE PELLETS, HAIL 4 = ICE PELLETS
TOTAL MONTH: 0.0 INCH 5 = HAIL
GRTST 24HR 0.0 6 = FREEZING RAIN OR DRIZZLE
GRTST DEPTH: 0 7 = DUSTSTORM OR SANDSTORM:
VSBY 1/2 MILE OR LESS
8 = SMOKE OR HAZE
[NO. OF DAYS WITH] [WEATHER - DAYS WITH] 9 = BLOWING SNOW
X = TORNADO
MAX 32 OR BELOW: 0 0.01 INCH OR MORE: 8
MAX 90 OR ABOVE: 18 0.10 INCH OR MORE: 6
MIN 32 OR BELOW: 0 0.50 INCH OR MORE: 3
MIN 0 OR BELOW: 0 1.00 INCH OR MORE: 2
[HDD (BASE 65) ]
TOTAL THIS MO. 0 CLEAR (SCALE 0-3) 3
DPTR FM NORMAL -1 PTCLDY (SCALE 4-7) 24
TOTAL FM JUL 1 2042 CLOUDY (SCALE 8-10) 3
DPTR FM NORMAL -487
[CDD (BASE 65) ]
TOTAL THIS MO. 490
DPTR FM NORMAL 104 [PRESSURE DATA]
TOTAL FM JAN 1 860 HIGHEST SLP 30.24 ON 29
DPTR FM NORMAL 176 LOWEST SLP 29.80 ON 2
[REMARKS]
#FINAL-06-22#