000
CXUS54 KBMX 011010
CF6AUO
PRELIMINARY LOCAL CLIMATOLOGICAL DATA (WS FORM: F-6)
STATION: AUBURN AWOS
MONTH: MAY
YEAR: 2022
LATITUDE: 32 34 N
LONGITUDE: 85 30 W
TEMPERATURE IN F: :PCPN: SNOW: WIND :SUNSHINE: SKY :PK WND
================================================================================
1 2 3 4 5 6A 6B 7 8 9 10 11 12 13 14 15 16 17 18
12Z AVG MX 2MIN
DY MAX MIN AVG DEP HDD CDD WTR SNW DPTH SPD SPD DIR MIN PSBL S-S WX SPD DR
================================================================================
1 80 64 72 M 0 7 0.00 0.0 0 5.6 12 210 M M 5 1 16 230
2 84 64 74 M 0 9 M 0.0 0 4.7 10 200 M M 4 12 M M
3 86 64 75 M 0 10 M 0.0 M 6.8 14 220 M M 1 24 220
4 86 68 77 M 0 12 M 0.0 0 5.1 8 240 M M 3 M M
5 88 65 77 M 0 12 M 0.0 0 7.0 15 210 M M 2 21 220
6 82 64 73 M 0 8 0.08 0.0 0 12.0 24 160 M M 4 13 33 160
7 76 56 66 M 0 1 0.00 0.0 0 11.1 18 320 M M 1 30 310
8 78 52 65 M 0 0 0.00 0.0 0 6.7 10 80 M M 2 M M
9 76 55 66 M 0 1 0.00 0.0 0 7.8 15 100 M M 0 22 100
10 83 56 70 M 0 5 M 0.0 M 5.6 10 90 M M 0 M M
11 85 55 70 M 0 5 0.00 0.0 0 5.3 12 40 M M 0 18 10
12 86 64 75 M 0 10 0.00 0.0 0 6.8 13 80 M M 2 16 80
13 80 63 72 M 0 7 0.00 0.0 0 7.1 13 70 M M 4 M M
14 83 61 72 M 0 7 0.00 0.0 0 3.2 8 60 M M 3 M M
15 86 65 76 M 0 11 0.60 0.0 0 5.2 21 30 M M 5 38 30 210
16 86 63 75 M 0 10 M 0.0 0 5.9 13 300 M M 0 20 300
17 86 61 74 M 0 9 0.00 0.0 0 6.8 10 300 M M 0 M M
18 88 62 75 M 0 10 0.00 0.0 M 4.5 8 210 M M 0 16 240
19 88 70 79 M 0 14 0.00 0.0 0 8.1 14 210 M M 5 1 18 230
20 88 70 79 M 0 14 0.00 0.0 0 8.2 16 200 M M 6 21 180
21 88 69 79 M 0 14 0.00 0.0 0 6.7 14 180 M M 4 12 16 220
22 86 67 77 M 0 12 0.02 0.0 0 7.3 25 200 M M 3 1 45 200
23 81 66 74 M 0 9 1.00 0.0 0 10.5 24 210 M M 7 13 38 210
24 84 67 76 M 0 11 0.32 0.0 0 5.5 25 140 M M 3 138 36 140
25 74 67 71 M 0 6 0.64 0.0 0 8.1 25 200 M M 5 13 41 190
26 71 66 69 M 0 4 0.48 0.0 M 9.6 16 170 M M 8 1 22 170
27 82 63 73 M 0 8 0.00 0.0 0 9.6 17 240 M M 5 1 25 240
28 81 58 70 M 0 5 M 0.0 0 3.7 8 350 M M 2 8 M M
29 86 61 74 M 0 9 0.00 0.0 0 4.7 10 150 M M 1 1 16 160
30 88 65 77 M 0 12 0.00 0.0 0 4.3 9 160 M M 1 8 M M
31 89 68 79 M 0 14 0.00 0.0 0 5.3 9 90 M M 3 17 100
================================================================================
SM 2585 1959 0 266 3.14 0.0 208.8 M 89
================================================================================
AV 83.4 63.2 6.7 FASTST M M 3 MAX(MPH)
MISC ----> # 25 200 45 200
================================================================================
NOTES:
# LAST OF SEVERAL OCCURRENCES
COLUMN 17 PEAK WIND IN M.P.H.
PRELIMINARY LOCAL CLIMATOLOGICAL DATA (WS FORM: F-6) , PAGE 2
STATION: AUBURN AWOS
MONTH: MAY
YEAR: 2022
LATITUDE: 32 34 N
LONGITUDE: 85 30 W
[TEMPERATURE DATA] [PRECIPITATION DATA] SYMBOLS USED IN COLUMN 16
AVERAGE MONTHLY: 73.3 TOTAL FOR MONTH: 3.14 1 = FOG OR MIST
DPTR FM NORMAL: 0.0 DPTR FM NORMAL: M 2 = FOG REDUCING VISIBILITY
HIGHEST: 89 ON 31 GRTST 24HR 1.00 ON 23-23 TO 1/4 MILE OR LESS
LOWEST: 52 ON 8 3 = THUNDER
SNOW, ICE PELLETS, HAIL 4 = ICE PELLETS
TOTAL MONTH: 0.0 INCH 5 = HAIL
GRTST 24HR 0.0 6 = FREEZING RAIN OR DRIZZLE
GRTST DEPTH: 0 7 = DUSTSTORM OR SANDSTORM:
VSBY 1/2 MILE OR LESS
8 = SMOKE OR HAZE
[NO. OF DAYS WITH] [WEATHER - DAYS WITH] 9 = BLOWING SNOW
X = TORNADO
MAX 32 OR BELOW: 0 0.01 INCH OR MORE: 7
MAX 90 OR ABOVE: 0 0.10 INCH OR MORE: 5
MIN 32 OR BELOW: 0 0.50 INCH OR MORE: 3
MIN 0 OR BELOW: 0 1.00 INCH OR MORE: 1
[HDD (BASE 65) ]
TOTAL THIS MO. 0 CLEAR (SCALE 0-3) 17
DPTR FM NORMAL M PTCLDY (SCALE 4-7) 13
TOTAL FM JUL 1 1773 CLOUDY (SCALE 8-10) 1
DPTR FM NORMAL M
[CDD (BASE 65) ]
TOTAL THIS MO. 266
DPTR FM NORMAL M [PRESSURE DATA]
TOTAL FM JAN 1 359 HIGHEST SLP M ON M
DPTR FM NORMAL M LOWEST SLP M ON M
[REMARKS]
#FINAL-05-22#