000
CXUS54 KBMX 011110
CF6AUO
PRELIMINARY LOCAL CLIMATOLOGICAL DATA (WS FORM: F-6)
STATION: AUBURN AWOS
MONTH: JANUARY
YEAR: 2023
LATITUDE: 32 34 N
LONGITUDE: 85 30 W
TEMPERATURE IN F: :PCPN: SNOW: WIND :SUNSHINE: SKY :PK WND
================================================================================
1 2 3 4 5 6A 6B 7 8 9 10 11 12 13 14 15 16 17 18
12Z AVG MX 2MIN
DY MAX MIN AVG DEP HDD CDD WTR SNW DPTH SPD SPD DIR MIN PSBL S-S WX SPD DR
================================================================================
1 M M M M M M M M M M M M M M M M M
2 M M M M M M M M M M M M M M M M M
3 M M M M M M M M M M M M M M M M M
4 M M M M M M M 0.0 0 M M M M M M M M
5 M M M M M M 0.00 0.0 0 M M M M M M M M
6 59 38 49 M 16 0 0.00 0.0 0 5.5 16 320 M M 0 M M
7 67 35 51 M 14 0 M M M 3.6 8 190 M M 0 M M
8 63 46 55 M 10 0 0.03 0.0 0 5.6 14 190 M M 5 1 M M
9 58 42 50 M 15 0 0.00 0.0 0 5.5 13 250 M M 1 1 M M
10 62 34 48 M 17 0 0.00 0.0 0 4.2 12 220 M M 0 1 M M
11 72 45 59 M 6 0 M M M 6.7 14 210 M M 6 20 210
12 73 52 63 M 2 0 M 0.0 0 11.7 23 300 M M 7 13 45 260
13 52 37 45 M 20 0 M M M 11.5 18 310 M M 10 23 330
14 46 32 39 M 26 0 M M M 12.7 14 310 M M 5 21 320
15 60 27 44 M 21 0 M M M 2.3 7 99 M M 0 M M
16 63 31 47 M 18 0 0.00 0.0 0 5.8 10 180 M M 0 16 180
17 64 48 56 M 9 0 M M M 7.7 17 200 M M 8 12 20 200
18 66 56 61 M 4 0 0.00 0.0 0 5.5 13 160 M M 8 12 M M
19 72 55 64 M 1 0 M 0.0 0 9.3 17 260 M M 4 1 23 260
20 59 40 50 M 15 0 M M M 6.9 12 320 M M 0 M M
21 52 44 48 M 17 0 0.27 M M 6.2 13 100 M M 8 1 20 60
22 50 44 47 M 18 0 M 0.0 0 8.1 18 120 M M 10 13 25 110
23 53 37 45 M 20 0 M M M 8.9 17 330 M M 2 22 270
24 56 29 43 M 22 0 M M M 7.8 13 70 M M 2 20 120
25 64 40 52 M 13 0 M M 0 11.6 18 310 M M 8 13 53 240
26 49 34 42 M 23 0 0.00 0.0 0 6.8 14 320 M M 3 22 290
27 51 30 41 M 24 0 0.00 0.0 0 4.9 8 230 M M 0 M M
28 60 26 43 M 22 0 0.00 0.0 0 4.4 13 130 M M 0 128 130
29 65 43 54 M 11 0 1.33 0.0 0 5.3 9 190 M M 6 1 44 190
30 63 53 58 M 7 0 M 0.0 0 4.5 9 100 M M 10 1 M M
31 66 57 62 M 3 0 T 0.0 0 M M M M M 10 12 M M
================================================================================
SM 1565 1055 374 0 1.63 0.0 173.0 M 113
================================================================================
AV 60.2 40.6 6.9 FASTST M M 4 MAX(MPH)
MISC ----> 23 300 128 130
================================================================================
NOTES:
# LAST OF SEVERAL OCCURRENCES
COLUMN 17 PEAK WIND IN M.P.H.
PRELIMINARY LOCAL CLIMATOLOGICAL DATA (WS FORM: F-6) , PAGE 2
STATION: AUBURN AWOS
MONTH: JANUARY
YEAR: 2023
LATITUDE: 32 34 N
LONGITUDE: 85 30 W
[TEMPERATURE DATA] [PRECIPITATION DATA] SYMBOLS USED IN COLUMN 16
AVERAGE MONTHLY: 50.4 TOTAL FOR MONTH: 1.63 1 = FOG OR MIST
DPTR FM NORMAL: 0.0 DPTR FM NORMAL: M 2 = FOG REDUCING VISIBILITY
HIGHEST: 73 ON 12 GRTST 24HR 2.25 ON 3- 4 TO 1/4 MILE OR LESS
LOWEST: 26 ON 28 3 = THUNDER
SNOW, ICE PELLETS, HAIL 4 = ICE PELLETS
TOTAL MONTH: 0.0 INCH 5 = HAIL
GRTST 24HR 0.0 6 = FREEZING RAIN OR DRIZZLE
GRTST DEPTH: 0 7 = DUSTSTORM OR SANDSTORM:
VSBY 1/2 MILE OR LESS
8 = SMOKE OR HAZE
[NO. OF DAYS WITH] [WEATHER - DAYS WITH] 9 = BLOWING SNOW
X = TORNADO
MAX 32 OR BELOW: 0 0.01 INCH OR MORE: 3
MAX 90 OR ABOVE: 0 0.10 INCH OR MORE: 2
MIN 32 OR BELOW: 6 0.50 INCH OR MORE: 1
MIN 0 OR BELOW: 0 1.00 INCH OR MORE: 1
[HDD (BASE 65) ]
TOTAL THIS MO. 374 CLEAR (SCALE 0-3) 12
DPTR FM NORMAL M PTCLDY (SCALE 4-7) 9
TOTAL FM JUL 1 739 CLOUDY (SCALE 8-10) 10
DPTR FM NORMAL M
[CDD (BASE 65) ]
TOTAL THIS MO. 0
DPTR FM NORMAL M [PRESSURE DATA]
TOTAL FM JAN 1 0 HIGHEST SLP M ON M
DPTR FM NORMAL M LOWEST SLP M ON M
[REMARKS]
#FINAL-01-23#