000
CXUS54 KEWX 011010
CF6BAZ
PRELIMINARY LOCAL CLIMATOLOGICAL DATA (WS FORM: F-6)
STATION: NEW BRAUNFELS
MONTH: MAY
YEAR: 2020
LATITUDE: 29 43 N
LONGITUDE: 98 3 W
TEMPERATURE IN F: :PCPN: SNOW: WIND :SUNSHINE: SKY :PK WND
================================================================================
1 2 3 4 5 6A 6B 7 8 9 10 11 12 13 14 15 16 17 18
12Z AVG MX 2MIN
DY MAX MIN AVG DEP HDD CDD WTR SNW DPTH SPD SPD DIR MIN PSBL S-S WX SPD DR
================================================================================
1 94 55 75 2 0 10 0.00 M M 10.4 20 160 M M 0 29 160
2 96 64 80 7 0 15 0.00 M M 10.8 23 140 M M 5 30 190
3 97 71 84 11 0 19 0.00 M M 11.9 21 170 M M 4 28 160
4 98 72 85 12 0 20 0.00 M M 12.4 21 160 M M 4 8 27 160
5 92 72 82 8 0 17 T M M 11.1 26 20 M M 6 8 34 30
6 89 64 77 3 0 12 0.00 M M 11.1 17 50 M M 5 26 90
7 89 55 72 -2 0 7 0.00 M M 11.7 25 190 M M 5 39 170
8 90 65 78 4 0 13 0.00 M M 16.6 30 30 M M 4 41 30
9 80 58 69 -5 0 4 0.00 M M 8.3 20 50 M M 4 8 26 50
10 84 54 69 -6 0 4 0.00 M M 6.9 17 40 M M 0 23 40
11 87 58 73 -2 0 8 0.00 M M 10.2 22 160 M M 3 31 160
12 76 66 71 -4 0 6 2.32 M M 9.5 32 40 M M 9 1238 41 30
13 92 64 78 3 0 13 0.00 M M 8.3 20 150 M M 7 12 26 170
14 93 68 81 5 0 16 0.47 M M 7.6 22 130 M M 3 13 30 290
15 94 66 80 4 0 15 0.71 M M 9.8 30 330 M M 7 138 48 320
16 89 64 77 1 0 12 0.38 M M 8.0 29 40 M M 1 13 39 40
17 93 65 79 3 0 14 0.00 M M 4.4 13 350 M M 0 17 40
18 95 65 80 4 0 15 0.00 M M 6.8 16 220 M M 0 22 220
19 98 67 83 6 0 18 0.00 M M 8.1 16 200 M M 0 21 180
20 97 73 85 8 0 20 0.02 M M 10.3 30 250 M M 4 18 42 250
21 95 72 84 7 0 19 T M M 10.1 22 130 M M 5 8 28 120
22 97 77 87 10 0 22 0.00 M M 11.4 18 140 M M 7 1 26 150
23 96 73 85 7 0 20 T M M 12.3 21 130 M M 6 8 28 120
24 96 66 81 3 0 16 1.89 M M 12.7 29 280 M M 6 13 41 280
25 80 66 73 -5 0 8 0.48 M M 8.2 33 60 M M 8 13 44 70
26 88 67 78 0 0 13 T M M 4.6 24 120 M M 2 31 110
27 93 65 79 1 0 14 0.05 M M 9.0 25 360 M M 1 3 42 20
28 91 65 78 -1 0 13 T M M 4.9 17 310 M M 1 3 26 320
29 89 68 79 0 0 14 0.00 M M 8.6 20 50 M M 1 25 50
30 90 64 77 -2 0 12 0.00 M M 7.6 17 60 M M 1 23 60
31 85 72 79 0 0 14 0.13 0.0 0 6.6 18 80 M M 5 13 26 70
================================================================================
SM 2823 2041 0 423 6.45 0.0 290.2 M 114
================================================================================
AV 91.1 65.8 9.4 FASTST M M 4 MAX(MPH)
MISC ----> # 33 60 # 48 320
================================================================================
NOTES:
# LAST OF SEVERAL OCCURRENCES
COLUMN 17 PEAK WIND IN M.P.H.
PRELIMINARY LOCAL CLIMATOLOGICAL DATA (WS FORM: F-6) , PAGE 2
STATION: NEW BRAUNFELS
MONTH: MAY
YEAR: 2020
LATITUDE: 29 43 N
LONGITUDE: 98 3 W
[TEMPERATURE DATA] [PRECIPITATION DATA] SYMBOLS USED IN COLUMN 16
AVERAGE MONTHLY: 78.5 TOTAL FOR MONTH: 6.45 1 = FOG OR MIST
DPTR FM NORMAL: 2.5 DPTR FM NORMAL: 2.48 2 = FOG REDUCING VISIBILITY
HIGHEST: 98 ON 19, 4 GRTST 24HR 2.32 ON 12-12 TO 1/4 MILE OR LESS
LOWEST: 54 ON 10 3 = THUNDER
SNOW, ICE PELLETS, HAIL 4 = ICE PELLETS
TOTAL MONTH: 0.0 INCH 5 = HAIL
GRTST 24HR 0.0 6 = FREEZING RAIN OR DRIZZLE
GRTST DEPTH: 0 7 = DUSTSTORM OR SANDSTORM:
VSBY 1/2 MILE OR LESS
8 = SMOKE OR HAZE
[NO. OF DAYS WITH] [WEATHER - DAYS WITH] 9 = BLOWING SNOW
X = TORNADO
MAX 32 OR BELOW: 0 0.01 INCH OR MORE: 9
MAX 90 OR ABOVE: 20 0.10 INCH OR MORE: 7
MIN 32 OR BELOW: 0 0.50 INCH OR MORE: 3
MIN 0 OR BELOW: 0 1.00 INCH OR MORE: 2
[HDD (BASE 65) ]
TOTAL THIS MO. 0 CLEAR (SCALE 0-3) 12
DPTR FM NORMAL -2 PTCLDY (SCALE 4-7) 18
TOTAL FM JUL 1 1269 CLOUDY (SCALE 8-10) 1
DPTR FM NORMAL -290
[CDD (BASE 65) ]
TOTAL THIS MO. 423
DPTR FM NORMAL 80 [PRESSURE DATA]
TOTAL FM JAN 1 823 HIGHEST SLP 30.23 ON 10
DPTR FM NORMAL 231 LOWEST SLP 29.58 ON 25
[REMARKS]
#FINAL-05-20#