242
CXUS55 KLBF 011200
CF6BBW
PRELIMINARY LOCAL CLIMATOLOGICAL DATA (WS FORM: F-6)
STATION: BROKEN BOW
MONTH: JULY
YEAR: 2020
LATITUDE: 41 26 N
LONGITUDE: 99 39 W
TEMPERATURE IN F: :PCPN: SNOW: WIND :SUNSHINE: SKY :PK WND
================================================================================
1 2 3 4 5 6A 6B 7 8 9 10 11 12 13 14 15 16 17 18
12Z AVG MX 2MIN
DY MAX MIN AVG DEP HDD CDD WTR SNW DPTH SPD SPD DIR MIN PSBL S-S WX SPD DR
================================================================================
1 90 56 73 0 0 8 0.00 M M 3.5 10 340 M M 0 14 50
2 89 58 74 1 0 9 0.00 M M 8.4 18 130 M M 1 31 100
3 92 64 78 5 0 13 0.00 M M 5.6 16 360 M M 0 23 360
4 90 62 76 3 0 11 0.00 M M 5.1 14 130 M M 0 20 140
5 89 61 75 1 0 10 0.00 M M 5.5 15 140 M M 1 1 20 140
6 91 64 78 4 0 13 0.00 M M 6.5 20 180 M M 2 13 34 250
7 93 65 79 5 0 14 0.01 M M 13.5 28 250 M M 1 3 44 270
8 94 63 79 5 0 14 0.74 M M 12.3 40 340 M M 0 13 61 340
9 84 59 72 -2 0 7 T M M 6.8 29 80 M M 0 3 44 70
10 88 61 75 1 0 10 1.84 M M 7.3 53 340 M M 1 13 75 330
11 85 62 74 0 0 9 0.07 M M M M M M M 2 3 M M
12 80 57 69 -5 0 4 0.03 M M M M M M M 1 3 M M
13 91 66 79 5 0 14 0.01 M M M M M M M 1 3 M M
14 77 63 70 -4 0 5 0.00 M M M M M M M 4 1 M M
15 83 58 71 -3 0 6 T M M M M M M M 3 8 M M
16 87 57 72 -3 0 7 0.00 M M M M M M M 3 1 M M
17 93 71 82 7 0 17 0.00 M M M M M M M 1 M M
18 98 64 81 6 0 16 T M M M M M M M 0 M M
19 87 63 75 0 0 10 T M M M M M M M 2 M M
20 83 65 74 -1 0 9 T M M M M M M M 4 3 M M
21 85 61 73 -2 0 8 0.00 M M M M M M M 1 3 M M
22 85 66 76 1 0 11 1.01 M M 12.2 20 150 M M 4 13 27 150
23 90 72 81 6 0 16 0.00 M M 13.4 25 160 M M 1 35 170
24 90 74 82 8 0 17 0.10 M M 14.6 26 150 M M 4 3 37 160
25 91 69 80 6 0 15 1.87 M M 11.4 25 330 M M 2 13 36 330
26 82 68 75 1 0 10 0.03 M M 6.8 15 350 M M 2 3 20 340
27 82 62 72 -2 0 7 0.00 M M 5.6 12 140 M M 3 18 110
28 86 62 74 0 0 9 0.00 M M 5.8 15 180 M M 2 20 190
29 85 66 76 2 0 11 0.01 M M 5.1 18 70 M M 3 38 26 60
30 77 61 69 -5 0 4 0.21 M M 8.7 16 30 M M 5 1 24 360
31 84 55 70 -4 0 5 0.00 M M 2.5 15 350 M M 0 22 360
================================================================================
SM 2701 1955 0 319 5.93 M 160.6 M 54
================================================================================
AV 87.1 63.1 8.0 FASTST M M 2 MAX(MPH)
MISC ----> # 53 340 # 75 330
================================================================================
NOTES:
# LAST OF SEVERAL OCCURRENCES
COLUMN 17 PEAK WIND IN M.P.H.
PRELIMINARY LOCAL CLIMATOLOGICAL DATA (WS FORM: F-6) , PAGE 2
STATION: BROKEN BOW
MONTH: JULY
YEAR: 2020
LATITUDE: 41 26 N
LONGITUDE: 99 39 W
[TEMPERATURE DATA] [PRECIPITATION DATA] SYMBOLS USED IN COLUMN 16
AVERAGE MONTHLY: 75.1 TOTAL FOR MONTH: 5.93 1 = FOG OR MIST
DPTR FM NORMAL: 1.0 DPTR FM NORMAL: 2.98 2 = FOG REDUCING VISIBILITY
HIGHEST: 98 ON 18 GRTST 24HR 1.87 ON 25-25 TO 1/4 MILE OR LESS
LOWEST: 55 ON 31 3 = THUNDER
SNOW, ICE PELLETS, HAIL 4 = ICE PELLETS
TOTAL MONTH: M 5 = HAIL
GRTST 24HR M ON M 6 = FREEZING RAIN OR DRIZZLE
GRTST DEPTH: M ON M 7 = DUSTSTORM OR SANDSTORM:
VSBY 1/2 MILE OR LESS
8 = SMOKE OR HAZE
[NO. OF DAYS WITH] [WEATHER - DAYS WITH] 9 = BLOWING SNOW
X = TORNADO
MAX 32 OR BELOW: 0 0.01 INCH OR MORE: 12
MAX 90 OR ABOVE: 12 0.10 INCH OR MORE: 6
MIN 32 OR BELOW: 0 0.50 INCH OR MORE: 4
MIN 0 OR BELOW: 0 1.00 INCH OR MORE: 3
[HDD (BASE 65) ]
TOTAL THIS MO. 0 CLEAR (SCALE 0-3) 25
DPTR FM NORMAL -5 PTCLDY (SCALE 4-7) 6
TOTAL FM JUL 1 0 CLOUDY (SCALE 8-10) 0
DPTR FM NORMAL -5
[CDD (BASE 65) ]
TOTAL THIS MO. 319
DPTR FM NORMAL 31 [PRESSURE DATA]
TOTAL FM JAN 1 632 HIGHEST SLP 30.14 ON 15
DPTR FM NORMAL 158 LOWEST SLP 29.62 ON 8
[REMARKS]
#FINAL-07-20#