000
CXUS51 KOKX 010702
CF6BDR
PRELIMINARY LOCAL CLIMATOLOGICAL DATA (WS FORM: F-6)
STATION: BRIDGEPORT CT
MONTH: SEPTEMBER
YEAR: 2020
LATITUDE: 41 10 N
LONGITUDE: 73 8 W
TEMPERATURE IN F: :PCPN: SNOW: WIND :SUNSHINE: SKY :PK WND
================================================================================
1 2 3 4 5 6A 6B 7 8 9 10 11 12 13 14 15 16 17 18
12Z AVG MX 2MIN
DY MAX MIN AVG DEP HDD CDD WTR SNW DPTH SPD SPD DIR MIN PSBL S-S WX SPD DR
================================================================================
1 79 70 75 4 0 10 0.00 0.0 0 12.7 17 90 M M 5 22 100
2 78 68 73 2 0 8 0.38 0.0 0 8.5 17 120 M M 9 1 24 160
3 86 71 79 9 0 14 0.63 0.0 0 6.7 15 210 M M 6 1 18 360
4 87 68 78 8 0 13 0.00 0.0 0 8.2 16 200 M M 2 20 200
5 79 63 71 1 0 6 0.00 0.0 0 9.3 20 220 M M 1 8 24 210
6 82 62 72 2 0 7 0.00 0.0 0 6.8 14 190 M M 2 17 230
7 80 67 74 5 0 9 0.00 0.0 0 7.0 15 160 M M 0 18 160
8 81 69 75 6 0 10 0.00 0.0 0 5.1 10 170 M M 4 15 190
9 76 66 71 2 0 6 0.00 0.0 0 4.3 9 150 M M 5 12 140
10 81 73 77 9 0 12 1.98 0.0 0 4.6 16 310 M M 9 138 19 300
11 78 64 71 3 0 6 0.00 0.0 0 9.2 20 20 M M 7 26 10
12 70 57 64 -4 1 0 0.00 0.0 0 11.1 18 100 M M 1 22 70
13 77 61 69 2 0 4 0.00 0.0 0 9.7 15 200 M M 8 18 210
14 77 57 67 0 0 2 0.00 0.0 0 11.0 21 350 M M 1 29 350
15 65 50 58 -9 7 0 0.00 0.0 0 7.7 16 360 M M 0 20 10
16 74 54 64 -2 1 0 0.00 0.0 0 9.1 20 220 M M 2 23 220
17 76 61 69 3 0 4 T 0.0 0 6.1 15 230 M M 4 20 230
18 70 53 62 -3 3 0 0.00 0.0 0 13.1 21 10 M M 4 27 10
19 66 47 57 -8 8 0 0.00 0.0 0 10.2 21 30 M M 0 27 20
20 64 49 57 -8 8 0 0.00 0.0 0 10.9 21 40 M M 0 28 20
21 67 44 56 -8 9 0 0.00 0.0 0 9.4 16 20 M M 0 23 30
22 73 43 58 -6 7 0 0.00 0.0 0 9.0 22 320 M M 0 32 320
23 82 52 67 3 0 2 0.00 0.0 0 6.8 20 300 M M 1 28 300
24 75 55 65 2 0 0 0.00 0.0 0 5.4 14 210 M M 0 17 230
25 77 55 66 3 0 1 0.00 0.0 0 4.5 12 200 M M 1 18 13 200
26 75 63 69 7 0 4 0.00 0.0 0 5.6 12 80 M M 8 1 13 90
27 76 67 72 10 0 7 0.01 0.0 0 6.4 12 150 M M 9 1 15 140
28 78 68 73 11 0 8 0.00 0.0 0 9.5 16 190 M M 3 1 20 170
29 75 67 71 10 0 6 0.35 0.0 0 6.9 18 170 M M 9 1 24 150
30 74 63 69 8 0 4 0.50 0.0 0 15.2 36 210 M M 5 1 48 220
================================================================================
SM 2278 1807 44 143 3.85 0.0 250.0 M 106
================================================================================
AV 75.9 60.2 8.3 FASTST M M 4 MAX(MPH)
MISC ----> # 36 210 # 48 220
================================================================================
NOTES:
# LAST OF SEVERAL OCCURRENCES
COLUMN 17 PEAK WIND IN M.P.H.
PRELIMINARY LOCAL CLIMATOLOGICAL DATA (WS FORM: F-6) , PAGE 2
STATION: BRIDGEPORT CT
MONTH: SEPTEMBER
YEAR: 2020
LATITUDE: 41 10 N
LONGITUDE: 73 8 W
[TEMPERATURE DATA] [PRECIPITATION DATA] SYMBOLS USED IN COLUMN 16
AVERAGE MONTHLY: 68.1 TOTAL FOR MONTH: 3.85 1 = FOG OR MIST
DPTR FM NORMAL: 1.9 DPTR FM NORMAL: 0.37 2 = FOG REDUCING VISIBILITY
HIGHEST: 87 ON 4 GRTST 24HR 1.98 ON 10-10 TO 1/4 MILE OR LESS
LOWEST: 43 ON 22 3 = THUNDER
SNOW, ICE PELLETS, HAIL 4 = ICE PELLETS
TOTAL MONTH: 0.0 INCH 5 = HAIL
GRTST 24HR 0.0 6 = FREEZING RAIN OR DRIZZLE
GRTST DEPTH: 0 7 = DUSTSTORM OR SANDSTORM:
VSBY 1/2 MILE OR LESS
8 = SMOKE OR HAZE
[NO. OF DAYS WITH] [WEATHER - DAYS WITH] 9 = BLOWING SNOW
X = TORNADO
MAX 32 OR BELOW: 0 0.01 INCH OR MORE: 6
MAX 90 OR ABOVE: 0 0.10 INCH OR MORE: 5
MIN 32 OR BELOW: 0 0.50 INCH OR MORE: 3
MIN 0 OR BELOW: 0 1.00 INCH OR MORE: 1
[HDD (BASE 65) ]
TOTAL THIS MO. 44 CLEAR (SCALE 0-3) 16
DPTR FM NORMAL -20 PTCLDY (SCALE 4-7) 9
TOTAL FM JUL 1 44 CLOUDY (SCALE 8-10) 5
DPTR FM NORMAL -24
[CDD (BASE 65) ]
TOTAL THIS MO. 143
DPTR FM NORMAL 45 [PRESSURE DATA]
TOTAL FM JAN 1 1164 HIGHEST SLP M ON M
DPTR FM NORMAL 348 LOWEST SLP 29.58 ON 29
[REMARKS]
#FINAL-09-20#