000
CXUS55 KBOU 010900
CF6BDU
PRELIMINARY LOCAL CLIMATOLOGICAL DATA (WS FORM: F-6)
STATION: BOULDER AIRPORT
MONTH: JUNE
YEAR: 2022
LATITUDE: 40 2 N
LONGITUDE: 105 14 W
TEMPERATURE IN F: :PCPN: SNOW: WIND :SUNSHINE: SKY :PK WND
================================================================================
1 2 3 4 5 6A 6B 7 8 9 10 11 12 13 14 15 16 17 18
12Z AVG MX 2MIN
DY MAX MIN AVG DEP HDD CDD WTR SNW DPTH SPD SPD DIR MIN PSBL S-S WX SPD DR
================================================================================
1 54 41 48 M 17 0 M M M 1.6 6 360 M M 8 M M
2 70 43 57 M 8 0 M M M 2.3 9 70 M M 3 M M
3 73 48 61 M 4 0 M M M 2.6 7 110 M M 1 3 18 260
4 82 50 66 M 0 1 M M M 4.4 15 30 M M 1 46 60
5 81 55 68 M 0 3 M M M 5.3 16 310 M M 3 22 280
6 77 54 66 M 0 1 M M M 3.5 14 190 M M 3 24 190
7 79 54 67 M 0 2 M M M 4.0 15 30 M M 5 29 0
8 77 54 66 M 0 1 M M M 4.9 9 150 M M 2 9 340
9 90 54 72 M 0 7 M M M 3.7 9 50 M M 0 18 200
10 90 55 73 M 0 8 M M M 3.6 7 240 M M 0 M M
11 99 63 81 M 0 16 M M M 5.4 18 270 M M 0 24 0
12 91 63 77 M 0 12 M M M 4.7 13 240 M M 0 18 0
13 97 63 80 M 0 15 M M M 5.8 13 230 M M 0 22 210
14 81 55 68 M 0 3 M M M 5.6 12 40 M M 1 24 0
15 88 54 71 M 0 6 M M M 9.4 24 230 M M 0 32 230
16 91 59 75 M 0 10 M M M 4.0 14 50 M M 0 22 350
17 91 63 77 M 0 12 M M M 5.2 12 240 M M 1 30 240
18 90 63 77 M 0 12 M M M 4.3 14 220 M M 1 8 21 150
19 88 70 79 M 0 14 M M M 4.6 14 190 M M 2 36 160
20 88 61 75 M 0 10 M M M 8.4 22 270 M M 0 31 270
21 82 54 68 M 0 3 M M M 5.1 9 100 M M 0 17 160
22 82 52 67 M 0 2 M M M 1.5 5 60 M M 0 M M
23 91 57 74 M 0 9 M M M 4.5 15 260 M M 0 29 260
24 90 64 77 M 0 12 M M M 4.6 12 270 M M 2 3 37 270
25 72 54 63 M 2 0 M M M 3.3 12 30 M M 7 23 260
26 64 55 60 M 5 0 M M M 4.9 12 160 M M 7 22 160
27 86 52 69 M 0 4 M M M 3.8 14 250 M M 1 43 250
28 91 54 73 M 0 8 M M M 3.8 10 240 M M 0 20 240
29 95 63 79 M 0 14 M M M 5.3 16 270 M M 2 29 310
30 77 61 69 M 0 4 M M M 6.8 20 220 M M 3 25 220
================================================================================
SM 2507 1688 36 189 M M 136.8 M 53
================================================================================
AV 83.6 56.3 4.6 FASTST M M 2 MAX(MPH)
MISC ----> 24 230 46 60
================================================================================
NOTES:
# LAST OF SEVERAL OCCURRENCES
COLUMN 17 PEAK WIND IN M.P.H.
PRELIMINARY LOCAL CLIMATOLOGICAL DATA (WS FORM: F-6) , PAGE 2
STATION: BOULDER AIRPORT
MONTH: JUNE
YEAR: 2022
LATITUDE: 40 2 N
LONGITUDE: 105 14 W
[TEMPERATURE DATA] [PRECIPITATION DATA] SYMBOLS USED IN COLUMN 16
AVERAGE MONTHLY: 69.9 TOTAL FOR MONTH: M 1 = FOG OR MIST
DPTR FM NORMAL: 0.0 DPTR FM NORMAL: M 2 = FOG REDUCING VISIBILITY
HIGHEST: 99 ON 11 GRTST 24HR M ON M TO 1/4 MILE OR LESS
LOWEST: 41 ON 1 3 = THUNDER
SNOW, ICE PELLETS, HAIL 4 = ICE PELLETS
TOTAL MONTH: M 5 = HAIL
GRTST 24HR M ON M 6 = FREEZING RAIN OR DRIZZLE
GRTST DEPTH: M ON M 7 = DUSTSTORM OR SANDSTORM:
VSBY 1/2 MILE OR LESS
8 = SMOKE OR HAZE
[NO. OF DAYS WITH] [WEATHER - DAYS WITH] 9 = BLOWING SNOW
X = TORNADO
MAX 32 OR BELOW: 0 0.01 INCH OR MORE: 0
MAX 90 OR ABOVE: 12 0.10 INCH OR MORE: 0
MIN 32 OR BELOW: 0 0.50 INCH OR MORE: 0
MIN 0 OR BELOW: 0 1.00 INCH OR MORE: 0
[HDD (BASE 65) ]
TOTAL THIS MO. 36 CLEAR (SCALE 0-3) 24
DPTR FM NORMAL M PTCLDY (SCALE 4-7) 5
TOTAL FM JUL 1 4977 CLOUDY (SCALE 8-10) 1
DPTR FM NORMAL M
[CDD (BASE 65) ]
TOTAL THIS MO. 189
DPTR FM NORMAL M [PRESSURE DATA]
TOTAL FM JAN 1 218 HIGHEST SLP M ON M
DPTR FM NORMAL M LOWEST SLP M ON M
[REMARKS]
#FINAL-06-22#