000
CXUS55 KCYS 020144 CCA
CF6BFF
PRELIMINARY LOCAL CLIMATOLOGICAL DATA (WS FORM: F-6)...CORRECTED
STATION: SCOTTSBLUFF NE AIRPORT
MONTH: MARCH
YEAR: 2022
LATITUDE: 41 52 N
LONGITUDE: 103 36 W
TEMPERATURE IN F: :PCPN: SNOW: WIND :SUNSHINE: SKY :PK WND
================================================================================
1 2 3 4 5 6A 6B 7 8 9 10 11 12 13 14 15 16 17 18
12Z AVG MX 2MIN
DY MAX MIN AVG DEP HDD CDD WTR SNW DPTH SPD SPD DIR MIN PSBL S-S WX SPD DR
================================================================================
1 71 34 53 19 12 0 0.00 0.0 0 11.8 24 270 M M 0 33 250
2 74 32 53 18 12 0 0.00 0.0 0 9.0 22 290 M M 0 31 300
3 53 28 41 6 24 0 0.00 0.0 0 13.6 24 110 M M 1 18 31 120
4 70 25 48 12 17 0 0.00 0.0 0 9.5 25 40 M M 3 18 36 30
5 32 19 26 -10 39 0 0.22 2.5 2 14.0 30 320 M M 9 18 37 320
6 25 11 18 -18 47 0 T T 2 9.5 18 330 M M 8 8 23 330
7 32 4 18 -19 47 0 0.00 0.0 1 8.0 15 270 M M 0 20 240
8 33 13 23 -14 42 0 0.07 1.4 2 10.4 23 310 M M 4 1 29 300
9 19 5 12 -26 53 0 0.15 3.0 4 6.8 21 70 M M 10 18 26 70
10 19 -6 7 -31 58 0 0.00 0.0 4 6.9 14 300 M M 2 18 18 270
11 30 -1 15 -23 50 0 0.00 0.0 4 8.6 20 300 M M 1 28 300
12 52 20 36 -3 29 0 0.00 0.0 2 16.4 32 280 M M 5 42 280
13 67 28 48 9 17 0 0.00 0.0 T 12.7 30 310 M M 1 43 300
14 57 28 43 3 22 0 0.00 0.0 0 11.4 23 330 M M 1 30 310
15 71 26 49 9 16 0 0.00 0.0 0 10.6 26 250 M M 0 36 250
16 59 37 48 8 17 0 0.15 T T 11.3 26 350 M M 5 1 37 360
17 51 28 40 -1 25 0 0.14 0.6 1 9.3 21 350 M M 6 1 28 350
18 58 22 40 -1 25 0 0.00 0.0 0 7.0 20 290 M M 0 27 310
19 63 25 44 3 21 0 0.00 0.0 0 8.0 20 260 M M 0 26 260
20 71 33 52 10 13 0 0.00 0.0 0 9.0 23 360 M M 0 33 360
21 50 30 40 -2 25 0 0.00 0.0 0 19.2 35 330 M M 7 42 340
22 53 22 38 -4 27 0 T 0.0 0 17.5 40 320 M M 4 55 320
23 59 26 43 1 22 0 0.00 0.0 0 15.0 28 330 M M 0 44 310
24 73 22 48 5 17 0 T 0.0 0 12.4 29 320 M M 2 40 320
25 56 36 46 3 19 0 T 0.0 0 5.7 20 10 M M 4 25 20
26 62 31 47 4 18 0 0.00 0.0 0 12.5 21 110 M M 1 26 100
27 66 28 47 3 18 0 0.00 0.0 0 14.4 21 150 M M 0 28 120
28 80 34 57 13 8 0 0.00 0.0 0 9.8 18 250 M M 0 23 270
29 59 31 45 1 20 0 0.01 T T 17.6 36 340 M M 6 47 340
30 57 26 42 -2 23 0 T T 0 23.2 33 320 M M 6 46 330
31 42 18 30 -14 35 0 0.02 T T 6.8 16 110 M M 5 20 130
================================================================================
SM 1664 715 818 0 0.76 7.5 357.9 M 91
================================================================================
AV 53.7 23.1 11.5 FASTST M M 3 MAX(MPH)
MISC ----> 40 320 55 320
================================================================================
NOTES:
# LAST OF SEVERAL OCCURRENCES
COLUMN 17 PEAK WIND IN M.P.H.
PRELIMINARY LOCAL CLIMATOLOGICAL DATA (WS FORM: F-6) , PAGE 2
STATION: SCOTTSBLUFF NE AIRPORT
MONTH: MARCH
YEAR: 2022
LATITUDE: 41 52 N
LONGITUDE: 103 36 W
[TEMPERATURE DATA] [PRECIPITATION DATA] SYMBOLS USED IN COLUMN 16
AVERAGE MONTHLY: 38.4 TOTAL FOR MONTH: 0.76 1 = FOG OR MIST
DPTR FM NORMAL: -1.5 DPTR FM NORMAL: -0.24 2 = FOG REDUCING VISIBILITY
HIGHEST: 80 ON 28 GRTST 24HR 0.29 ON 16-17 TO 1/4 MILE OR LESS
LOWEST: -6 ON 10 3 = THUNDER
SNOW, ICE PELLETS, HAIL 4 = ICE PELLETS
TOTAL MONTH: 7.5 INCHES 5 = HAIL
GRTST 24HR 3.0 ON 9- 9 6 = FREEZING RAIN OR DRIZZLE
GRTST DEPTH: 4 ON 11,10 7 = DUSTSTORM OR SANDSTORM:
VSBY 1/2 MILE OR LESS
8 = SMOKE OR HAZE
[NO. OF DAYS WITH] [WEATHER - DAYS WITH] 9 = BLOWING SNOW
X = TORNADO
MAX 32 OR BELOW: 6 0.01 INCH OR MORE: 7
MAX 90 OR ABOVE: 0 0.10 INCH OR MORE: 4
MIN 32 OR BELOW: 26 0.50 INCH OR MORE: 0
MIN 0 OR BELOW: 2 1.00 INCH OR MORE: 0
[HDD (BASE 65) ]
TOTAL THIS MO. 818 CLEAR (SCALE 0-3) 18
DPTR FM NORMAL 41 PTCLDY (SCALE 4-7) 11
TOTAL FM JUL 1 4950 CLOUDY (SCALE 8-10) 2
DPTR FM NORMAL -535
[CDD (BASE 65) ]
TOTAL THIS MO. 0
DPTR FM NORMAL 0 [PRESSURE DATA]
TOTAL FM JAN 1 0 HIGHEST SLP 30.46 ON 7
DPTR FM NORMAL 0 LOWEST SLP 29.34 ON 29
[REMARKS]
MARCH 2...TIED RECORD HIGH 74 DEGREES PREVIOUSLY SET IN 1974
#FINAL-03-22#