322
CXUS54 KAMA 010810
CF6BGD
PRELIMINARY LOCAL CLIMATOLOGICAL DATA (WS FORM: F-6)
STATION: BORGER
MONTH: JANUARY
YEAR: 2021
LATITUDE: 35 42 N
LONGITUDE: 101 24 W
TEMPERATURE IN F: :PCPN: SNOW: WIND :SUNSHINE: SKY :PK WND
================================================================================
1 2 3 4 5 6A 6B 7 8 9 10 11 12 13 14 15 16 17 18
12Z AVG MX 2MIN
DY MAX MIN AVG DEP HDD CDD WTR SNW DPTH SPD SPD DIR MIN PSBL S-S WX SPD DR
================================================================================
1 50 29 40 3 25 0 0.00 M M 8.6 20 340 M M 0 24 340
2 57 28 43 6 22 0 0.00 M M 4.5 14 140 M M 0 18 220
3 59 25 42 5 23 0 0.00 M M 5.8 13 170 M M 0 17 160
4 61 33 47 9 18 0 0.00 M M 5.8 17 360 M M 0 22 360
5 66 39 53 15 12 0 0.00 M M 14.2 29 190 M M 0 42 210
6 54 32 43 5 22 0 0.00 M M 14.1 28 360 M M 5 37 340
7 51 25 38 0 27 0 0.00 M M 6.8 15 70 M M 0 16 10
8 45 28 37 -1 28 0 0.00 M M 3.7 10 300 M M 5 14 310
9 45 24 35 -3 30 0 0.01 M M 5.6 14 120 M M 4 18 16 120
10 37 30 34 -4 31 0 0.08 M M 4.9 10 50 M M 10 18 15 40
11 46 24 35 -3 30 0 0.00 M M 6.4 15 250 M M 2 19 250
12 57 24 41 3 24 0 0.00 M M 7.2 15 240 M M 0 21 230
13 67 29 48 10 17 0 0.00 M M 8.3 16 250 M M 0 22 230
14 54 39 47 9 18 0 0.00 M M 15.3 38 20 M M 3 52 10
15 49 32 41 2 24 0 0.00 M M 15.8 38 340 M M 6 8 53 350
16 60 29 45 6 20 0 0.00 M M 9.2 18 350 M M 0 8 26 350
17 54 35 45 6 20 0 0.00 M M 7.3 15 200 M M 3 21 200
18 55 34 45 6 20 0 0.00 M M 11.0 26 30 M M 4 32 30
19 48 31 40 1 25 0 0.00 M M 9.4 21 20 M M 6 25 30
20 67 30 49 10 16 0 0.00 M M 12.5 25 210 M M 3 34 220
21 65 42 54 15 11 0 0.00 M M 6.2 14 250 M M 0 18 250
22 49 28 39 0 26 0 0.00 M M 4.5 9 180 M M 3 13 190
23 67 30 49 10 16 0 0.00 M M 11.1 24 210 M M 5 18 32 220
24 47 33 40 0 25 0 0.07 M M 8.4 17 10 M M 8 138 21 10
25 47 31 39 -1 26 0 0.12 M M 7.8 18 300 M M 3 18 25 300
26 34 24 29 -11 36 0 T M M 6.5 13 60 M M 6 16 70
27 46 22 34 -6 31 0 0.00 M M 8.4 21 170 M M 4 30 160
28 56 30 43 3 22 0 0.00 M M 14.5 24 220 M M 0 32 220
29 69 40 55 15 10 0 0.00 M M 13.5 25 240 M M 0 34 230
30 64 47 56 16 9 0 0.03 M M 18.4 36 350 M M 2 3 52 340
31 58 35 47 7 18 0 0.00 M M 9.0 25 360 M M 1 31 350
================================================================================
SM 1684 962 682 0 0.31 M 284.7 M 83
================================================================================
AV 54.3 31.0 9.2 FASTST M M 3 MAX(MPH)
MISC ----> # 38 20 53 350
================================================================================
NOTES:
# LAST OF SEVERAL OCCURRENCES
COLUMN 17 PEAK WIND IN M.P.H.
PRELIMINARY LOCAL CLIMATOLOGICAL DATA (WS FORM: F-6) , PAGE 2
STATION: BORGER
MONTH: JANUARY
YEAR: 2021
LATITUDE: 35 42 N
LONGITUDE: 101 24 W
[TEMPERATURE DATA] [PRECIPITATION DATA] SYMBOLS USED IN COLUMN 16
AVERAGE MONTHLY: 42.7 TOTAL FOR MONTH: 0.31 1 = FOG OR MIST
DPTR FM NORMAL: 4.0 DPTR FM NORMAL: -0.28 2 = FOG REDUCING VISIBILITY
HIGHEST: 69 ON 29 GRTST 24HR 0.14 ON 24-25 TO 1/4 MILE OR LESS
LOWEST: 22 ON 27 3 = THUNDER
SNOW, ICE PELLETS, HAIL 4 = ICE PELLETS
TOTAL MONTH: M 5 = HAIL
GRTST 24HR M ON M 6 = FREEZING RAIN OR DRIZZLE
GRTST DEPTH: M ON M 7 = DUSTSTORM OR SANDSTORM:
VSBY 1/2 MILE OR LESS
8 = SMOKE OR HAZE
[NO. OF DAYS WITH] [WEATHER - DAYS WITH] 9 = BLOWING SNOW
X = TORNADO
MAX 32 OR BELOW: 0 0.01 INCH OR MORE: 5
MAX 90 OR ABOVE: 0 0.10 INCH OR MORE: 1
MIN 32 OR BELOW: 21 0.50 INCH OR MORE: 0
MIN 0 OR BELOW: 0 1.00 INCH OR MORE: 0
[HDD (BASE 65) ]
TOTAL THIS MO. 682 CLEAR (SCALE 0-3) 20
DPTR FM NORMAL -133 PTCLDY (SCALE 4-7) 10
TOTAL FM JUL 1 1975 CLOUDY (SCALE 8-10) 1
DPTR FM NORMAL -378
[CDD (BASE 65) ]
TOTAL THIS MO. 0
DPTR FM NORMAL 0 [PRESSURE DATA]
TOTAL FM JAN 1 0 HIGHEST SLP M ON M
DPTR FM NORMAL 0 LOWEST SLP 29.42 ON 30
[REMARKS]
#FINAL-01-21#