000
CXUS51 KBGM 012316 CCA
CF6BGM
PRELIMINARY LOCAL CLIMATOLOGICAL DATA (WS FORM: F-6)
STATION: BINGHAMTON NY
MONTH: JULY
YEAR: 2020
LATITUDE: 42 13 N
LONGITUDE: 75 59 W
TEMPERATURE IN F: :PCPN: SNOW: WIND :SUNSHINE: SKY :PK WND
================================================================================
1 2 3 4 5 6A 6B 7 8 9 10 11 12 13 14 15 16 17 18
12Z AVG MX 2MIN
DY MAX MIN AVG DEP HDD CDD WTR SNW DPTH SPD SPD DIR MIN PSBL S-S WX SPD DR
================================================================================
1 77 58 68 0 0 3 0.02 0.0 0 6.1 15 350 M M 6 12 19 350
2 86 61 74 6 0 9 0.00 0.0 0 7.5 17 340 M M 3 24 350
3 83 68 76 8 0 11 0.09 0.0 0 7.8 22 10 M M 4 29 10
4 84 65 75 7 0 10 0.00 0.0 0 6.3 16 360 M M 2 1 19 360
5 85 60 73 5 0 8 0.00 0.0 0 5.1 13 350 M M 0 17 290
6 87 62 75 7 0 10 0.00 0.0 0 4.6 15 230 M M 1 3 21 220
7 80 63 72 4 0 7 0.00 0.0 0 7.6 14 200 M M 4 19 140
8 85 66 76 8 0 11 T 0.0 0 5.3 16 30 M M 4 13 21 30
9 88 63 76 7 0 11 0.00 0.0 0 4.4 13 130 M M 2 12 15 140
10 80 68 74 5 0 9 0.78 0.0 0 8.5 15 140 M M 4 1 19 130
11 81 66 74 5 0 9 0.49 0.0 0 11.3 25 240 M M 8 12 36 240
12 81 63 72 3 0 7 0.09 0.0 0 8.5 16 230 M M 7 1 20 270
13 77 60 69 0 0 4 0.00 0.0 0 7.3 16 280 M M 6 12 22 270
14 78 58 68 -1 0 3 0.00 0.0 0 7.0 14 330 M M 2 8 18 320
15 82 59 71 2 0 6 0.00 0.0 0 3.4 12 160 M M 1 16 150
16 72 64 68 -1 0 3 T 0.0 0 11.3 18 150 M M 8 1 26 170
17 82 64 73 4 0 8 0.01 0.0 0 7.6 16 330 M M 5 1 22 320
18 87 59 73 4 0 8 0.00 0.0 0 5.3 16 250 M M 0 20 250
19 90 68 79 10 0 14 0.05 0.0 0 8.4 39 280 M M 2 13 50 280
20 84 68 76 7 0 11 0.21 0.0 0 8.3 18 270 M M 4 1 23 270
21 80 61 71 2 0 6 0.01 0.0 0 4.3 13 270 M M 3 17 270
22 83 64 74 5 0 9 0.01 0.0 0 6.7 14 260 M M 5 18 180
23 84 68 76 7 0 11 0.21 0.0 0 5.7 22 340 M M 6 13 26 320
24 82 64 73 4 0 8 0.00 0.0 0 4.0 9 360 M M 5 1 11 30
25 85 62 74 5 0 9 0.00 0.0 0 4.0 9 280 M M 2 1 13 320
26 86 64 75 6 0 10 0.00 0.0 0 6.4 16 260 M M 1 20 250
27 93 67 80 11 0 15 0.04 0.0 0 9.0 22 300 M M 2 13 28 280
28 82 68 75 6 0 10 0.02 0.0 0 6.3 15 330 M M 4 1 19 270
29 84 62 73 4 0 8 0.31 0.0 0 5.9 16 20 M M 5 13 20 360
30 79 63 71 2 0 6 0.01 0.0 0 5.8 15 340 M M 6 24 310
31 82 56 69 0 0 4 0.00 0.0 0 6.2 15 10 M M 1 12 26 10
================================================================================
SM 2569 1962 0 258 2.35 0.0 205.9 M 113
================================================================================
AV 82.9 63.3 6.6 FASTST M M 4 MAX(MPH)
MISC ----> 39 280 50 280
================================================================================
NOTES:
# LAST OF SEVERAL OCCURRENCES
COLUMN 17 PEAK WIND IN M.P.H.
PRELIMINARY LOCAL CLIMATOLOGICAL DATA (WS FORM: F-6) , PAGE 2
STATION: BINGHAMTON NY
MONTH: JULY
YEAR: 2020
LATITUDE: 42 13 N
LONGITUDE: 75 59 W
[TEMPERATURE DATA] [PRECIPITATION DATA] SYMBOLS USED IN COLUMN 16
AVERAGE MONTHLY: 73.1 TOTAL FOR MONTH: 2.35 1 = FOG OR MIST
DPTR FM NORMAL: 4.4 DPTR FM NORMAL: -1.35 2 = FOG REDUCING VISIBILITY
HIGHEST: 93 ON 27 GRTST 24HR 0.83 ON 10-11 TO 1/4 MILE OR LESS
LOWEST: 56 ON 31 3 = THUNDER
SNOW, ICE PELLETS, HAIL 4 = ICE PELLETS
TOTAL MONTH: 0.0 INCH 5 = HAIL
GRTST 24HR 0.0 6 = FREEZING RAIN OR DRIZZLE
GRTST DEPTH: 0 7 = DUSTSTORM OR SANDSTORM:
VSBY 1/2 MILE OR LESS
8 = SMOKE OR HAZE
[NO. OF DAYS WITH] [WEATHER - DAYS WITH] 9 = BLOWING SNOW
X = TORNADO
MAX 32 OR BELOW: 0 0.01 INCH OR MORE: 15
MAX 90 OR ABOVE: 2 0.10 INCH OR MORE: 5
MIN 32 OR BELOW: 0 0.50 INCH OR MORE: 1
MIN 0 OR BELOW: 0 1.00 INCH OR MORE: 0
[HDD (BASE 65) ]
TOTAL THIS MO. 0 CLEAR (SCALE 0-3) 12
DPTR FM NORMAL -24 PTCLDY (SCALE 4-7) 17
TOTAL FM JUL 1 0 CLOUDY (SCALE 8-10) 2
DPTR FM NORMAL -31
[CDD (BASE 65) ]
TOTAL THIS MO. 258
DPTR FM NORMAL 120 [PRESSURE DATA]
TOTAL FM JAN 1 376 HIGHEST SLP 30.23 ON 16
DPTR FM NORMAL 141 LOWEST SLP 29.55 ON 11
[REMARKS]
#FINAL-07-20#
3RD WARMEST JULY AND MONTH
CORRECTED SNOW DEPTH ON DAY 31