000
CXUS51 KCAR 010600
CF6BGR
PRELIMINARY LOCAL CLIMATOLOGICAL DATA (WS FORM: F-6)
STATION: BANGOR ME
MONTH: APRIL
YEAR: 2020
LATITUDE: 44 47 N
LONGITUDE: 68 49 W
TEMPERATURE IN F: :PCPN: SNOW: WIND :SUNSHINE: SKY :PK WND
================================================================================
1 2 3 4 5 6A 6B 7 8 9 10 11 12 13 14 15 16 17 18
12Z AVG MX 2MIN
DY MAX MIN AVG DEP HDD CDD WTR SNW DPTH SPD SPD DIR MIN PSBL S-S WX SPD DR
================================================================================
1 42 32 37 1 28 0 0.10 T 0 12.2 20 10 M M 10 18 28 30
2 46 37 42 5 23 0 1.07 0.0 0 16.6 25 20 M M 10 1 34 30
3 49 38 44 7 21 0 0.19 0.0 0 19.0 29 40 M M 10 18 40 50
4 55 36 46 8 19 0 0.00 0.0 0 9.2 18 40 M M 7 22 40
5 54 35 45 7 20 0 T 0.0 0 7.1 17 180 M M 10 21 170
6 55 38 47 8 18 0 0.00 0.0 0 10.6 24 330 M M 4 35 320
7 52 26 39 0 26 0 0.00 0.0 0 5.9 22 330 M M 4 26 320
8 51 26 39 0 26 0 0.00 0.0 0 5.9 15 20 M M 4 21 30
9 45 32 39 -1 26 0 0.87 4.3 0 10.6 25 150 M M 10 12 35 150
10 37 32 35 -5 30 0 0.44 3.5 8 14.3 32 330 M M 9 128 39 330
11 43 34 39 -2 26 0 T 0.0 4 10.1 23 310 M M 6 32 320
12 53 28 41 0 24 0 0.00 0.0 2 7.3 17 170 M M 4 23 240
13 55 39 47 5 18 0 1.39 0.0 0 15.4 37 190 M M 10 1 61 190
14 55 39 47 5 18 0 0.00 0.0 0 8.3 20 290 M M 4 27 320
15 49 32 41 -1 24 0 T 0.0 0 7.1 21 280 M M 7 29 330
16 45 28 37 -6 28 0 0.00 0.0 0 8.0 22 330 M M 5 27 320
17 45 29 37 -6 28 0 T 0.0 0 7.8 23 270 M M 4 31 270
18 51 25 38 -6 27 0 0.00 0.0 0 4.3 13 110 M M 7 16 120
19 57 25 41 -3 24 0 0.00 0.0 0 8.0 22 180 M M 3 1 29 170
20 49 30 40 -4 25 0 T 0.0 0 10.9 28 320 M M 5 34 320
21 51 21 36 -9 29 0 0.34 0.0 0 11.7 28 190 M M 6 1 40 190
22 37 30 34 -11 31 0 T T T 10.8 23 280 M M 7 18 31 280
23 50 26 38 -8 27 0 0.00 0.0 0 9.0 21 270 M M 1 8 31 300
24 59 23 41 -5 24 0 0.00 0.0 0 2.6 12 20 M M 7 14 10
25 64 30 47 1 18 0 0.00 0.0 0 5.8 16 170 M M 5 24 310
26 62 32 47 0 18 0 0.06 0.0 0 5.9 20 190 M M 8 1 28 60
27 44 34 39 -8 26 0 0.32 T 0 19.0 31 30 M M 10 1 39 50
28 58 33 46 -2 19 0 T T 0 12.7 23 30 M M 9 29 40
29 63 34 49 1 16 0 0.00 0.0 0 7.9 17 20 M M 3 21 30
30 52 34 43 -5 22 0 T 0.0 0 8.8 22 200 M M 9 29 190
================================================================================
SM 1528 938 709 0 4.78 7.8 292.8 M 198
================================================================================
AV 50.9 31.3 9.8 FASTST M M 7 MAX(MPH)
MISC ----> # 37 190 # 61 190
================================================================================
NOTES:
# LAST OF SEVERAL OCCURRENCES
COLUMN 17 PEAK WIND IN M.P.H.
PRELIMINARY LOCAL CLIMATOLOGICAL DATA (WS FORM: F-6) , PAGE 2
STATION: BANGOR ME
MONTH: APRIL
YEAR: 2020
LATITUDE: 44 47 N
LONGITUDE: 68 49 W
[TEMPERATURE DATA] [PRECIPITATION DATA] SYMBOLS USED IN COLUMN 16
AVERAGE MONTHLY: 41.1 TOTAL FOR MONTH: 4.78 1 = FOG OR MIST
DPTR FM NORMAL: -1.4 DPTR FM NORMAL: 1.16 2 = FOG REDUCING VISIBILITY
HIGHEST: 64 ON 25 GRTST 24HR 1.39 ON 13-13 TO 1/4 MILE OR LESS
LOWEST: 21 ON 21 3 = THUNDER
SNOW, ICE PELLETS, HAIL 4 = ICE PELLETS
TOTAL MONTH: 7.8 INCHES 5 = HAIL
GRTST 24HR 4.3 ON 9- 9 6 = FREEZING RAIN OR DRIZZLE
GRTST DEPTH: 8 ON 10 7 = DUSTSTORM OR SANDSTORM:
VSBY 1/2 MILE OR LESS
8 = SMOKE OR HAZE
[NO. OF DAYS WITH] [WEATHER - DAYS WITH] 9 = BLOWING SNOW
X = TORNADO
MAX 32 OR BELOW: 0 0.01 INCH OR MORE: 9
MAX 90 OR ABOVE: 0 0.10 INCH OR MORE: 8
MIN 32 OR BELOW: 18 0.50 INCH OR MORE: 3
MIN 0 OR BELOW: 0 1.00 INCH OR MORE: 2
[HDD (BASE 65) ]
TOTAL THIS MO. 709 CLEAR (SCALE 0-3) 3
DPTR FM NORMAL 34 PTCLDY (SCALE 4-7) 16
TOTAL FM JUL 1 6955 CLOUDY (SCALE 8-10) 11
DPTR FM NORMAL -443
[CDD (BASE 65) ]
TOTAL THIS MO. 0
DPTR FM NORMAL 0 [PRESSURE DATA]
TOTAL FM JAN 1 0 HIGHEST SLP 30.41 ON 29
DPTR FM NORMAL 0 LOWEST SLP 28.91 ON 10
[REMARKS]
#FINAL-04-20#