000
CXUS55 KVEF 030122
CF6BIH
PRELIMINARY LOCAL CLIMATOLOGICAL DATA (WS FORM: F-6)
STATION: BISHOP CA
MONTH: OCTOBER
YEAR: 2022
LATITUDE: 37 22 N
LONGITUDE: 118 22 W
TEMPERATURE IN F: :PCPN: SNOW: WIND :SUNSHINE: SKY :PK WND
================================================================================
1 2 3 4 5 6A 6B 7 8 9 10 11 12 13 14 15 16 17 18
12Z AVG MX 2MIN
DY MAX MIN AVG DEP HDD CDD WTR SNW DPTH SPD SPD DIR MIN PSBL S-S WX SPD DR
================================================================================
1 86 50 68 5 0 3 0.00 0.0 0 8.8 21 150 M M 0 27 150
2 87 43 65 2 0 0 0.00 0.0 0 7.0 17 150 M M 0 23 160
3 87 44 66 4 0 1 0.00 0.0 0 4.2 10 300 M M 0 14 330
4 88 41 65 3 0 0 0.00 0.0 0 4.7 12 300 M M 0 14 190
5 89 42 66 4 0 1 0.00 0.0 0 5.8 14 160 M M 0 17 170
6 89 42 66 5 0 1 0.00 0.0 0 4.9 13 160 M M 0 16 160
7 89 42 66 5 0 1 0.00 0.0 0 4.7 10 350 M M 0 13 180
8 88 41 65 5 0 0 0.00 0.0 0 4.6 9 340 M M 0 13 220
9 88 42 65 5 0 0 0.00 0.0 0 5.1 15 10 M M 0 18 350
10 83 45 64 4 1 0 T 0.0 0 5.1 24 340 M M 1 31 360
11 86 40 63 4 2 0 0.00 0.0 0 4.5 9 350 M M 0 13 320
12 79 42 61 2 4 0 0.00 0.0 0 6.4 12 320 M M 0 M M
13 87 39 63 4 2 0 0.00 0.0 0 4.4 12 300 M M 0 12 300
14 86 40 63 5 2 0 0.00 0.0 0 5.3 9 310 M M 0 12 230
15 87 38 63 5 2 0 0.00 0.0 0 5.1 12 290 M M 0 14 320
16 84 36 60 2 5 0 0.00 0.0 0 6.7 22 140 M M 0 27 150
17 83 41 62 5 3 0 0.00 0.0 0 7.3 16 160 M M 0 21 150
18 84 41 63 6 2 0 0.00 0.0 0 6.0 14 150 M M 0 17 160
19 84 37 61 5 4 0 0.00 0.0 0 5.5 13 150 M M 0 17 170
20 82 39 61 5 4 0 0.00 0.0 0 5.5 13 160 M M 0 15 140
21 81 35 58 2 7 0 0.00 0.0 0 6.4 18 20 M M 0 21 10
22 79 44 62 7 3 0 0.00 0.0 0 12.0 37 350 M M 2 8 49 350
23 58 36 47 -8 18 0 0.00 0.0 0 15.5 28 350 M M 0 36 350
24 66 29 48 -6 17 0 0.00 0.0 0 8.4 21 150 M M 0 27 150
25 71 26 49 -5 16 0 0.00 0.0 0 7.3 20 150 M M 2 25 160
26 72 24 48 -6 17 0 0.00 0.0 0 8.5 25 340 M M 0 34 340
27 64 31 48 -5 17 0 0.00 0.0 0 6.6 18 360 M M 0 25 350
28 66 26 46 -7 19 0 0.00 0.0 0 6.1 13 160 M M 0 16 130
29 73 27 50 -2 15 0 0.00 0.0 0 5.5 13 300 M M 0 14 300
30 73 32 53 1 12 0 0.00 0.0 0 5.9 14 300 M M 0 14 300
31 65 26 46 -6 19 0 0.00 0.0 0 4.0 12 290 M M 0 12 290
================================================================================
SM 2484 1161 191 7 T 0.0 197.8 M 5
================================================================================
AV 80.1 37.5 6.4 FASTST M M 0 MAX(MPH)
MISC ----> 37 350 49 350
================================================================================
NOTES:
# LAST OF SEVERAL OCCURRENCES
COLUMN 17 PEAK WIND IN M.P.H.
PRELIMINARY LOCAL CLIMATOLOGICAL DATA (WS FORM: F-6) , PAGE 2
STATION: BISHOP CA
MONTH: OCTOBER
YEAR: 2022
LATITUDE: 37 22 N
LONGITUDE: 118 22 W
[TEMPERATURE DATA] [PRECIPITATION DATA] SYMBOLS USED IN COLUMN 16
AVERAGE MONTHLY: 58.8 TOTAL FOR MONTH: T 1 = FOG OR MIST
DPTR FM NORMAL: 1.3 DPTR FM NORMAL: -0.35 2 = FOG REDUCING VISIBILITY
HIGHEST: 89 ON 7, 6 GRTST 24HR T ON 10-10 TO 1/4 MILE OR LESS
LOWEST: 24 ON 26 3 = THUNDER
SNOW, ICE PELLETS, HAIL 4 = ICE PELLETS
TOTAL MONTH: 0.0 INCH 5 = HAIL
GRTST 24HR 0.0 6 = FREEZING RAIN OR DRIZZLE
GRTST DEPTH: 0 7 = DUSTSTORM OR SANDSTORM:
VSBY 1/2 MILE OR LESS
8 = SMOKE OR HAZE
[NO. OF DAYS WITH] [WEATHER - DAYS WITH] 9 = BLOWING SNOW
X = TORNADO
MAX 32 OR BELOW: 0 0.01 INCH OR MORE: 0
MAX 90 OR ABOVE: 0 0.10 INCH OR MORE: 0
MIN 32 OR BELOW: 8 0.50 INCH OR MORE: 0
MIN 0 OR BELOW: 0 1.00 INCH OR MORE: 0
[HDD (BASE 65) ]
TOTAL THIS MO. 191 CLEAR (SCALE 0-3) 31
DPTR FM NORMAL -54 PTCLDY (SCALE 4-7) 0
TOTAL FM JUL 1 197 CLOUDY (SCALE 8-10) 0
DPTR FM NORMAL -78
[CDD (BASE 65) ]
TOTAL THIS MO. 7
DPTR FM NORMAL -5 [PRESSURE DATA]
TOTAL FM JAN 1 1515 HIGHEST SLP 30.27 ON 29
DPTR FM NORMAL 304 LOWEST SLP 29.31 ON 22
[REMARKS]
#FINAL-10-22#