000
CXUS55 KBYZ 011000
CF6BIL
PRELIMINARY LOCAL CLIMATOLOGICAL DATA (WS FORM: F-6)
STATION: BILLINGS MT
MONTH: OCTOBER
YEAR: 2022
LATITUDE: 45 47 N
LONGITUDE: 108 32 W
TEMPERATURE IN F: :PCPN: SNOW: WIND :SUNSHINE: SKY :PK WND
================================================================================
1 2 3 4 5 6A 6B 7 8 9 10 11 12 13 14 15 16 17 18
12Z AVG MX 2MIN
DY MAX MIN AVG DEP HDD CDD WTR SNW DPTH SPD SPD DIR MIN PSBL S-S WX SPD DR
================================================================================
1 53 50 52 -3 13 0 0.37 0.0 0 7.4 13 20 M M 10 12 15 20
2 60 50 55 1 10 0 0.01 0.0 0 4.3 10 240 M M 8 12 13 230
3 64 50 57 3 8 0 0.01 0.0 0 5.8 12 160 M M 8 14 230
4 73 46 60 7 5 0 0.00 0.0 0 8.0 13 220 M M 1 18 16 240
5 76 49 63 10 2 0 0.00 0.0 0 10.0 21 230 M M 2 23 230
6 54 42 48 -4 17 0 0.00 0.0 0 8.8 14 60 M M 7 19 10
7 59 40 50 -2 15 0 0.00 0.0 0 4.8 12 220 M M 5 15 230
8 70 40 55 3 10 0 0.00 0.0 0 9.4 16 230 M M 1 1 20 220
9 73 42 58 7 7 0 0.00 0.0 0 7.6 18 240 M M 3 22 240
10 77 44 61 11 4 0 0.00 0.0 0 11.5 23 280 M M 2 29 290
11 64 46 55 5 10 0 T 0.0 0 11.2 38 330 M M 6 47 330
12 60 44 52 2 13 0 0.00 0.0 0 7.8 26 360 M M 7 8 37 310
13 70 42 56 7 9 0 0.00 0.0 0 9.6 20 320 M M 3 23 330
14 73 44 59 10 6 0 0.00 0.0 0 14.5 25 340 M M 5 32 330
15 63 43 53 5 12 0 T 0.0 0 13.1 31 330 M M 5 39 330
16 63 37 50 2 15 0 0.00 0.0 0 5.9 15 210 M M 2 17 220
17 72 38 55 8 10 0 0.00 0.0 0 9.2 21 230 M M 0 23 230
18 75 42 59 12 6 0 0.00 0.0 0 12.7 20 230 M M 1 23 220
19 77 45 61 15 4 0 0.00 0.0 0 11.3 20 230 M M 0 23 240
20 80 48 64 18 1 0 0.00 0.0 0 16.1 32 260 M M 3 40 260
21 67 44 56 10 9 0 0.05 0.0 0 9.9 24 50 M M 9 1 29 50
22 50 41 46 1 19 0 0.17 0.0 0 8.2 18 310 M M 10 1 22 310
23 41 31 36 -9 29 0 0.07 0.2 0 19.9 36 320 M M 10 1 45 320
24 52 31 42 -2 23 0 T T T 16.6 37 320 M M 5 45 310
25 54 33 44 0 21 0 T 0.0 0 14.8 30 280 M M 5 39 290
26 49 28 39 -5 26 0 0.00 0.0 0 5.5 16 290 M M 6 22 290
27 50 31 41 -2 24 0 0.00 0.0 0 11.9 20 240 M M 4 30 210
28 54 38 46 3 19 0 0.00 0.0 0 13.8 29 240 M M 5 35 240
29 62 34 48 6 17 0 0.00 0.0 0 11.3 22 270 M M 3 8 26 280
30 60 31 46 4 19 0 0.00 0.0 0 12.8 24 270 M M 4 29 280
31 67 39 53 11 12 0 0.00 0.0 0 14.2 28 240 M M 5 33 230
================================================================================
SM 1962 1263 395 0 0.68 0.2 327.9 M 145
================================================================================
AV 63.3 40.7 10.6 FASTST M M 5 MAX(MPH)
MISC ----> 38 330 47 330
================================================================================
NOTES:
# LAST OF SEVERAL OCCURRENCES
COLUMN 17 PEAK WIND IN M.P.H.
PRELIMINARY LOCAL CLIMATOLOGICAL DATA (WS FORM: F-6) , PAGE 2
STATION: BILLINGS MT
MONTH: OCTOBER
YEAR: 2022
LATITUDE: 45 47 N
LONGITUDE: 108 32 W
[TEMPERATURE DATA] [PRECIPITATION DATA] SYMBOLS USED IN COLUMN 16
AVERAGE MONTHLY: 52.0 TOTAL FOR MONTH: 0.68 1 = FOG OR MIST
DPTR FM NORMAL: 4.1 DPTR FM NORMAL: -0.69 2 = FOG REDUCING VISIBILITY
HIGHEST: 80 ON 20 GRTST 24HR 0.49 ON 30- 1 TO 1/4 MILE OR LESS
LOWEST: 28 ON 26 3 = THUNDER
SNOW, ICE PELLETS, HAIL 4 = ICE PELLETS
TOTAL MONTH: 0.2 INCH 5 = HAIL
GRTST 24HR 0.2 ON 23-23 6 = FREEZING RAIN OR DRIZZLE
GRTST DEPTH: T 7 = DUSTSTORM OR SANDSTORM:
VSBY 1/2 MILE OR LESS
8 = SMOKE OR HAZE
[NO. OF DAYS WITH] [WEATHER - DAYS WITH] 9 = BLOWING SNOW
X = TORNADO
MAX 32 OR BELOW: 0 0.01 INCH OR MORE: 6
MAX 90 OR ABOVE: 0 0.10 INCH OR MORE: 2
MIN 32 OR BELOW: 5 0.50 INCH OR MORE: 0
MIN 0 OR BELOW: 0 1.00 INCH OR MORE: 0
[HDD (BASE 65) ]
TOTAL THIS MO. 395 CLEAR (SCALE 0-3) 11
DPTR FM NORMAL -139 PTCLDY (SCALE 4-7) 15
TOTAL FM JUL 1 467 CLOUDY (SCALE 8-10) 5
DPTR FM NORMAL -270
[CDD (BASE 65) ]
TOTAL THIS MO. 0
DPTR FM NORMAL -5 [PRESSURE DATA]
TOTAL FM JAN 1 910 HIGHEST SLP 30.51 ON 6
DPTR FM NORMAL 248 LOWEST SLP 29.30 ON 22
[REMARKS]
#FINAL-10-22#