000
CXUS55 KBYZ 011100
CF6BIL
PRELIMINARY LOCAL CLIMATOLOGICAL DATA (WS FORM: F-6)
STATION: BILLINGS MT
MONTH: JANUARY
YEAR: 2022
LATITUDE: 45 47 N
LONGITUDE: 108 32 W
TEMPERATURE IN F: :PCPN: SNOW: WIND :SUNSHINE: SKY :PK WND
================================================================================
1 2 3 4 5 6A 6B 7 8 9 10 11 12 13 14 15 16 17 18
12Z AVG MX 2MIN
DY MAX MIN AVG DEP HDD CDD WTR SNW DPTH SPD SPD DIR MIN PSBL S-S WX SPD DR
================================================================================
1 16 -16 0 -26 65 0 0.00 0.0 3 17.3 26 240 M M 1 33 240
2 33 16 25 -1 40 0 0.00 0.0 3 22.7 33 240 M M 8 41 240
3 44 25 35 9 30 0 0.00 0.0 2 16.0 24 240 M M 4 32 240
4 41 -7 17 -9 48 0 0.01 0.1 T 13.6 30 300 M M 7 38 270
5 -4 -9 -6 -32 71 0 T T T 6.8 14 80 M M 9 8 17 80
6 7 -8 0 -26 65 0 0.27 2.7 T 3.5 20 220 M M 9 18 23 220
7 47 7 27 1 38 0 0.00 0.0 3 15.3 26 240 M M 6 32 240
8 43 2 23 -3 42 0 0.00 0.0 1 10.9 35 280 M M 3 41 280
9 42 4 23 -4 42 0 0.00 0.0 1 16.2 26 280 M M 2 32 290
10 47 30 39 12 26 0 0.00 0.0 T 21.3 31 240 M M 3 39 240
11 44 30 37 10 28 0 0.00 0.0 T 18.7 31 270 M M 6 39 270
12 53 37 45 18 20 0 0.00 0.0 T 16.6 24 270 M M 8 30 250
13 51 39 45 18 20 0 0.00 0.0 0 16.4 29 320 M M 9 36 320
14 44 28 36 9 29 0 T T 0 9.1 26 320 M M 6 32 320
15 44 27 36 9 29 0 0.00 0.0 0 20.7 35 240 M M 7 41 240
16 46 27 37 10 28 0 0.00 0.0 0 11.0 23 240 M M 4 28 240
17 57 36 47 20 18 0 0.00 0.0 0 18.8 25 240 M M 6 31 240
18 45 9 27 0 38 0 0.07 1.4 0 14.3 29 240 M M 9 18 34 240
19 10 1 6 -21 59 0 0.01 0.2 2 5.4 15 220 M M 6 1 18 230
20 37 4 21 -6 44 0 0.00 0.0 2 21.8 30 240 M M 6 37 220
21 43 28 36 9 29 0 T T 1 11.2 28 320 M M 7 34 320
22 41 27 34 7 31 0 0.00 0.0 0 20.1 28 240 M M 5 34 240
23 53 31 42 15 23 0 0.00 0.0 0 19.6 29 270 M M 6 36 270
24 41 29 35 8 30 0 0.05 0.5 0 9.6 22 330 M M 7 19 27 340
25 38 24 31 4 34 0 T T T 10.8 23 250 M M 6 1 30 250
26 46 28 37 10 28 0 0.00 0.0 0 14.7 26 240 M M 5 34 240
27 41 27 34 6 31 0 T T 0 14.1 23 250 M M 4 29 250
28 43 26 35 7 30 0 0.00 0.0 0 22.2 32 240 M M 5 41 250
29 58 32 45 17 20 0 0.00 0.0 0 18.3 25 260 M M 5 31 260
30 51 33 42 14 23 0 0.00 0.0 0 17.8 24 240 M M 5 30 240
31 46 20 33 5 32 0 T T 0 19.7 43 290 M M 8 54 290
================================================================================
SM 1248 587 1091 0 0.41 4.9 474.5 M 182
================================================================================
AV 40.3 18.9 15.3 FASTST M M 6 MAX(MPH)
MISC ----> 43 290 54 290
================================================================================
NOTES:
# LAST OF SEVERAL OCCURRENCES
COLUMN 17 PEAK WIND IN M.P.H.
PRELIMINARY LOCAL CLIMATOLOGICAL DATA (WS FORM: F-6) , PAGE 2
STATION: BILLINGS MT
MONTH: JANUARY
YEAR: 2022
LATITUDE: 45 47 N
LONGITUDE: 108 32 W
[TEMPERATURE DATA] [PRECIPITATION DATA] SYMBOLS USED IN COLUMN 16
AVERAGE MONTHLY: 29.6 TOTAL FOR MONTH: 0.41 1 = FOG OR MIST
DPTR FM NORMAL: 2.6 DPTR FM NORMAL: -0.14 2 = FOG REDUCING VISIBILITY
HIGHEST: 58 ON 29 GRTST 24HR 0.27 ON 6- 6 TO 1/4 MILE OR LESS
LOWEST: -16 ON 1 3 = THUNDER
SNOW, ICE PELLETS, HAIL 4 = ICE PELLETS
TOTAL MONTH: 6.8 INCHES 5 = HAIL
GRTST 24HR 2.7 ON 6- 6 6 = FREEZING RAIN OR DRIZZLE
GRTST DEPTH: 3 ON 7, 2 7 = DUSTSTORM OR SANDSTORM:
VSBY 1/2 MILE OR LESS
8 = SMOKE OR HAZE
[NO. OF DAYS WITH] [WEATHER - DAYS WITH] 9 = BLOWING SNOW
X = TORNADO
MAX 32 OR BELOW: 4 0.01 INCH OR MORE: 5
MAX 90 OR ABOVE: 0 0.10 INCH OR MORE: 1
MIN 32 OR BELOW: 27 0.50 INCH OR MORE: 0
MIN 0 OR BELOW: 4 1.00 INCH OR MORE: 0
[HDD (BASE 65) ]
TOTAL THIS MO. 1091 CLEAR (SCALE 0-3) 3
DPTR FM NORMAL -89 PTCLDY (SCALE 4-7) 24
TOTAL FM JUL 1 3478 CLOUDY (SCALE 8-10) 4
DPTR FM NORMAL -463
[CDD (BASE 65) ]
TOTAL THIS MO. 0
DPTR FM NORMAL 0 [PRESSURE DATA]
TOTAL FM JAN 1 0 HIGHEST SLP 30.66 ON 19
DPTR FM NORMAL 0 LOWEST SLP 29.29 ON 7
[REMARKS]
#FINAL-01-22#